CRAN Package Check Results for Package robustfa

Last updated on 2015-03-03 14:47:34.

Flavor Version Tinstall Tcheck Ttotal Status Flags
r-devel-linux-x86_64-debian-clang 1.0-5 1.53 37.38 38.91 NOTE
r-devel-linux-x86_64-debian-gcc 1.0-5 1.44 37.16 38.60 NOTE
r-devel-linux-x86_64-fedora-clang 1.0-5 75.60 NOTE
r-devel-linux-x86_64-fedora-gcc 1.0-5 71.77 NOTE
r-devel-osx-x86_64-clang 1.0-5 72.87 NOTE
r-devel-windows-ix86+x86_64 1.0-5 9.00 77.00 86.00 NOTE
r-patched-linux-x86_64 1.0-5 1.97 42.08 44.05 NOTE
r-patched-solaris-sparc 1.0-5 538.40 NOTE
r-patched-solaris-x86 1.0-5 109.90 NOTE
r-release-linux-ix86 1.0-5 2.48 54.88 57.37 NOTE
r-release-linux-x86_64 1.0-5 1.90 42.56 44.46 NOTE
r-release-osx-x86_64-mavericks 1.0-5 NOTE
r-release-osx-x86_64-snowleopard 1.0-5 OK
r-release-windows-ix86+x86_64 1.0-5 12.00 94.00 106.00 NOTE
r-oldrel-windows-ix86+x86_64 1.0-5 7.00 69.00 76.00 OK

Check Details

Version: 1.0-5
Check: R code for possible problems
Result: NOTE
    FaClassic.default: no visible global function definition for ‘Cov’
    FaClassic.default: no visible global function definition for ‘getCov’
    FaCov.default: no visible global function definition for
     ‘CovControlMcd’
    FaCov.default: no visible global function definition for ‘restimate’
    FaCov.default: no visible global function definition for ‘Cov’
    FaCov.default: no visible global function definition for ‘getCov’
    compute_cov_cor: no visible global function definition for ‘CovRobust’
    compute_cov_cor: no visible global function definition for ‘getCov’
    compute_cov_cor: no visible global function definition for ‘getCorr’
    myplotDD: no visible global function definition for ‘getData’
    myplotDD: no visible global function definition for ‘getCov’
    myplotDD: no visible global function definition for ‘CovClassic’
    myplotDD: no visible global function definition for ‘getDistance’
Flavors: r-devel-linux-x86_64-debian-clang, r-devel-linux-x86_64-debian-gcc, r-devel-linux-x86_64-fedora-clang, r-devel-linux-x86_64-fedora-gcc, r-devel-osx-x86_64-clang, r-devel-windows-ix86+x86_64, r-patched-linux-x86_64, r-patched-solaris-sparc, r-patched-solaris-x86, r-release-linux-ix86, r-release-linux-x86_64, r-release-osx-x86_64-mavericks, r-release-windows-ix86+x86_64