CRAN Package Check Results for Package robustfa

Last updated on 2014-10-20 22:46:45.

Flavor Version Tinstall Tcheck Ttotal Status Flags
r-devel-linux-x86_64-debian-clang 1.0-5 1.54 39.35 40.89 NOTE
r-devel-linux-x86_64-debian-gcc 1.0-5 1.52 38.42 39.93 NOTE
r-devel-linux-x86_64-fedora-clang 1.0-5 83.66 NOTE
r-devel-linux-x86_64-fedora-gcc 1.0-5 78.19 NOTE
r-devel-osx-x86_64-clang 1.0-5 71.66 NOTE
r-devel-windows-ix86+x86_64 1.0-5 5.00 59.00 64.00 NOTE
r-patched-linux-x86_64 1.0-5 1.60 40.17 41.76 NOTE
r-patched-solaris-sparc 1.0-5 474.60 NOTE
r-patched-solaris-x86 1.0-5 102.60 NOTE
r-release-linux-ix86 1.0-5 2.12 53.90 56.02 OK
r-release-linux-x86_64 1.0-5 1.62 42.10 43.72 OK
r-release-osx-x86_64-mavericks 1.0-5 OK
r-release-osx-x86_64-snowleopard 1.0-5 OK
r-release-windows-ix86+x86_64 1.0-5 6.00 67.00 73.00 OK
r-oldrel-windows-ix86+x86_64 1.0-5 6.00 65.00 71.00 OK

Check Details

Version: 1.0-5
Check: R code for possible problems
Result: NOTE
    FaClassic.default: no visible global function definition for ‘Cov’
    FaClassic.default: no visible global function definition for ‘getCov’
    FaCov.default: no visible global function definition for
     ‘CovControlMcd’
    FaCov.default: no visible global function definition for ‘restimate’
    FaCov.default: no visible global function definition for ‘Cov’
    FaCov.default: no visible global function definition for ‘getCov’
    compute_cov_cor: no visible global function definition for ‘CovRobust’
    compute_cov_cor: no visible global function definition for ‘getCov’
    compute_cov_cor: no visible global function definition for ‘getCorr’
    myplotDD: no visible global function definition for ‘getData’
    myplotDD: no visible global function definition for ‘getCov’
    myplotDD: no visible global function definition for ‘CovClassic’
    myplotDD: no visible global function definition for ‘getDistance’
Flavors: r-devel-linux-x86_64-debian-clang, r-devel-linux-x86_64-debian-gcc, r-devel-linux-x86_64-fedora-clang, r-devel-linux-x86_64-fedora-gcc, r-devel-osx-x86_64-clang, r-devel-windows-ix86+x86_64, r-patched-linux-x86_64, r-patched-solaris-sparc, r-patched-solaris-x86