CRAN Package Check Results for Package robustfa

Last updated on 2014-08-28 06:46:53.

Flavor Version Tinstall Tcheck Ttotal Status Flags
r-devel-linux-x86_64-debian-clang 1.0-5 1.56 37.54 39.10 NOTE
r-devel-linux-x86_64-debian-gcc 1.0-5 1.52 36.82 38.34 NOTE
r-devel-linux-x86_64-fedora-clang 1.0-5 84.59 NOTE
r-devel-linux-x86_64-fedora-gcc 1.0-5 82.03 NOTE
r-devel-osx-x86_64-clang 1.0-5 75.74 NOTE
r-devel-windows-ix86+x86_64 1.0-5 5.00 59.00 64.00 NOTE
r-patched-linux-x86_64 1.0-5 1.57 38.64 40.20 OK
r-patched-solaris-sparc 1.0-5 491.20 OK
r-patched-solaris-x86 1.0-5 110.40 OK
r-release-linux-ix86 1.0-5 2.10 53.16 55.26 OK
r-release-linux-x86_64 1.0-5 1.75 39.28 41.02 OK
r-release-osx-x86_64-mavericks 1.0-5 OK
r-release-osx-x86_64-snowleopard 1.0-5 OK
r-release-windows-ix86+x86_64 1.0-5 5.00 68.00 73.00 OK
r-oldrel-windows-ix86+x86_64 1.0-5 6.00 66.00 72.00 OK

Check Details

Version: 1.0-5
Check: R code for possible problems
Result: NOTE
    FaClassic.default: no visible global function definition for ‘Cov’
    FaClassic.default: no visible global function definition for ‘getCov’
    FaCov.default: no visible global function definition for
     ‘CovControlMcd’
    FaCov.default: no visible global function definition for ‘restimate’
    FaCov.default: no visible global function definition for ‘Cov’
    FaCov.default: no visible global function definition for ‘getCov’
    compute_cov_cor: no visible global function definition for ‘CovRobust’
    compute_cov_cor: no visible global function definition for ‘getCov’
    compute_cov_cor: no visible global function definition for ‘getCorr’
    myplotDD: no visible global function definition for ‘getData’
    myplotDD: no visible global function definition for ‘getCov’
    myplotDD: no visible global function definition for ‘CovClassic’
    myplotDD: no visible global function definition for ‘getDistance’
Flavors: r-devel-linux-x86_64-debian-clang, r-devel-linux-x86_64-debian-gcc, r-devel-linux-x86_64-fedora-clang, r-devel-linux-x86_64-fedora-gcc, r-devel-osx-x86_64-clang, r-devel-windows-ix86+x86_64