CRAN Package Check Results for Package robustfa

Last updated on 2014-09-02 17:46:58.

Flavor Version Tinstall Tcheck Ttotal Status Flags
r-devel-linux-x86_64-debian-clang 1.0-5 1.54 37.41 38.95 NOTE
r-devel-linux-x86_64-debian-gcc 1.0-5 1.50 36.98 38.48 NOTE
r-devel-linux-x86_64-fedora-clang 1.0-5 85.89 NOTE
r-devel-linux-x86_64-fedora-gcc 1.0-5 80.98 NOTE
r-devel-osx-x86_64-clang 1.0-5 76.41 NOTE
r-devel-windows-ix86+x86_64 1.0-5 6.00 61.00 67.00 NOTE
r-patched-linux-x86_64 1.0-5 1.57 39.40 40.98 OK
r-patched-solaris-sparc 1.0-5 491.20 OK
r-patched-solaris-x86 1.0-5 109.50 OK
r-release-linux-ix86 1.0-5 2.11 52.81 54.92 OK
r-release-linux-x86_64 1.0-5 1.60 39.19 40.78 OK
r-release-osx-x86_64-mavericks 1.0-5 OK
r-release-osx-x86_64-snowleopard 1.0-5 OK
r-release-windows-ix86+x86_64 1.0-5 5.00 64.00 69.00 OK
r-oldrel-windows-ix86+x86_64 1.0-5 6.00 67.00 73.00 OK

Check Details

Version: 1.0-5
Check: R code for possible problems
Result: NOTE
    FaClassic.default: no visible global function definition for ‘Cov’
    FaClassic.default: no visible global function definition for ‘getCov’
    FaCov.default: no visible global function definition for
     ‘CovControlMcd’
    FaCov.default: no visible global function definition for ‘restimate’
    FaCov.default: no visible global function definition for ‘Cov’
    FaCov.default: no visible global function definition for ‘getCov’
    compute_cov_cor: no visible global function definition for ‘CovRobust’
    compute_cov_cor: no visible global function definition for ‘getCov’
    compute_cov_cor: no visible global function definition for ‘getCorr’
    myplotDD: no visible global function definition for ‘getData’
    myplotDD: no visible global function definition for ‘getCov’
    myplotDD: no visible global function definition for ‘CovClassic’
    myplotDD: no visible global function definition for ‘getDistance’
Flavors: r-devel-linux-x86_64-debian-clang, r-devel-linux-x86_64-debian-gcc, r-devel-linux-x86_64-fedora-clang, r-devel-linux-x86_64-fedora-gcc, r-devel-osx-x86_64-clang, r-devel-windows-ix86+x86_64