CRAN Package Check Results for Package robustfa

Last updated on 2014-12-19 23:47:05.

Flavor Version Tinstall Tcheck Ttotal Status Flags
r-devel-linux-x86_64-debian-clang 1.0-5 1.76 40.53 42.29 NOTE
r-devel-linux-x86_64-debian-gcc 1.0-5 1.78 38.86 40.64 NOTE
r-devel-linux-x86_64-fedora-clang 1.0-5 90.34 NOTE
r-devel-linux-x86_64-fedora-gcc 1.0-5 84.01 NOTE
r-devel-osx-x86_64-clang 1.0-5 80.26 NOTE
r-devel-windows-ix86+x86_64 1.0-5 7.00 61.00 68.00 NOTE
r-patched-linux-x86_64 1.0-5 2.27 42.83 45.10 NOTE
r-patched-solaris-sparc 1.0-5 474.60 NOTE
r-patched-solaris-x86 1.0-5 107.50 NOTE
r-release-linux-ix86 1.0-5 2.10 52.39 54.49 NOTE
r-release-linux-x86_64 1.0-5 1.70 41.95 43.65 NOTE
r-release-osx-x86_64-mavericks 1.0-5 OK
r-release-osx-x86_64-snowleopard 1.0-5 OK
r-release-windows-ix86+x86_64 1.0-5 6.00 66.00 72.00 NOTE
r-oldrel-windows-ix86+x86_64 1.0-5 6.00 68.00 74.00 OK

Check Details

Version: 1.0-5
Check: R code for possible problems
Result: NOTE
    FaClassic.default: no visible global function definition for ‘Cov’
    FaClassic.default: no visible global function definition for ‘getCov’
    FaCov.default: no visible global function definition for
     ‘CovControlMcd’
    FaCov.default: no visible global function definition for ‘restimate’
    FaCov.default: no visible global function definition for ‘Cov’
    FaCov.default: no visible global function definition for ‘getCov’
    compute_cov_cor: no visible global function definition for ‘CovRobust’
    compute_cov_cor: no visible global function definition for ‘getCov’
    compute_cov_cor: no visible global function definition for ‘getCorr’
    myplotDD: no visible global function definition for ‘getData’
    myplotDD: no visible global function definition for ‘getCov’
    myplotDD: no visible global function definition for ‘CovClassic’
    myplotDD: no visible global function definition for ‘getDistance’
Flavors: r-devel-linux-x86_64-debian-clang, r-devel-linux-x86_64-debian-gcc, r-devel-linux-x86_64-fedora-clang, r-devel-linux-x86_64-fedora-gcc, r-devel-osx-x86_64-clang, r-devel-windows-ix86+x86_64, r-patched-linux-x86_64, r-patched-solaris-sparc, r-patched-solaris-x86, r-release-linux-ix86, r-release-linux-x86_64, r-release-windows-ix86+x86_64