CRAN Package Check Results for Package robustfa

Last updated on 2015-09-03 08:50:08.

Flavor Version Tinstall Tcheck Ttotal Status Flags
r-devel-linux-x86_64-debian-clang 1.0-5 1.38 35.33 36.71 NOTE
r-devel-linux-x86_64-debian-gcc 1.0-5 1.56 36.60 38.16 NOTE
r-devel-linux-x86_64-fedora-clang 1.0-5 72.91 NOTE
r-devel-linux-x86_64-fedora-gcc 1.0-5 72.20 NOTE
r-devel-osx-x86_64-clang 1.0-5 52.90 NOTE
r-devel-windows-ix86+x86_64 1.0-5 7.00 66.00 73.00 NOTE
r-patched-linux-x86_64 1.0-5 1.57 37.20 38.77 NOTE
r-patched-solaris-sparc 1.0-5 467.20 NOTE
r-patched-solaris-x86 1.0-5 93.90 NOTE
r-release-linux-x86_64 1.0-5 2.10 37.63 39.73 NOTE
r-release-osx-x86_64-mavericks 1.0-5 NOTE
r-release-windows-ix86+x86_64 1.0-5 7.00 97.00 104.00 NOTE
r-oldrel-windows-ix86+x86_64 1.0-5 9.00 82.00 91.00 NOTE

Check Details

Version: 1.0-5
Check: R code for possible problems
Result: NOTE
    FaClassic.default: no visible global function definition for ‘Cov’
    FaClassic.default: no visible global function definition for ‘getCov’
    FaClassic.default: no visible global function definition for ‘factanal’
    FaClassic.default: no visible global function definition for ‘new’
    FaClassic.formula: no visible global function definition for ‘terms’
    FaClassic.formula: no visible global function definition for
     ‘model.matrix’
    FaCov.default: no visible global function definition for
     ‘CovControlMcd’
    FaCov.default: no visible global function definition for ‘restimate’
    FaCov.default: no visible global function definition for ‘Cov’
    FaCov.default: no visible global function definition for ‘getCov’
    FaCov.default: no visible global function definition for ‘factanal’
    FaCov.default: no visible global function definition for ‘new’
    FaCov.formula: no visible global function definition for ‘terms’
    FaCov.formula: no visible global function definition for ‘model.matrix’
    computeScores: no visible binding for global variable ‘data’
    computeScores: no visible global function definition for ‘cov2cor’
    compute_cov_cor: no visible global function definition for ‘CovRobust’
    compute_cov_cor: no visible global function definition for ‘getCov’
    compute_cov_cor: no visible global function definition for ‘getCorr’
    factorScorePca: no visible global function definition for ‘cov’
    factorScorePca: no visible global function definition for ‘cov2cor’
    factorScorePca: no visible global function definition for ‘varimax’
    factorScorePfa: no visible global function definition for ‘cov’
    factorScorePfa: no visible global function definition for ‘cov2cor’
    factorScorePfa: no visible global function definition for ‘varimax’
    myplotDD: no visible global function definition for ‘getData’
    myplotDD: no visible global function definition for ‘getCov’
    myplotDD: no visible global function definition for ‘qchisq’
    myplotDD: no visible global function definition for ‘CovClassic’
    myplotDD: no visible global function definition for ‘getDistance’
    myplotDD: no visible global function definition for ‘par’
    myplotDD: no visible global function definition for ‘text’
    myplotDD: no visible global function definition for ‘abline’
    myplotDD: no visible global function definition for ‘title’
    plot,Fa-missing: no visible global function definition for ‘text’
    summary,Fa: no visible global function definition for ‘new’
    Undefined global functions or variables:
     Cov CovClassic CovControlMcd CovRobust abline cov cov2cor data
     factanal getCorr getCov getData getDistance model.matrix new par
     qchisq restimate terms text title varimax
    Consider adding
     importFrom("graphics", "abline", "par", "text", "title")
     importFrom("methods", "new")
     importFrom("stats", "cov", "cov2cor", "factanal", "model.matrix",
     "qchisq", "terms", "varimax")
     importFrom("utils", "data")
    to your NAMESPACE (and ensure that your DESCRIPTION Imports field
    contains 'methods').
Flavors: r-devel-linux-x86_64-debian-clang, r-devel-linux-x86_64-debian-gcc, r-devel-linux-x86_64-fedora-clang, r-devel-linux-x86_64-fedora-gcc, r-devel-windows-ix86+x86_64

Version: 1.0-5
Check: R code for possible problems
Result: NOTE
    FaClassic.default: no visible global function definition for ‘Cov’
    FaClassic.default: no visible global function definition for ‘getCov’
    FaCov.default: no visible global function definition for
     ‘CovControlMcd’
    FaCov.default: no visible global function definition for ‘restimate’
    FaCov.default: no visible global function definition for ‘Cov’
    FaCov.default: no visible global function definition for ‘getCov’
    compute_cov_cor: no visible global function definition for ‘CovRobust’
    compute_cov_cor: no visible global function definition for ‘getCov’
    compute_cov_cor: no visible global function definition for ‘getCorr’
    myplotDD: no visible global function definition for ‘getData’
    myplotDD: no visible global function definition for ‘getCov’
    myplotDD: no visible global function definition for ‘CovClassic’
    myplotDD: no visible global function definition for ‘getDistance’
    Undefined global functions or variables:
     Cov CovClassic CovControlMcd CovRobust getCorr getCov getData
     getDistance restimate
Flavor: r-devel-osx-x86_64-clang

Version: 1.0-5
Check: R code for possible problems
Result: NOTE
    FaClassic.default: no visible global function definition for ‘Cov’
    FaClassic.default: no visible global function definition for ‘getCov’
    FaCov.default: no visible global function definition for
     ‘CovControlMcd’
    FaCov.default: no visible global function definition for ‘restimate’
    FaCov.default: no visible global function definition for ‘Cov’
    FaCov.default: no visible global function definition for ‘getCov’
    compute_cov_cor: no visible global function definition for ‘CovRobust’
    compute_cov_cor: no visible global function definition for ‘getCov’
    compute_cov_cor: no visible global function definition for ‘getCorr’
    myplotDD: no visible global function definition for ‘getData’
    myplotDD: no visible global function definition for ‘getCov’
    myplotDD: no visible global function definition for ‘CovClassic’
    myplotDD: no visible global function definition for ‘getDistance’
Flavors: r-patched-linux-x86_64, r-patched-solaris-sparc, r-patched-solaris-x86, r-release-linux-x86_64, r-release-osx-x86_64-mavericks, r-release-windows-ix86+x86_64, r-oldrel-windows-ix86+x86_64