CRAN Package Check Results for Package robustfa

Last updated on 2015-01-30 17:52:04.

Flavor Version Tinstall Tcheck Ttotal Status Flags
r-devel-linux-x86_64-debian-clang 1.0-5 2.10 37.33 39.42 NOTE
r-devel-linux-x86_64-debian-gcc 1.0-5 1.50 36.84 38.35 NOTE
r-devel-linux-x86_64-fedora-clang 1.0-5 82.35 NOTE
r-devel-linux-x86_64-fedora-gcc 1.0-5 80.22 NOTE
r-devel-osx-x86_64-clang 1.0-5 82.36 NOTE
r-devel-windows-ix86+x86_64 1.0-5 9.00 61.00 70.00 NOTE
r-patched-linux-x86_64 1.0-5 1.76 42.20 43.97 NOTE
r-patched-solaris-sparc 1.0-5 484.80 NOTE
r-patched-solaris-x86 1.0-5 110.20 NOTE
r-release-linux-ix86 1.0-5 2.19 51.39 53.58 NOTE
r-release-linux-x86_64 1.0-5 1.74 42.28 44.02 NOTE
r-release-osx-x86_64-mavericks 1.0-5 NOTE
r-release-osx-x86_64-snowleopard 1.0-5 OK
r-release-windows-ix86+x86_64 1.0-5 7.00 66.00 73.00 NOTE
r-oldrel-windows-ix86+x86_64 1.0-5 7.00 64.00 71.00 OK

Check Details

Version: 1.0-5
Check: R code for possible problems
Result: NOTE
    FaClassic.default: no visible global function definition for ‘Cov’
    FaClassic.default: no visible global function definition for ‘getCov’
    FaCov.default: no visible global function definition for
     ‘CovControlMcd’
    FaCov.default: no visible global function definition for ‘restimate’
    FaCov.default: no visible global function definition for ‘Cov’
    FaCov.default: no visible global function definition for ‘getCov’
    compute_cov_cor: no visible global function definition for ‘CovRobust’
    compute_cov_cor: no visible global function definition for ‘getCov’
    compute_cov_cor: no visible global function definition for ‘getCorr’
    myplotDD: no visible global function definition for ‘getData’
    myplotDD: no visible global function definition for ‘getCov’
    myplotDD: no visible global function definition for ‘CovClassic’
    myplotDD: no visible global function definition for ‘getDistance’
Flavors: r-devel-linux-x86_64-debian-clang, r-devel-linux-x86_64-debian-gcc, r-devel-linux-x86_64-fedora-clang, r-devel-linux-x86_64-fedora-gcc, r-devel-osx-x86_64-clang, r-devel-windows-ix86+x86_64, r-patched-linux-x86_64, r-patched-solaris-sparc, r-patched-solaris-x86, r-release-linux-ix86, r-release-linux-x86_64, r-release-osx-x86_64-mavericks, r-release-windows-ix86+x86_64