CRAN Package Check Results for Package robustfa

Last updated on 2014-04-24 21:47:49.

Flavor Version Tinstall Tcheck Ttotal Status Flags
r-devel-linux-x86_64-debian-clang 1.0-5 1.78 40.63 42.42 OK
r-devel-linux-x86_64-debian-gcc 1.0-5 1.80 41.48 43.28 OK
r-devel-linux-x86_64-fedora-clang 1.0-5 88.95 OK
r-devel-linux-x86_64-fedora-gcc 1.0-5 85.51 OK
r-devel-osx-x86_64-clang 1.0-5 81.81 OK
r-devel-osx-x86_64-gcc 1.0-5 ERROR
r-devel-windows-ix86+x86_64 1.0-5 5.00 63.00 68.00 OK
r-patched-linux-x86_64 1.0-5 1.86 41.91 43.77 OK
r-patched-solaris-sparc 1.0-5 498.10 OK
r-patched-solaris-x86 1.0-5 109.40 OK
r-release-linux-ix86 1.0-5 3.00 71.00 74.00 OK
r-release-linux-x86_64 1.0-5 1.68 40.79 42.47 OK
r-release-osx-x86_64-mavericks 1.0-5 WARN
r-release-osx-x86_64-snowleopard 1.0-5 OK
r-release-windows-ix86+x86_64 1.0-5 5.00 65.00 70.00 OK
r-oldrel-windows-ix86+x86_64 1.0-5 6.00 61.00 67.00 OK

Check Details

Version: 1.0-5
Check: package dependencies
Result: ERROR
    Package required but not available: ‘rrcov’
    
    See the information on DESCRIPTION files in the chapter ‘Creating R
    packages’ of the ‘Writing R Extensions’ manual.
Flavor: r-devel-osx-x86_64-gcc

Version: 1.0-5
Check: PDF version of manual
Result: WARNING
    LaTeX errors when creating PDF version.
    This typically indicates Rd problems.
    LaTeX errors found:
    ! LaTeX Error: File `upquote.sty' not found.
    
    Type X to quit or <RETURN> to proceed,
    or enter new name. (Default extension: sty)
    
    0fd781a/Rd2.tex:8: ==> Fatal error occurred, no output PDF file produced!
Flavor: r-release-osx-x86_64-mavericks