CRAN Package Check Results for Package robustfa

Last updated on 2015-05-04 03:47:28.

Flavor Version Tinstall Tcheck Ttotal Status Flags
r-devel-linux-x86_64-debian-clang 1.0-5 1.58 36.75 38.33 NOTE
r-devel-linux-x86_64-debian-gcc 1.0-5 1.44 36.14 37.57 NOTE
r-devel-linux-x86_64-fedora-clang 1.0-5 76.00 NOTE
r-devel-linux-x86_64-fedora-gcc 1.0-5 73.11 NOTE
r-devel-osx-x86_64-clang 1.0-5 71.34 NOTE
r-devel-windows-ix86+x86_64 1.0-5 5.00 57.00 62.00 NOTE
r-patched-linux-x86_64 1.0-5 1.59 37.01 38.60 NOTE
r-patched-solaris-sparc 1.0-5 477.10 NOTE
r-patched-solaris-x86 1.0-5 92.20 NOTE
r-release-linux-x86_64 1.0-5 1.55 37.07 38.62 NOTE
r-release-osx-x86_64-mavericks 1.0-5 NOTE
r-release-osx-x86_64-snowleopard 1.0-5 NOTE
r-release-windows-ix86+x86_64 1.0-5 6.00 60.00 66.00 NOTE
r-oldrel-windows-ix86+x86_64 1.0-5 6.00 71.00 77.00 NOTE

Check Details

Version: 1.0-5
Check: R code for possible problems
Result: NOTE
    FaClassic.default: no visible global function definition for ‘Cov’
    FaClassic.default: no visible global function definition for ‘getCov’
    FaCov.default: no visible global function definition for
     ‘CovControlMcd’
    FaCov.default: no visible global function definition for ‘restimate’
    FaCov.default: no visible global function definition for ‘Cov’
    FaCov.default: no visible global function definition for ‘getCov’
    compute_cov_cor: no visible global function definition for ‘CovRobust’
    compute_cov_cor: no visible global function definition for ‘getCov’
    compute_cov_cor: no visible global function definition for ‘getCorr’
    myplotDD: no visible global function definition for ‘getData’
    myplotDD: no visible global function definition for ‘getCov’
    myplotDD: no visible global function definition for ‘CovClassic’
    myplotDD: no visible global function definition for ‘getDistance’
Flavors: r-devel-linux-x86_64-debian-clang, r-devel-linux-x86_64-debian-gcc, r-devel-linux-x86_64-fedora-clang, r-devel-linux-x86_64-fedora-gcc, r-devel-osx-x86_64-clang, r-devel-windows-ix86+x86_64, r-patched-linux-x86_64, r-patched-solaris-sparc, r-patched-solaris-x86, r-release-linux-x86_64, r-release-osx-x86_64-mavericks, r-release-osx-x86_64-snowleopard, r-release-windows-ix86+x86_64, r-oldrel-windows-ix86+x86_64