CRAN Package Check Results for Package robustfa

Last updated on 2015-07-04 16:46:40.

Flavor Version Tinstall Tcheck Ttotal Status Flags
r-devel-linux-x86_64-debian-clang 1.0-5 1.39 36.78 38.16 NOTE
r-devel-linux-x86_64-debian-gcc 1.0-5 1.81 36.35 38.16 NOTE
r-devel-linux-x86_64-fedora-clang 1.0-5 74.34 NOTE
r-devel-linux-x86_64-fedora-gcc 1.0-5 70.83 NOTE
r-devel-osx-x86_64-clang 1.0-5 62.16 NOTE
r-devel-windows-ix86+x86_64 1.0-5 9.00 64.00 73.00 NOTE
r-patched-linux-x86_64 1.0-5 1.40 36.46 37.86 NOTE
r-patched-solaris-sparc 1.0-5 468.70 NOTE
r-patched-solaris-x86 1.0-5 93.40 NOTE
r-release-linux-x86_64 1.0-5 1.46 36.57 38.02 NOTE
r-release-osx-x86_64-mavericks 1.0-5 NOTE
r-release-windows-ix86+x86_64 1.0-5 6.00 69.00 75.00 NOTE
r-oldrel-windows-ix86+x86_64 1.0-5 11.00 108.00 119.00 NOTE

Check Details

Version: 1.0-5
Check: R code for possible problems
Result: NOTE
    FaClassic.default: no visible global function definition for ‘Cov’
    FaClassic.default: no visible global function definition for ‘getCov’
    FaClassic.default: no visible global function definition for ‘factanal’
    FaClassic.default: no visible global function definition for ‘new’
    FaClassic.formula: no visible global function definition for ‘terms’
    FaClassic.formula: no visible global function definition for
     ‘model.matrix’
    FaCov.default: no visible global function definition for
     ‘CovControlMcd’
    FaCov.default: no visible global function definition for ‘restimate’
    FaCov.default: no visible global function definition for ‘Cov’
    FaCov.default: no visible global function definition for ‘getCov’
    FaCov.default: no visible global function definition for ‘factanal’
    FaCov.default: no visible global function definition for ‘new’
    FaCov.formula: no visible global function definition for ‘terms’
    FaCov.formula: no visible global function definition for ‘model.matrix’
    computeScores: no visible binding for global variable ‘data’
    computeScores: no visible global function definition for ‘cov2cor’
    compute_cov_cor: no visible global function definition for ‘CovRobust’
    compute_cov_cor: no visible global function definition for ‘getCov’
    compute_cov_cor: no visible global function definition for ‘getCorr’
    factorScorePca: no visible global function definition for ‘cov’
    factorScorePca: no visible global function definition for ‘cov2cor’
    factorScorePca: no visible global function definition for ‘varimax’
    factorScorePfa: no visible global function definition for ‘cov’
    factorScorePfa: no visible global function definition for ‘cov2cor’
    factorScorePfa: no visible global function definition for ‘varimax’
    myplotDD: no visible global function definition for ‘getData’
    myplotDD: no visible global function definition for ‘getCov’
    myplotDD: no visible global function definition for ‘qchisq’
    myplotDD: no visible global function definition for ‘CovClassic’
    myplotDD: no visible global function definition for ‘getDistance’
    myplotDD: no visible global function definition for ‘par’
    myplotDD: no visible global function definition for ‘text’
    myplotDD: no visible global function definition for ‘abline’
    myplotDD: no visible global function definition for ‘title’
    Undefined global functions or variables:
     Cov CovClassic CovControlMcd CovRobust abline cov cov2cor data
     factanal getCorr getCov getData getDistance model.matrix new par
     qchisq restimate terms text title varimax
Flavors: r-devel-linux-x86_64-debian-clang, r-devel-linux-x86_64-debian-gcc

Version: 1.0-5
Check: R code for possible problems
Result: NOTE
    FaClassic.default: no visible global function definition for ‘Cov’
    FaClassic.default: no visible global function definition for ‘getCov’
    FaClassic.default: no visible global function definition for ‘factanal’
    FaClassic.default: no visible global function definition for ‘new’
    FaClassic.formula: no visible global function definition for ‘terms’
    FaClassic.formula: no visible global function definition for
     ‘model.matrix’
    FaCov.default: no visible global function definition for
     ‘CovControlMcd’
    FaCov.default: no visible global function definition for ‘restimate’
    FaCov.default: no visible global function definition for ‘Cov’
    FaCov.default: no visible global function definition for ‘getCov’
    FaCov.default: no visible global function definition for ‘factanal’
    FaCov.default: no visible global function definition for ‘new’
    FaCov.formula: no visible global function definition for ‘terms’
    FaCov.formula: no visible global function definition for ‘model.matrix’
    computeScores: no visible binding for global variable ‘data’
    computeScores: no visible global function definition for ‘cov2cor’
    compute_cov_cor: no visible global function definition for ‘CovRobust’
    compute_cov_cor: no visible global function definition for ‘getCov’
    compute_cov_cor: no visible global function definition for ‘getCorr’
    factorScorePca: no visible global function definition for ‘cov’
    factorScorePca: no visible global function definition for ‘cov2cor’
    factorScorePca: no visible global function definition for ‘varimax’
    factorScorePfa: no visible global function definition for ‘cov’
    factorScorePfa: no visible global function definition for ‘cov2cor’
    factorScorePfa: no visible global function definition for ‘varimax’
    myplotDD: no visible global function definition for ‘getData’
    myplotDD: no visible global function definition for ‘getCov’
    myplotDD: no visible global function definition for ‘qchisq’
    myplotDD: no visible global function definition for ‘CovClassic’
    myplotDD: no visible global function definition for ‘getDistance’
    myplotDD: no visible global function definition for ‘par’
    myplotDD: no visible global function definition for ‘text’
    myplotDD: no visible global function definition for ‘abline’
    myplotDD: no visible global function definition for ‘title’
    plot,Fa-missing: no visible global function definition for ‘text’
    summary,Fa: no visible global function definition for ‘new’
    Undefined global functions or variables:
     Cov CovClassic CovControlMcd CovRobust abline cov cov2cor data
     factanal getCorr getCov getData getDistance model.matrix new par
     qchisq restimate terms text title varimax
Flavors: r-devel-linux-x86_64-fedora-clang, r-devel-linux-x86_64-fedora-gcc, r-devel-windows-ix86+x86_64

Version: 1.0-5
Check: R code for possible problems
Result: NOTE
    FaClassic.default: no visible global function definition for ‘Cov’
    FaClassic.default: no visible global function definition for ‘getCov’
    FaCov.default: no visible global function definition for
     ‘CovControlMcd’
    FaCov.default: no visible global function definition for ‘restimate’
    FaCov.default: no visible global function definition for ‘Cov’
    FaCov.default: no visible global function definition for ‘getCov’
    compute_cov_cor: no visible global function definition for ‘CovRobust’
    compute_cov_cor: no visible global function definition for ‘getCov’
    compute_cov_cor: no visible global function definition for ‘getCorr’
    myplotDD: no visible global function definition for ‘getData’
    myplotDD: no visible global function definition for ‘getCov’
    myplotDD: no visible global function definition for ‘CovClassic’
    myplotDD: no visible global function definition for ‘getDistance’
    Undefined global functions or variables:
     Cov CovClassic CovControlMcd CovRobust getCorr getCov getData
     getDistance restimate
Flavor: r-devel-osx-x86_64-clang

Version: 1.0-5
Check: R code for possible problems
Result: NOTE
    FaClassic.default: no visible global function definition for ‘Cov’
    FaClassic.default: no visible global function definition for ‘getCov’
    FaCov.default: no visible global function definition for
     ‘CovControlMcd’
    FaCov.default: no visible global function definition for ‘restimate’
    FaCov.default: no visible global function definition for ‘Cov’
    FaCov.default: no visible global function definition for ‘getCov’
    compute_cov_cor: no visible global function definition for ‘CovRobust’
    compute_cov_cor: no visible global function definition for ‘getCov’
    compute_cov_cor: no visible global function definition for ‘getCorr’
    myplotDD: no visible global function definition for ‘getData’
    myplotDD: no visible global function definition for ‘getCov’
    myplotDD: no visible global function definition for ‘CovClassic’
    myplotDD: no visible global function definition for ‘getDistance’
Flavors: r-patched-linux-x86_64, r-patched-solaris-sparc, r-patched-solaris-x86, r-release-linux-x86_64, r-release-osx-x86_64-mavericks, r-release-windows-ix86+x86_64, r-oldrel-windows-ix86+x86_64