CRAN Package Check Results for Package robustfa

Last updated on 2014-11-21 01:47:57.

Flavor Version Tinstall Tcheck Ttotal Status Flags
r-devel-linux-x86_64-debian-clang 1.0-5 1.68 39.60 41.28 NOTE
r-devel-linux-x86_64-debian-gcc 1.0-5 1.52 38.03 39.56 NOTE
r-devel-linux-x86_64-fedora-clang 1.0-5 86.29 NOTE
r-devel-linux-x86_64-fedora-gcc 1.0-5 81.79 NOTE
r-devel-osx-x86_64-clang 1.0-5 76.67 NOTE
r-devel-windows-ix86+x86_64 1.0-5 5.00 57.00 62.00 NOTE
r-patched-linux-x86_64 1.0-5 1.55 40.06 41.61 NOTE
r-patched-solaris-sparc 1.0-5 474.60 NOTE
r-patched-solaris-x86 1.0-5 100.70 NOTE
r-release-linux-ix86 1.0-5 1.97 49.42 51.39 NOTE
r-release-linux-x86_64 1.0-5 1.56 40.12 41.68 NOTE
r-release-osx-x86_64-mavericks 1.0-5 OK
r-release-osx-x86_64-snowleopard 1.0-5 OK
r-release-windows-ix86+x86_64 1.0-5 8.00 61.00 69.00 NOTE
r-oldrel-windows-ix86+x86_64 1.0-5 5.00 65.00 70.00 OK

Check Details

Version: 1.0-5
Check: R code for possible problems
Result: NOTE
    FaClassic.default: no visible global function definition for ‘Cov’
    FaClassic.default: no visible global function definition for ‘getCov’
    FaCov.default: no visible global function definition for
     ‘CovControlMcd’
    FaCov.default: no visible global function definition for ‘restimate’
    FaCov.default: no visible global function definition for ‘Cov’
    FaCov.default: no visible global function definition for ‘getCov’
    compute_cov_cor: no visible global function definition for ‘CovRobust’
    compute_cov_cor: no visible global function definition for ‘getCov’
    compute_cov_cor: no visible global function definition for ‘getCorr’
    myplotDD: no visible global function definition for ‘getData’
    myplotDD: no visible global function definition for ‘getCov’
    myplotDD: no visible global function definition for ‘CovClassic’
    myplotDD: no visible global function definition for ‘getDistance’
Flavors: r-devel-linux-x86_64-debian-clang, r-devel-linux-x86_64-debian-gcc, r-devel-linux-x86_64-fedora-clang, r-devel-linux-x86_64-fedora-gcc, r-devel-osx-x86_64-clang, r-devel-windows-ix86+x86_64, r-patched-linux-x86_64, r-patched-solaris-sparc, r-patched-solaris-x86, r-release-linux-ix86, r-release-linux-x86_64, r-release-windows-ix86+x86_64