CRAN Package Check Results for Package robustgam

Last updated on 2014-11-24 03:49:16.

Flavor Version Tinstall Tcheck Ttotal Status Flags
r-devel-linux-x86_64-debian-clang 0.1.7 15.04 39.78 54.82 NOTE
r-devel-linux-x86_64-debian-gcc 0.1.7 16.54 38.59 55.13 NOTE
r-devel-linux-x86_64-fedora-clang 0.1.7 133.77 NOTE
r-devel-linux-x86_64-fedora-gcc 0.1.7 126.93 NOTE
r-devel-osx-x86_64-clang 0.1.7 102.84 NOTE
r-devel-windows-ix86+x86_64 0.1.7 51.00 74.00 125.00 NOTE
r-patched-linux-x86_64 0.1.7 16.93 40.32 57.25 NOTE
r-patched-solaris-sparc 0.1.7 721.90 NOTE
r-patched-solaris-x86 0.1.7 167.30 NOTE
r-release-linux-ix86 0.1.7 20.96 48.31 69.27 NOTE
r-release-linux-x86_64 0.1.7 16.84 40.72 57.56 NOTE
r-release-osx-x86_64-mavericks 0.1.7 NOTE
r-release-osx-x86_64-snowleopard 0.1.7 OK
r-release-windows-ix86+x86_64 0.1.7 56.00 80.00 136.00 NOTE
r-oldrel-windows-ix86+x86_64 0.1.7 46.00 88.00 134.00 NOTE

Check Details

Version: 0.1.7
Check: dependencies in R code
Result: NOTE
    Packages in Depends field not imported from:
     ‘Rcpp’ ‘RcppArmadillo’ ‘mgcv’ ‘robustbase’
     These packages need to be imported from (in the NAMESPACE file)
     for when this namespace is loaded but not attached.
    See the information on DESCRIPTION files in the chapter ‘Creating R
    packages’ of the ‘Writing R Extensions’ manual.
Flavors: r-devel-linux-x86_64-debian-clang, r-devel-linux-x86_64-debian-gcc, r-devel-linux-x86_64-fedora-clang, r-devel-linux-x86_64-fedora-gcc, r-devel-osx-x86_64-clang, r-devel-windows-ix86+x86_64, r-patched-linux-x86_64, r-patched-solaris-sparc, r-patched-solaris-x86, r-release-linux-ix86, r-release-linux-x86_64, r-release-osx-x86_64-mavericks, r-release-windows-ix86+x86_64, r-oldrel-windows-ix86+x86_64

Version: 0.1.7
Check: R code for possible problems
Result: NOTE
    pred.robustgam: no visible global function definition for
     ‘Predict.matrix’
    robustgam: no visible global function definition for ‘s’
    robustgam: no visible global function definition for
     ‘smooth.construct.tp.smooth.spec’
    robustgam: no visible global function definition for
     ‘smooth.construct.cr.smooth.spec’
    robustgam: no visible global function definition for
     ‘smooth.construct.ps.smooth.spec’
    robustgam : w.fun: no visible global function definition for ‘covMcd’
    robustgam.crossval : w.fun: no visible global function definition for
     ‘covMcd’
Flavors: r-devel-linux-x86_64-debian-clang, r-devel-linux-x86_64-debian-gcc, r-devel-linux-x86_64-fedora-clang, r-devel-linux-x86_64-fedora-gcc, r-devel-osx-x86_64-clang, r-devel-windows-ix86+x86_64, r-patched-linux-x86_64, r-patched-solaris-sparc, r-patched-solaris-x86, r-release-linux-ix86, r-release-linux-x86_64, r-release-windows-ix86+x86_64

Version: 0.1.7
Check: DESCRIPTION meta-information
Result: NOTE
    'LinkingTo' for
     'mgcv' 'robustbase'
    are unused as they have no 'include' directory
Flavors: r-devel-windows-ix86+x86_64, r-release-windows-ix86+x86_64