CRAN Package Check Results for Package robustgam

Last updated on 2016-07-28 17:48:32.

Flavor Version Tinstall Tcheck Ttotal Status Flags
r-devel-linux-x86_64-debian-clang 0.1.7 23.26 39.30 62.56 NOTE
r-devel-linux-x86_64-debian-gcc 0.1.7 25.25 36.29 61.54 NOTE
r-devel-linux-x86_64-fedora-clang 0.1.7 103.36 NOTE
r-devel-linux-x86_64-fedora-gcc 0.1.7 92.24 NOTE
r-devel-osx-x86_64-clang 0.1.7 74.48 NOTE
r-devel-windows-ix86+x86_64 0.1.7 74.00 87.00 161.00 NOTE
r-patched-linux-x86_64 0.1.7 20.69 32.84 53.53 NOTE
r-patched-solaris-sparc 0.1.7 549.20 NOTE
r-patched-solaris-x86 0.1.7 112.40 NOTE
r-release-linux-x86_64 0.1.7 19.34 38.26 57.60 NOTE
r-release-osx-x86_64-mavericks 0.1.7 NOTE
r-release-windows-ix86+x86_64 0.1.7 75.00 90.00 165.00 NOTE
r-oldrel-windows-ix86+x86_64 0.1.7 71.00 108.00 179.00 NOTE

Check Details

Version: 0.1.7
Check: dependencies in R code
Result: NOTE
    Packages in Depends field not imported from:
     ‘Rcpp’ ‘RcppArmadillo’ ‘mgcv’ ‘robustbase’
     These packages need to be imported from (in the NAMESPACE file)
     for when this namespace is loaded but not attached.
Flavors: r-devel-linux-x86_64-debian-clang, r-devel-linux-x86_64-debian-gcc, r-devel-linux-x86_64-fedora-clang, r-devel-linux-x86_64-fedora-gcc, r-devel-osx-x86_64-clang, r-devel-windows-ix86+x86_64, r-patched-linux-x86_64, r-patched-solaris-sparc, r-patched-solaris-x86, r-release-linux-x86_64, r-release-osx-x86_64-mavericks, r-release-windows-ix86+x86_64, r-oldrel-windows-ix86+x86_64

Version: 0.1.7
Check: R code for possible problems
Result: NOTE
    GIC: no visible global function definition for ‘integrate’
    QM.poisson: no visible global function definition for ‘ppois’
    QM.poisson: no visible global function definition for ‘dpois’
    cplot.robustgam: no visible global function definition for ‘plot’
    expect.poisson: no visible global function definition for ‘dpois’
    expect.poisson: no visible global function definition for ‘ppois’
    pred.robustgam: no visible global function definition for
     ‘Predict.matrix’
    robust.sigma: no visible global function definition for ‘median’
    robustgam: no visible global function definition for ‘s’
    robustgam: no visible global function definition for
     ‘smooth.construct.tp.smooth.spec’
    robustgam: no visible global function definition for
     ‘smooth.construct.cr.smooth.spec’
    robustgam: no visible global function definition for
     ‘smooth.construct.ps.smooth.spec’
    robustgam : w.fun: no visible global function definition for ‘covMcd’
    robustgam.GIC.optim: no visible global function definition for ‘optim’
    robustgam.crossval : w.fun: no visible global function definition for
     ‘covMcd’
    robustgam.crossval: no visible global function definition for
     ‘integrate’
    smooth.construct.tr.smooth.spec: no visible global function definition
     for ‘quantile’
    w.binomial: no visible global function definition for ‘pbinom’
    w.poisson: no visible global function definition for ‘ppois’
    Undefined global functions or variables:
     Predict.matrix covMcd dpois integrate median optim pbinom plot ppois
     quantile s smooth.construct.cr.smooth.spec
     smooth.construct.ps.smooth.spec smooth.construct.tp.smooth.spec
    Consider adding
     importFrom("graphics", "plot")
     importFrom("stats", "dpois", "integrate", "median", "optim", "pbinom",
     "ppois", "quantile")
    to your NAMESPACE file.
Flavors: r-devel-linux-x86_64-debian-clang, r-devel-linux-x86_64-debian-gcc, r-devel-linux-x86_64-fedora-clang, r-devel-linux-x86_64-fedora-gcc, r-devel-osx-x86_64-clang, r-devel-windows-ix86+x86_64, r-patched-linux-x86_64, r-patched-solaris-sparc, r-patched-solaris-x86, r-release-linux-x86_64, r-release-osx-x86_64-mavericks, r-release-windows-ix86+x86_64

Version: 0.1.7
Check: DESCRIPTION meta-information
Result: NOTE
    'LinkingTo' for
     'mgcv' 'robustbase'
    are unused as they have no 'include' directory
Flavors: r-devel-windows-ix86+x86_64, r-oldrel-windows-ix86+x86_64

Version: 0.1.7
Check: R code for possible problems
Result: NOTE
    pred.robustgam: no visible global function definition for
     'Predict.matrix'
    robustgam: no visible global function definition for 's'
    robustgam: no visible global function definition for
     'smooth.construct.tp.smooth.spec'
    robustgam: no visible global function definition for
     'smooth.construct.cr.smooth.spec'
    robustgam: no visible global function definition for
     'smooth.construct.ps.smooth.spec'
    robustgam : w.fun: no visible global function definition for 'covMcd'
    robustgam.crossval : w.fun: no visible global function definition for
     'covMcd'
Flavor: r-oldrel-windows-ix86+x86_64