CRAN Package Check Results for Package robustgam

Last updated on 2014-07-24 14:48:48.

Flavor Version Tinstall Tcheck Ttotal Status Flags
r-devel-linux-x86_64-debian-clang 0.1.7 14.82 42.14 56.97 NOTE
r-devel-linux-x86_64-debian-gcc 0.1.7 18.11 41.22 59.33 NOTE
r-devel-linux-x86_64-fedora-clang 0.1.7 134.41 NOTE
r-devel-linux-x86_64-fedora-gcc 0.1.7 135.20 NOTE
r-devel-osx-x86_64-clang 0.1.7 105.33 NOTE
r-devel-windows-ix86+x86_64 0.1.7 51.00 83.00 134.00 NOTE
r-patched-linux-x86_64 0.1.7 16.74 41.50 58.24 NOTE
r-patched-solaris-sparc 0.1.7 752.00 NOTE
r-patched-solaris-x86 0.1.7 171.70 NOTE
r-release-linux-ix86 0.1.7 20.96 52.05 73.02 NOTE
r-release-linux-x86_64 0.1.7 17.07 43.01 60.08 NOTE
r-release-osx-x86_64-mavericks 0.1.7 NOTE
r-release-osx-x86_64-snowleopard 0.1.7 OK
r-release-windows-ix86+x86_64 0.1.7 52.00 89.00 141.00 NOTE
r-oldrel-windows-ix86+x86_64 0.1.7 55.00 86.00 141.00 NOTE

Check Details

Version: 0.1.7
Check: dependencies in R code
Result: NOTE
    Packages in Depends field not imported from:
     ‘Rcpp’ ‘RcppArmadillo’ ‘mgcv’ ‘robustbase’
     These packages need to be imported from (in the NAMESPACE file)
     for when this namespace is loaded but not attached.
    See the information on DESCRIPTION files in the chapter ‘Creating R
    packages’ of the ‘Writing R Extensions’ manual.
Flavors: r-devel-linux-x86_64-debian-clang, r-devel-linux-x86_64-debian-gcc, r-devel-linux-x86_64-fedora-clang, r-devel-linux-x86_64-fedora-gcc, r-devel-osx-x86_64-clang, r-devel-windows-ix86+x86_64, r-patched-linux-x86_64, r-patched-solaris-sparc, r-patched-solaris-x86, r-release-linux-ix86, r-release-linux-x86_64, r-release-osx-x86_64-mavericks, r-release-windows-ix86+x86_64, r-oldrel-windows-ix86+x86_64

Version: 0.1.7
Check: DESCRIPTION meta-information
Result: NOTE
    'LinkingTo' for
     'mgcv' 'robustbase'
    are unused as they have no 'include' directory
Flavors: r-devel-windows-ix86+x86_64, r-release-windows-ix86+x86_64