CRAN Package Check Results for Package robustgam

Last updated on 2014-04-24 11:48:54.

Flavor Version Tinstall Tcheck Ttotal Status Flags
r-devel-linux-x86_64-debian-clang 0.1.7 15.32 43.72 59.04 NOTE
r-devel-linux-x86_64-debian-gcc 0.1.7 17.10 44.98 62.08 NOTE
r-devel-linux-x86_64-fedora-clang 0.1.7 133.65 NOTE
r-devel-linux-x86_64-fedora-gcc 0.1.7 130.13 NOTE
r-devel-osx-x86_64-clang 0.1.7 108.58 NOTE
r-devel-osx-x86_64-gcc 0.1.7 ERROR
r-devel-windows-ix86+x86_64 0.1.7 52.00 78.00 130.00 NOTE
r-patched-linux-x86_64 0.1.7 17.23 44.38 61.61 NOTE
r-patched-solaris-sparc 0.1.7 752.00 NOTE
r-patched-solaris-x86 0.1.7 169.40 NOTE
r-release-linux-ix86 0.1.7 25.00 71.00 96.00 NOTE
r-release-linux-x86_64 0.1.7 17.00 44.34 61.34 NOTE
r-release-osx-x86_64-mavericks 0.1.7 WARN
r-release-osx-x86_64-snowleopard 0.1.7 OK
r-release-windows-ix86+x86_64 0.1.7 46.00 83.00 129.00 NOTE
r-oldrel-windows-ix86+x86_64 0.1.7 45.00 80.00 125.00 NOTE

Check Details

Version: 0.1.7
Check: dependencies in R code
Result: NOTE
    Packages in Depends field not imported from:
     ‘Rcpp’ ‘RcppArmadillo’ ‘mgcv’ ‘robustbase’
     These packages need to be imported from (in the NAMESPACE file)
     for when this namespace is loaded but not attached.
    See the information on DESCRIPTION files in the chapter ‘Creating R
    packages’ of the ‘Writing R Extensions’ manual.
Flavors: r-devel-linux-x86_64-debian-clang, r-devel-linux-x86_64-debian-gcc, r-devel-linux-x86_64-fedora-clang, r-devel-linux-x86_64-fedora-gcc, r-devel-osx-x86_64-clang, r-devel-windows-ix86+x86_64, r-patched-linux-x86_64, r-patched-solaris-sparc, r-patched-solaris-x86, r-release-linux-ix86, r-release-linux-x86_64, r-release-osx-x86_64-mavericks, r-release-windows-ix86+x86_64, r-oldrel-windows-ix86+x86_64

Version: 0.1.7
Check: package dependencies
Result: ERROR
    Package required but not available: ‘robustbase’
    
    See the information on DESCRIPTION files in the chapter ‘Creating R
    packages’ of the ‘Writing R Extensions’ manual.
Flavor: r-devel-osx-x86_64-gcc

Version: 0.1.7
Check: DESCRIPTION meta-information
Result: NOTE
    'LinkingTo' for
     'mgcv' 'robustbase'
    are unused as they have no 'include' directory
Flavors: r-devel-windows-ix86+x86_64, r-release-windows-ix86+x86_64

Version: 0.1.7
Check: PDF version of manual
Result: WARNING
    LaTeX errors when creating PDF version.
    This typically indicates Rd problems.
    LaTeX errors found:
    ! LaTeX Error: File `upquote.sty' not found.
    
    Type X to quit or <RETURN> to proceed,
    or enter new name. (Default extension: sty)
    
    ab3fc1f/Rd2.tex:8: ==> Fatal error occurred, no output PDF file produced!
Flavor: r-release-osx-x86_64-mavericks