CRAN Package Check Results for Package robustgam

Last updated on 2014-10-25 11:48:46.

Flavor Version Tinstall Tcheck Ttotal Status Flags
r-devel-linux-x86_64-debian-clang 0.1.7 15.17 40.12 55.30 NOTE
r-devel-linux-x86_64-debian-gcc 0.1.7 16.58 42.60 59.19 NOTE
r-devel-linux-x86_64-fedora-clang 0.1.7 130.89 NOTE
r-devel-linux-x86_64-fedora-gcc 0.1.7 120.80 NOTE
r-devel-osx-x86_64-clang 0.1.7 102.26 NOTE
r-devel-windows-ix86+x86_64 0.1.7 49.00 75.00 124.00 NOTE
r-patched-linux-x86_64 0.1.7 16.81 40.47 57.28 NOTE
r-patched-solaris-sparc 0.1.7 718.60 NOTE
r-patched-solaris-x86 0.1.7 168.90 NOTE
r-release-linux-ix86 0.1.7 21.30 53.16 74.46 NOTE
r-release-linux-x86_64 0.1.7 17.25 42.51 59.76 NOTE
r-release-osx-x86_64-mavericks 0.1.7 NOTE
r-release-osx-x86_64-snowleopard 0.1.7 OK
r-release-windows-ix86+x86_64 0.1.7 57.00 82.00 139.00 NOTE
r-oldrel-windows-ix86+x86_64 0.1.7 46.00 86.00 132.00 NOTE

Check Details

Version: 0.1.7
Check: dependencies in R code
Result: NOTE
    Packages in Depends field not imported from:
     ‘Rcpp’ ‘RcppArmadillo’ ‘mgcv’ ‘robustbase’
     These packages need to be imported from (in the NAMESPACE file)
     for when this namespace is loaded but not attached.
    See the information on DESCRIPTION files in the chapter ‘Creating R
    packages’ of the ‘Writing R Extensions’ manual.
Flavors: r-devel-linux-x86_64-debian-clang, r-devel-linux-x86_64-debian-gcc, r-devel-linux-x86_64-fedora-clang, r-devel-linux-x86_64-fedora-gcc, r-devel-osx-x86_64-clang, r-devel-windows-ix86+x86_64, r-patched-linux-x86_64, r-patched-solaris-sparc, r-patched-solaris-x86, r-release-linux-ix86, r-release-linux-x86_64, r-release-osx-x86_64-mavericks, r-release-windows-ix86+x86_64, r-oldrel-windows-ix86+x86_64

Version: 0.1.7
Check: R code for possible problems
Result: NOTE
    pred.robustgam: no visible global function definition for
     ‘Predict.matrix’
    robustgam: no visible global function definition for ‘s’
    robustgam: no visible global function definition for
     ‘smooth.construct.tp.smooth.spec’
    robustgam: no visible global function definition for
     ‘smooth.construct.cr.smooth.spec’
    robustgam: no visible global function definition for
     ‘smooth.construct.ps.smooth.spec’
    robustgam : w.fun: no visible global function definition for ‘covMcd’
    robustgam.crossval : w.fun: no visible global function definition for
     ‘covMcd’
Flavors: r-devel-linux-x86_64-debian-clang, r-devel-linux-x86_64-debian-gcc, r-devel-linux-x86_64-fedora-clang, r-devel-linux-x86_64-fedora-gcc, r-devel-osx-x86_64-clang, r-devel-windows-ix86+x86_64, r-patched-linux-x86_64, r-patched-solaris-sparc, r-patched-solaris-x86

Version: 0.1.7
Check: DESCRIPTION meta-information
Result: NOTE
    'LinkingTo' for
     'mgcv' 'robustbase'
    are unused as they have no 'include' directory
Flavors: r-devel-windows-ix86+x86_64, r-release-windows-ix86+x86_64