CRAN Package Check Results for Package robustlmm

Last updated on 2018-06-24 16:49:04 CEST.

Flavor Version Tinstall Tcheck Ttotal Status Flags
r-devel-linux-x86_64-debian-clang 2.2-1 184.20 300.47 484.67 OK
r-devel-linux-x86_64-debian-gcc 2.2-1 165.94 238.78 404.72 OK
r-devel-linux-x86_64-fedora-clang 2.2-1 646.23 NOTE
r-devel-linux-x86_64-fedora-gcc 2.2-1 622.12 OK
r-devel-windows-ix86+x86_64 2.2-1 450.00 472.00 922.00 OK
r-patched-linux-x86_64 2.2-1 204.72 254.15 458.87 OK
r-patched-solaris-x86 2.2-1 610.00 OK
r-release-linux-x86_64 2.2-1 200.07 251.04 451.11 OK
r-release-windows-ix86+x86_64 2.2-1 493.00 365.00 858.00 OK
r-release-osx-x86_64 2.2-1 NOTE
r-oldrel-windows-ix86+x86_64 2.2-1 498.00 564.00 1062.00 OK
r-oldrel-osx-x86_64 2.2-1 NOTE

Check Details

Version: 2.2-1
Check: installed package size
Result: NOTE
     installed size is 35.3Mb
     sub-directories of 1Mb or more:
     libs 34.2Mb
Flavors: r-devel-linux-x86_64-fedora-clang, r-release-osx-x86_64, r-oldrel-osx-x86_64