CRAN Package Check Results for Package robustlmm

Last updated on 2016-12-05 12:51:50.

Flavor Version Tinstall Tcheck Ttotal Status Flags
r-devel-linux-x86_64-debian-clang 2.1 14.29 109.26 123.54 OK
r-devel-linux-x86_64-debian-gcc 2.1 14.90 110.24 125.14 OK
r-devel-linux-x86_64-fedora-clang 2.1 257.77 OK --no-stop-on-test-error
r-devel-linux-x86_64-fedora-gcc 2.1 260.20 OK --no-stop-on-test-error
r-devel-macos-x86_64-clang 2.1 187.52 OK
r-devel-windows-ix86+x86_64 2.1 40.00 241.00 281.00 OK
r-patched-linux-x86_64 2.1 13.96 90.72 104.68 OK
r-patched-solaris-sparc 2.1 921.30 OK --no-tests
r-patched-solaris-x86 2.1 252.30 OK
r-release-linux-x86_64 2.1 14.69 90.59 105.28 OK
r-release-osx-x86_64-mavericks 2.1 OK
r-release-windows-ix86+x86_64 2.1 51.00 275.00 326.00 OK
r-oldrel-windows-ix86+x86_64 2.1 52.00 293.00 345.00 ERROR

Check Details

Version: 2.1
Check: running R code from vignettes
Result: ERROR
    Errors in running code in vignettes:
    when running code in 'rlmer.Rnw'
     ...
    
    > rfm2 <- update(rfm, rho.sigma.e = psi2propII(smoothPsi,
    + k = 2.28), rho.sigma.b = psi2propII(smoothPsi, k = 2.28))
    
    This application has requested the Runtime to terminate it in an unusual way.
    Please contact the application's support team for more information.
    terminate called after throwing an instance of 'Rcpp::not_compatible'
     what(): expecting an external pointer
    
    ... incomplete output. Crash?
Flavor: r-oldrel-windows-ix86+x86_64

Version: 2.1
Check: re-building of vignette outputs
Result: NOTE
    Error in re-building vignettes:
     ...
    Loading required package: robustlmm
    Loading required package: lme4
    Loading required package: Matrix
    Note: method with signature 'dsparseMatrix#dgeMatrix' chosen for function 'crossprod',
     target signature 'dsCMatrix#dgeMatrix'.
     "CsparseMatrix#ddenseMatrix" would also be valid
    Loading required package: ggplot2
    
    This application has requested the Runtime to terminate it in an unusual way.
    Please contact the application's support team for more information.
    terminate called after throwing an instance of 'Rcpp::not_compatible'
     what(): expecting an external pointer
Flavor: r-oldrel-windows-ix86+x86_64