CRAN Package Check Results for Package robustlmm

Last updated on 2015-03-28 19:50:15.

Flavor Version Tinstall Tcheck Ttotal Status Flags
r-devel-linux-x86_64-debian-clang 1.6 5.04 109.76 114.80 NOTE
r-devel-linux-x86_64-debian-gcc 1.6 4.70 106.69 111.39 NOTE
r-devel-linux-x86_64-fedora-clang 1.6 240.11 NOTE
r-devel-linux-x86_64-fedora-gcc 1.6 237.28 NOTE
r-devel-osx-x86_64-clang 1.6 204.67 NOTE
r-prerel-windows-ix86+x86_64 1.6 16.00 217.00 233.00 NOTE
r-prerel-linux-x86_64 1.6 4.29 105.27 109.56 NOTE
r-prerel-solaris-sparc 1.6 1008.40 NOTE --no-tests
r-prerel-solaris-x86 1.6 281.80 NOTE
r-release-linux-x86_64 1.6 6.62 141.11 147.72 NOTE
r-release-osx-x86_64-mavericks 1.6 NOTE
r-release-osx-x86_64-snowleopard 1.6 OK
r-release-windows-ix86+x86_64 1.6 20.00 210.00 230.00 NOTE
r-oldrel-windows-ix86+x86_64 1.6 19.00 197.00 216.00 OK

Check Details

Version: 1.6
Check: R code for possible problems
Result: NOTE
    .S: no visible global function definition for ‘symmpart’
    .calcE.psi_bbt: no visible global function definition for ‘Matrix’
    .calcE.psi_bbt: no visible global function definition for ‘Diagonal’
    .calcE.psi_bpsi_bt: no visible global function definition for ‘Matrix’
    .calcE.psi_bpsi_bt: no visible global function definition for
     ‘Diagonal’
    fit.effects: no visible global function definition for ‘Matrix’
    fit.effects: no visible global function definition for ‘Diagonal’
    lchol: no visible global function definition for ‘Diagonal’
    rlmer.fit.DAS.nondiag: no visible global function definition for
     ‘symmpart’
    rlmer.fit.DAS.nondiag: no visible global function definition for
     ‘Diagonal’
    updateThetaTau: no visible global function definition for ‘Diagonal’
    vcov.rlmerMod : calc.vcov.hess: no visible global function definition
     for ‘forceSymmetric’
    zero.theta.DASexp: no visible global function definition for ‘Matrix’
Flavors: r-devel-linux-x86_64-debian-clang, r-devel-linux-x86_64-debian-gcc, r-devel-linux-x86_64-fedora-clang, r-devel-linux-x86_64-fedora-gcc, r-devel-osx-x86_64-clang, r-prerel-windows-ix86+x86_64, r-prerel-linux-x86_64, r-prerel-solaris-x86, r-release-linux-x86_64, r-release-osx-x86_64-mavericks, r-release-windows-ix86+x86_64

Version: 1.6
Flags: --no-tests
Check: R code for possible problems
Result: NOTE
    .S: no visible global function definition for ‘symmpart’
    .calcE.psi_bbt: no visible global function definition for ‘Matrix’
    .calcE.psi_bbt: no visible global function definition for ‘Diagonal’
    .calcE.psi_bpsi_bt: no visible global function definition for ‘Matrix’
    .calcE.psi_bpsi_bt: no visible global function definition for
     ‘Diagonal’
    fit.effects: no visible global function definition for ‘Matrix’
    fit.effects: no visible global function definition for ‘Diagonal’
    lchol: no visible global function definition for ‘Diagonal’
    rlmer.fit.DAS.nondiag: no visible global function definition for
     ‘symmpart’
    rlmer.fit.DAS.nondiag: no visible global function definition for
     ‘Diagonal’
    updateThetaTau: no visible global function definition for ‘Diagonal’
    vcov.rlmerMod : calc.vcov.hess: no visible global function definition
     for ‘forceSymmetric’
    zero.theta.DASexp: no visible global function definition for ‘Matrix’
Flavor: r-prerel-solaris-sparc