CRAN Package Check Results for Package robustlmm

Last updated on 2014-07-24 05:48:32.

Flavor Version Tinstall Tcheck Ttotal Status Flags
r-devel-linux-x86_64-debian-clang 1.6 6.10 138.35 144.45 OK
r-devel-linux-x86_64-debian-gcc 1.6 8.64 135.55 144.20 OK
r-devel-linux-x86_64-fedora-clang 1.6 344.47 OK
r-devel-linux-x86_64-fedora-gcc 1.6 330.45 OK
r-devel-osx-x86_64-clang 1.6 247.29 OK
r-devel-windows-ix86+x86_64 1.6 17.00 200.00 217.00 OK
r-patched-linux-x86_64 1.6 8.57 139.89 148.46 OK
r-patched-solaris-sparc 1.6 1247.00 OK --no-tests
r-patched-solaris-x86 1.6 383.00 OK
r-release-linux-ix86 1.6 7.42 164.42 171.84 OK
r-release-linux-x86_64 1.6 6.23 140.36 146.58 OK
r-release-osx-x86_64-mavericks 1.6 NOTE
r-release-osx-x86_64-snowleopard 1.6 OK
r-release-windows-ix86+x86_64 1.6 18.00 202.00 220.00 OK
r-oldrel-windows-ix86+x86_64 1.6 16.00 198.00 214.00 OK

Check Details

Version: 1.6
Check: re-building of vignette outputs
Result: NOTE
    Error in re-building vignettes:
     ...
    
    The following object is masked from ‘package:lme4’:
    
     sigma
    
    Loading required package: digest
    Warning in deviance.merMod(object) :
     deviance() is deprecated for REML fits; use REMLcrit for the REML criterion or deviance(.,REML=FALSE) for deviance calculated at the REML fit
    Note: method with signature ‘dsparseMatrix#dgeMatrix’ chosen for function ‘crossprod’,
     target signature ‘dtCMatrix#dgeMatrix’.
     "CsparseMatrix#ddenseMatrix" would also be valid
    Warning in deviance.merMod(object) :
     deviance() is deprecated for REML fits; use REMLcrit for the REML criterion or deviance(.,REML=FALSE) for deviance calculated at the REML fit
    Error in texi2dvi(file = file, pdf = TRUE, clean = clean, quiet = quiet, :
     Running 'texi2dvi' on 'rlmer.tex' failed.
    LaTeX errors:
    ! LaTeX Error: File `multirow.sty' not found.
    
    Type X to quit or <RETURN> to proceed,
    or enter new name. (Default extension: sty)
    
    gn_test/robustlmm/vignettes/rlmer.tex:13: ==> Fatal error occurred, no output
    PDF file produced!
    Calls: buildVignettes -> texi2pdf -> texi2dvi
    Execution halted
Flavor: r-release-osx-x86_64-mavericks