CRAN Package Check Results for Package robustlmm

Last updated on 2017-10-19 19:47:21.

Flavor Version Tinstall Tcheck Ttotal Status Flags
r-devel-linux-x86_64-debian-clang 2.1-3 25.38 110.33 135.71 OK
r-devel-linux-x86_64-debian-gcc 2.1-3 26.62 116.01 142.63 WARN
r-devel-linux-x86_64-fedora-clang 2.1-3 291.33 OK
r-devel-linux-x86_64-fedora-gcc 2.1-3 292.36 WARN
r-devel-windows-ix86+x86_64 2.1-3 65.00 245.00 310.00 OK
r-patched-linux-x86_64 2.1-3 25.94 111.27 137.21 OK
r-patched-solaris-x86 2.1-3 326.60 OK
r-release-linux-x86_64 2.1-3 25.43 111.94 137.37 OK
r-release-windows-ix86+x86_64 2.1-3 105.00 356.00 461.00 OK
r-release-osx-x86_64 2.1-3 OK
r-oldrel-windows-ix86+x86_64 2.1-3 94.00 251.00 345.00 OK
r-oldrel-osx-x86_64 2.1-3 OK

Check Details

Version: 2.1-3
Check: whether package can be installed
Result: WARN
    Found the following significant warnings:
     PsiFunction.cpp:392:19: warning: ā€˜%.5gā€™ directive writing between 1 and 12 bytes into a region of size between 6 and 17 [-Wformat-overflow=]
Flavors: r-devel-linux-x86_64-debian-gcc, r-devel-linux-x86_64-fedora-gcc