CRAN Package Check Results for Package robustlmm

Last updated on 2014-09-02 23:47:41.

Flavor Version Tinstall Tcheck Ttotal Status Flags
r-devel-linux-x86_64-debian-clang 1.6 5.96 131.57 137.52 NOTE
r-devel-linux-x86_64-debian-gcc 1.6 6.10 129.22 135.33 NOTE
r-devel-linux-x86_64-fedora-clang 1.6 329.75 NOTE
r-devel-linux-x86_64-fedora-gcc 1.6 309.00 NOTE
r-devel-osx-x86_64-clang 1.6 238.43 NOTE
r-devel-windows-ix86+x86_64 1.6 17.00 193.00 210.00 NOTE
r-patched-linux-x86_64 1.6 6.64 141.81 148.44 OK
r-patched-solaris-sparc 1.6 1317.00 OK --no-tests
r-patched-solaris-x86 1.6 381.50 OK
r-release-linux-ix86 1.6 7.47 164.45 171.92 OK
r-release-linux-x86_64 1.6 6.28 141.42 147.70 OK
r-release-osx-x86_64-mavericks 1.6 NOTE
r-release-osx-x86_64-snowleopard 1.6 OK
r-release-windows-ix86+x86_64 1.6 16.00 204.00 220.00 OK
r-oldrel-windows-ix86+x86_64 1.6 18.00 192.00 210.00 OK

Check Details

Version: 1.6
Check: R code for possible problems
Result: NOTE
    .S: no visible global function definition for ‘symmpart’
    .calcE.psi_bbt: no visible global function definition for ‘Matrix’
    .calcE.psi_bbt: no visible global function definition for ‘Diagonal’
    .calcE.psi_bpsi_bt: no visible global function definition for ‘Matrix’
    .calcE.psi_bpsi_bt: no visible global function definition for
     ‘Diagonal’
    fit.effects: no visible global function definition for ‘Matrix’
    fit.effects: no visible global function definition for ‘Diagonal’
    lchol: no visible global function definition for ‘Diagonal’
    rlmer.fit.DAS.nondiag: no visible global function definition for
     ‘symmpart’
    rlmer.fit.DAS.nondiag: no visible global function definition for
     ‘Diagonal’
    updateThetaTau: no visible global function definition for ‘Diagonal’
    vcov.rlmerMod : calc.vcov.hess: no visible global function definition
     for ‘forceSymmetric’
    zero.theta.DASexp: no visible global function definition for ‘Matrix’
Flavors: r-devel-linux-x86_64-debian-clang, r-devel-linux-x86_64-debian-gcc, r-devel-linux-x86_64-fedora-clang, r-devel-linux-x86_64-fedora-gcc, r-devel-osx-x86_64-clang, r-devel-windows-ix86+x86_64

Version: 1.6
Check: re-building of vignette outputs
Result: NOTE
    Error in re-building vignettes:
     ...
    
    The following object is masked from ‘package:lme4’:
    
     sigma
    
    Loading required package: digest
    Warning in deviance.merMod(object) :
     deviance() is deprecated for REML fits; use REMLcrit for the REML criterion or deviance(.,REML=FALSE) for deviance calculated at the REML fit
    Note: method with signature ‘dsparseMatrix#dgeMatrix’ chosen for function ‘crossprod’,
     target signature ‘dtCMatrix#dgeMatrix’.
     "CsparseMatrix#ddenseMatrix" would also be valid
    Warning in deviance.merMod(object) :
     deviance() is deprecated for REML fits; use REMLcrit for the REML criterion or deviance(.,REML=FALSE) for deviance calculated at the REML fit
    Error in texi2dvi(file = file, pdf = TRUE, clean = clean, quiet = quiet, :
     Running 'texi2dvi' on 'rlmer.tex' failed.
    LaTeX errors:
    ! LaTeX Error: File `multirow.sty' not found.
    
    Type X to quit or <RETURN> to proceed,
    or enter new name. (Default extension: sty)
    
    gn_test/robustlmm/vignettes/rlmer.tex:13: ==> Fatal error occurred, no output
    PDF file produced!
    Calls: buildVignettes -> texi2pdf -> texi2dvi
    Execution halted
Flavor: r-release-osx-x86_64-mavericks