CRAN Package Check Results for Package robustlmm

Last updated on 2017-02-23 09:53:18.

Flavor Version Tinstall Tcheck Ttotal Status Flags
r-devel-linux-x86_64-debian-clang 2.1-2 16.69 109.53 126.23 NOTE
r-devel-linux-x86_64-debian-gcc 2.1-2 18.05 109.78 127.83 NOTE
r-devel-linux-x86_64-fedora-clang 2.1-2 279.65 NOTE --no-stop-on-test-error
r-devel-linux-x86_64-fedora-gcc 2.1-2 258.12 NOTE --no-stop-on-test-error
r-devel-macos-x86_64-clang 2.1-2 194.98 NOTE --no-stop-on-test-error
r-devel-windows-ix86+x86_64 2.1-2 66.00 373.00 439.00 OK
r-patched-linux-x86_64 2.1-2 16.34 95.41 111.75 OK
r-patched-solaris-sparc 2.1-2 997.60 OK --no-tests
r-patched-solaris-x86 2.1-2 249.70 OK
r-release-linux-x86_64 2.1-2 16.25 94.15 110.41 OK
r-release-osx-x86_64-mavericks 2.1-2 OK
r-release-windows-ix86+x86_64 2.1-2 68.00 318.00 386.00 OK
r-oldrel-windows-ix86+x86_64 2.1-2 64.00 250.00 314.00 OK

Check Details

Version: 2.1-2
Check: compiled code
Result: NOTE
    File ‘robustlmm/libs/robustlmm.so’:
     Found no calls to: ‘R_registerRoutines’, ‘R_useDynamicSymbols’
    
    It is good practice to register native routines and to disable symbol
    search.
    
    See ‘Writing portable packages’ in the ‘Writing R Extensions’ manual.
Flavors: r-devel-linux-x86_64-debian-clang, r-devel-linux-x86_64-debian-gcc

Version: 2.1-2
Flags: --no-stop-on-test-error
Check: compiled code
Result: NOTE
    File ‘robustlmm/libs/robustlmm.so’:
     Found no calls to: ‘R_registerRoutines’, ‘R_useDynamicSymbols’
    
    It is good practice to register native routines and to disable symbol
    search.
    
    See ‘Writing portable packages’ in the ‘Writing R Extensions’ manual.
Flavors: r-devel-linux-x86_64-fedora-clang, r-devel-linux-x86_64-fedora-gcc, r-devel-macos-x86_64-clang