CRAN Package Check Results for Package robustlmm

Last updated on 2015-07-02 06:48:26.

Flavor Version Tinstall Tcheck Ttotal Status Flags
r-devel-linux-x86_64-debian-clang 1.7-2 1.76 1.85 3.61 ERROR
r-devel-linux-x86_64-debian-gcc 1.7-2 1.74 1.73 3.47 ERROR
r-devel-linux-x86_64-fedora-clang 1.7-2 6.43 ERROR
r-devel-linux-x86_64-fedora-gcc 1.7-2 7.03 ERROR
r-devel-osx-x86_64-clang 1.7-2 5.05 ERROR
r-devel-windows-ix86+x86_64 1.7-2 4.00 1.00 5.00 ERROR
r-patched-linux-x86_64 1.7-2 5.91 125.72 131.63 OK
r-patched-solaris-sparc 1.7-2 1208.60 OK --no-tests
r-patched-solaris-x86 1.7-2 316.90 OK
r-release-linux-x86_64 1.7-2 6.23 121.17 127.40 OK
r-release-osx-x86_64-mavericks 1.7-2 OK
r-release-windows-ix86+x86_64 1.7-2 12.00 196.00 208.00 OK
r-oldrel-windows-ix86+x86_64 1.7-2 21.00 258.00 279.00 OK

Check Details

Version: 1.7-2
Check: whether package can be installed
Result: ERROR
    Installation failed.
Flavors: r-devel-linux-x86_64-debian-clang, r-devel-linux-x86_64-debian-gcc, r-devel-linux-x86_64-fedora-clang, r-devel-linux-x86_64-fedora-gcc, r-devel-osx-x86_64-clang, r-devel-windows-ix86+x86_64