CRAN Package Check Results for Package robustlmm

Last updated on 2015-04-27 15:46:44.

Flavor Version Tinstall Tcheck Ttotal Status Flags
r-devel-linux-x86_64-debian-clang 1.6 4.63 110.34 114.97 NOTE
r-devel-linux-x86_64-debian-gcc 1.6 4.30 109.46 113.77 NOTE
r-devel-linux-x86_64-fedora-clang 1.6 239.34 NOTE
r-devel-linux-x86_64-fedora-gcc 1.6 228.09 NOTE
r-devel-osx-x86_64-clang 1.6 191.31 NOTE
r-devel-windows-ix86+x86_64 1.6 12.00 164.00 176.00 NOTE
r-patched-linux-x86_64 1.6 4.30 106.76 111.06 NOTE
r-patched-solaris-sparc 1.6 988.40 NOTE --no-tests
r-patched-solaris-x86 1.6 281.40 NOTE
r-release-linux-x86_64 1.6 5.17 106.47 111.64 NOTE
r-release-osx-x86_64-mavericks 1.6 NOTE
r-release-osx-x86_64-snowleopard 1.6 ERROR
r-release-windows-ix86+x86_64 1.6 16.00 222.00 238.00 NOTE
r-oldrel-windows-ix86+x86_64 1.6 20.00 185.00 205.00 NOTE

Check Details

Version: 1.6
Check: R code for possible problems
Result: NOTE
    .S: no visible global function definition for ‘symmpart’
    .calcE.psi_bbt: no visible global function definition for ‘Matrix’
    .calcE.psi_bbt: no visible global function definition for ‘Diagonal’
    .calcE.psi_bpsi_bt: no visible global function definition for ‘Matrix’
    .calcE.psi_bpsi_bt: no visible global function definition for
     ‘Diagonal’
    fit.effects: no visible global function definition for ‘Matrix’
    fit.effects: no visible global function definition for ‘Diagonal’
    lchol: no visible global function definition for ‘Diagonal’
    rlmer.fit.DAS.nondiag: no visible global function definition for
     ‘symmpart’
    rlmer.fit.DAS.nondiag: no visible global function definition for
     ‘Diagonal’
    updateThetaTau: no visible global function definition for ‘Diagonal’
    vcov.rlmerMod : calc.vcov.hess: no visible global function definition
     for ‘forceSymmetric’
    zero.theta.DASexp: no visible global function definition for ‘Matrix’
Flavors: r-devel-linux-x86_64-debian-clang, r-devel-linux-x86_64-debian-gcc, r-devel-linux-x86_64-fedora-clang, r-devel-linux-x86_64-fedora-gcc, r-devel-osx-x86_64-clang, r-devel-windows-ix86+x86_64, r-patched-solaris-x86, r-release-linux-x86_64, r-release-osx-x86_64-mavericks, r-release-windows-ix86+x86_64, r-oldrel-windows-ix86+x86_64

Version: 1.6
Check: files in ‘vignettes’
Result: NOTE
    The following directory looks like a leftover from 'knitr':
     ‘cache’
    Please remove from your package.
Flavors: r-devel-linux-x86_64-debian-clang, r-devel-linux-x86_64-debian-gcc, r-devel-linux-x86_64-fedora-clang, r-devel-linux-x86_64-fedora-gcc, r-devel-osx-x86_64-clang, r-devel-windows-ix86+x86_64, r-patched-solaris-x86

Version: 1.6
Flags: --no-tests
Check: R code for possible problems
Result: NOTE
    .S: no visible global function definition for ‘symmpart’
    .calcE.psi_bbt: no visible global function definition for ‘Matrix’
    .calcE.psi_bbt: no visible global function definition for ‘Diagonal’
    .calcE.psi_bpsi_bt: no visible global function definition for ‘Matrix’
    .calcE.psi_bpsi_bt: no visible global function definition for
     ‘Diagonal’
    fit.effects: no visible global function definition for ‘Matrix’
    fit.effects: no visible global function definition for ‘Diagonal’
    lchol: no visible global function definition for ‘Diagonal’
    rlmer.fit.DAS.nondiag: no visible global function definition for
     ‘symmpart’
    rlmer.fit.DAS.nondiag: no visible global function definition for
     ‘Diagonal’
    updateThetaTau: no visible global function definition for ‘Diagonal’
    vcov.rlmerMod : calc.vcov.hess: no visible global function definition
     for ‘forceSymmetric’
    zero.theta.DASexp: no visible global function definition for ‘Matrix’
Flavor: r-patched-solaris-sparc

Version: 1.6
Flags: --no-tests
Check: files in ‘vignettes’
Result: NOTE
    The following directory looks like a leftover from 'knitr':
     ‘cache’
    Please remove from your package.
Flavor: r-patched-solaris-sparc

Version: 1.6
Check: package dependencies
Result: ERROR
    Package required but not available: ‘ggplot2’
    
    See section ‘The DESCRIPTION file’ in the ‘Writing R Extensions’
    manual.
Flavor: r-release-osx-x86_64-snowleopard