CRAN Package Check Results for Package robustlmm

Last updated on 2017-03-27 05:48:13.

Flavor Version Tinstall Tcheck Ttotal Status Flags
r-devel-linux-x86_64-debian-clang 2.1-2 17.53 112.20 129.73 NOTE
r-devel-linux-x86_64-debian-gcc 2.1-2 17.72 108.76 126.47 NOTE
r-devel-linux-x86_64-fedora-clang 2.1-2 274.37 NOTE --no-stop-on-test-error
r-devel-linux-x86_64-fedora-gcc 2.1-2 261.81 NOTE --no-stop-on-test-error
r-devel-macos-x86_64-clang 2.1-2 193.40 NOTE --no-stop-on-test-error
r-patched-linux-x86_64 2.1-2 16.99 109.30 126.30 NOTE
r-patched-solaris-sparc 2.1-2 1133.70 OK --no-tests
r-patched-solaris-x86 2.1-2 312.40 OK
r-release-linux-x86_64 2.1-2 16.49 94.29 110.79 OK
r-release-osx-x86_64-mavericks 2.1-2 OK
r-release-windows-ix86+x86_64 2.1-2 67.00 248.00 315.00 OK
r-oldrel-windows-ix86+x86_64 2.1-2 44.00 249.00 293.00 OK

Check Details

Version: 2.1-2
Check: compiled code
Result: NOTE
    File ‘robustlmm/libs/robustlmm.so’:
     Found no calls to: ‘R_registerRoutines’, ‘R_useDynamicSymbols’
    
    It is good practice to register native routines and to disable symbol
    search.
    
    See ‘Writing portable packages’ in the ‘Writing R Extensions’ manual.
Flavors: r-devel-linux-x86_64-debian-clang, r-devel-linux-x86_64-debian-gcc, r-patched-linux-x86_64

Version: 2.1-2
Flags: --no-stop-on-test-error
Check: compiled code
Result: NOTE
    File ‘robustlmm/libs/robustlmm.so’:
     Found no calls to: ‘R_registerRoutines’, ‘R_useDynamicSymbols’
    
    It is good practice to register native routines and to disable symbol
    search.
    
    See ‘Writing portable packages’ in the ‘Writing R Extensions’ manual.
Flavors: r-devel-linux-x86_64-fedora-clang, r-devel-linux-x86_64-fedora-gcc, r-devel-macos-x86_64-clang