CRAN Package Check Results for Package robustlmm

Last updated on 2015-01-26 22:47:42.

Flavor Version Tinstall Tcheck Ttotal Status Flags
r-devel-linux-x86_64-debian-clang 1.6 5.20 118.85 124.05 NOTE
r-devel-linux-x86_64-debian-gcc 1.6 5.04 119.06 124.10 NOTE
r-devel-linux-x86_64-fedora-clang 1.6 316.39 NOTE
r-devel-linux-x86_64-fedora-gcc 1.6 297.53 NOTE
r-devel-osx-x86_64-clang 1.6 249.88 NOTE
r-devel-windows-ix86+x86_64 1.6 15.00 182.00 197.00 NOTE
r-patched-linux-x86_64 1.6 9.16 139.62 148.78 NOTE
r-patched-solaris-sparc 1.6 1290.70 NOTE --no-tests
r-patched-solaris-x86 1.6 377.70 NOTE
r-release-linux-ix86 1.6 7.28 157.91 165.18 NOTE
r-release-linux-x86_64 1.6 6.37 143.52 149.90 NOTE
r-release-osx-x86_64-mavericks 1.6 NOTE
r-release-osx-x86_64-snowleopard 1.6 OK
r-release-windows-ix86+x86_64 1.6 19.00 222.00 241.00 NOTE
r-oldrel-windows-ix86+x86_64 1.6 28.00 192.00 220.00 OK

Check Details

Version: 1.6
Check: R code for possible problems
Result: NOTE
    .S: no visible global function definition for ‘symmpart’
    .calcE.psi_bbt: no visible global function definition for ‘Matrix’
    .calcE.psi_bbt: no visible global function definition for ‘Diagonal’
    .calcE.psi_bpsi_bt: no visible global function definition for ‘Matrix’
    .calcE.psi_bpsi_bt: no visible global function definition for
     ‘Diagonal’
    fit.effects: no visible global function definition for ‘Matrix’
    fit.effects: no visible global function definition for ‘Diagonal’
    lchol: no visible global function definition for ‘Diagonal’
    rlmer.fit.DAS.nondiag: no visible global function definition for
     ‘symmpart’
    rlmer.fit.DAS.nondiag: no visible global function definition for
     ‘Diagonal’
    updateThetaTau: no visible global function definition for ‘Diagonal’
    vcov.rlmerMod : calc.vcov.hess: no visible global function definition
     for ‘forceSymmetric’
    zero.theta.DASexp: no visible global function definition for ‘Matrix’
Flavors: r-devel-linux-x86_64-debian-clang, r-devel-linux-x86_64-debian-gcc, r-devel-linux-x86_64-fedora-clang, r-devel-linux-x86_64-fedora-gcc, r-devel-osx-x86_64-clang, r-devel-windows-ix86+x86_64, r-patched-linux-x86_64, r-patched-solaris-x86, r-release-linux-ix86, r-release-linux-x86_64, r-release-osx-x86_64-mavericks, r-release-windows-ix86+x86_64

Version: 1.6
Flags: --no-tests
Check: R code for possible problems
Result: NOTE
    .S: no visible global function definition for ‘symmpart’
    .calcE.psi_bbt: no visible global function definition for ‘Matrix’
    .calcE.psi_bbt: no visible global function definition for ‘Diagonal’
    .calcE.psi_bpsi_bt: no visible global function definition for ‘Matrix’
    .calcE.psi_bpsi_bt: no visible global function definition for
     ‘Diagonal’
    fit.effects: no visible global function definition for ‘Matrix’
    fit.effects: no visible global function definition for ‘Diagonal’
    lchol: no visible global function definition for ‘Diagonal’
    rlmer.fit.DAS.nondiag: no visible global function definition for
     ‘symmpart’
    rlmer.fit.DAS.nondiag: no visible global function definition for
     ‘Diagonal’
    updateThetaTau: no visible global function definition for ‘Diagonal’
    vcov.rlmerMod : calc.vcov.hess: no visible global function definition
     for ‘forceSymmetric’
    zero.theta.DASexp: no visible global function definition for ‘Matrix’
Flavor: r-patched-solaris-sparc