CRAN Package Check Results for Package robustlmm

Last updated on 2015-08-02 11:47:37.

Flavor Version Tinstall Tcheck Ttotal Status Flags
r-devel-linux-x86_64-debian-clang 1.7-4 4.65 124.68 129.32 NOTE
r-devel-linux-x86_64-debian-gcc 1.7-4 4.54 118.56 123.11 NOTE
r-devel-linux-x86_64-fedora-clang 1.7-4 273.15 NOTE
r-devel-linux-x86_64-fedora-gcc 1.7-4 249.63 NOTE
r-devel-osx-x86_64-clang 1.7-4 208.00 OK
r-devel-windows-ix86+x86_64 1.7-4 13.00 209.00 222.00 NOTE
r-patched-linux-x86_64 1.7-4 4.46 126.42 130.88 OK
r-patched-solaris-sparc 1.7-4 1238.10 OK --no-tests
r-patched-solaris-x86 1.7-4 314.10 OK
r-release-linux-x86_64 1.7-4 4.40 120.42 124.82 OK
r-release-osx-x86_64-mavericks 1.7-4 OK
r-release-windows-ix86+x86_64 1.7-4 19.00 211.00 230.00 OK
r-oldrel-windows-ix86+x86_64 1.7-4 29.00 265.00 294.00 OK

Check Details

Version: 1.7-4
Check: R code for possible problems
Result: NOTE
    coefMer: no visible global function definition for ‘setNames’
    dotplot.ranef.rlmerMod : f: no visible global function definition for
     ‘stack’
    dotplot.ranef.rlmerMod : f: no visible global function definition for
     ‘reorder’
    dotplot.ranef.rlmerMod: no visible global function definition for
     ‘setNames’
    fitted.rlmerMod: no visible global function definition for
     ‘model.frame’
    fitted.rlmerMod: no visible global function definition for ‘napredict’
    formula.rlmerMod: no visible global function definition for ‘getCall’
    formula.rlmerMod: no visible global function definition for
     ‘as.formula’
    model.frame.rlmerMod: no visible global function definition for
     ‘terms.formula’
    qqmath.ranef.rlmerMod : f: no visible global function definition for
     ‘stack’
    terms.rlmerMod: no visible global function definition for
     ‘terms.formula’
    vcov.rlmerMod: no visible global function definition for ‘as’
    Undefined global functions or variables:
     as as.formula getCall model.frame napredict reorder setNames stack
     terms.formula
    Consider adding
     importFrom("methods", "as")
     importFrom("stats", "as.formula", "getCall", "model.frame",
     "napredict", "reorder", "setNames", "terms.formula")
     importFrom("utils", "stack")
    to your NAMESPACE.
Flavors: r-devel-linux-x86_64-debian-clang, r-devel-linux-x86_64-debian-gcc, r-devel-linux-x86_64-fedora-clang, r-devel-linux-x86_64-fedora-gcc, r-devel-windows-ix86+x86_64