CRAN Package Check Results for Package robustlmm

Last updated on 2014-04-24 21:47:49.

Flavor Version Tinstall Tcheck Ttotal Status Flags
r-devel-linux-x86_64-debian-clang 1.4-3 6.54 153.42 159.96 OK
r-devel-linux-x86_64-debian-gcc 1.4-3 6.40 153.27 159.67 OK
r-devel-linux-x86_64-fedora-clang 1.4-3 354.28 OK
r-devel-linux-x86_64-fedora-gcc 1.4-3 342.26 OK
r-devel-osx-x86_64-clang 1.4-3 276.75 OK
r-devel-osx-x86_64-gcc 1.4-3 ERROR
r-devel-windows-ix86+x86_64 1.4-3 18.00 209.00 227.00 OK
r-patched-linux-x86_64 1.4-3 6.50 147.92 154.42 OK
r-patched-solaris-sparc 1.4-3 1255.60 OK --no-tests
r-patched-solaris-x86 1.4-3 397.50 OK
r-release-linux-ix86 1.4-3 10.00 218.00 228.00 OK
r-release-linux-x86_64 1.4-3 6.65 151.24 157.89 OK
r-release-osx-x86_64-mavericks 1.4-3 NOTE
r-release-osx-x86_64-snowleopard 1.4-3 OK
r-release-windows-ix86+x86_64 1.4-3 15.00 215.00 230.00 OK
r-oldrel-windows-ix86+x86_64 1.4-3 18.00 212.00 230.00 OK

Check Details

Version: 1.4-3
Check: package dependencies
Result: ERROR
    Packages required but not available: ‘ggplot2’ ‘robustbase’
    
    See the information on DESCRIPTION files in the chapter ‘Creating R
    packages’ of the ‘Writing R Extensions’ manual.
Flavor: r-devel-osx-x86_64-gcc

Version: 1.4-3
Check: re-building of vignette outputs
Result: NOTE
    Error in re-building vignettes:
     ...
    
    Loading required package: robustbase
    
    Attaching package: ‘robustbase’
    
    The following object is masked from ‘package:lme4’:
    
     sigma
    
    Loading required package: digest
    Note: method with signature ‘dsparseMatrix#dgeMatrix’ chosen for function ‘crossprod’,
     target signature ‘dtCMatrix#dgeMatrix’.
     "CsparseMatrix#ddenseMatrix" would also be valid
    Error in texi2dvi(file = file, pdf = TRUE, clean = clean, quiet = quiet, :
     Running 'texi2dvi' on 'rlmer.tex' failed.
    LaTeX errors:
    ! LaTeX Error: File `multirow.sty' not found.
    
    Type X to quit or <RETURN> to proceed,
    or enter new name. (Default extension: sty)
    
    gn_test/robustlmm/vignettes/rlmer.tex:13: ==> Fatal error occurred, no output
    PDF file produced!
    Calls: buildVignettes -> texi2pdf -> texi2dvi
    Execution halted
Flavor: r-release-osx-x86_64-mavericks