CRAN Package Check Results for Package robustloggamma

Last updated on 2015-07-07 11:48:25.

Flavor Version Tinstall Tcheck Ttotal Status Flags
r-devel-linux-x86_64-debian-clang 0.4-31 1.94 27.59 29.54 NOTE
r-devel-linux-x86_64-debian-gcc 0.4-31 1.96 28.28 30.23 NOTE
r-devel-linux-x86_64-fedora-clang 0.4-31 55.42 NOTE
r-devel-linux-x86_64-fedora-gcc 0.4-31 51.59 NOTE
r-devel-osx-x86_64-clang 0.4-31 47.15 NOTE
r-devel-windows-ix86+x86_64 0.4-31 16.00 67.00 83.00 NOTE
r-patched-linux-x86_64 0.4-31 2.00 28.82 30.82 NOTE
r-patched-solaris-sparc 0.4-31 373.70 NOTE
r-patched-solaris-x86 0.4-31 75.90 NOTE
r-release-linux-x86_64 0.4-31 2.00 27.36 29.36 NOTE
r-release-osx-x86_64-mavericks 0.4-31 NOTE
r-release-windows-ix86+x86_64 0.4-31 12.00 67.00 79.00 NOTE
r-oldrel-windows-ix86+x86_64 0.4-31 12.00 70.00 82.00 OK

Check Details

Version: 0.4-31
Check: DESCRIPTION meta-information
Result: NOTE
    Malformed Title field: should not end in a period.
Flavors: r-devel-linux-x86_64-debian-clang, r-devel-linux-x86_64-debian-gcc, r-devel-linux-x86_64-fedora-clang, r-devel-linux-x86_64-fedora-gcc, r-devel-osx-x86_64-clang, r-devel-windows-ix86+x86_64, r-patched-linux-x86_64, r-patched-solaris-sparc, r-patched-solaris-x86, r-release-linux-x86_64, r-release-osx-x86_64-mavericks, r-release-windows-ix86+x86_64

Version: 0.4-31
Check: R code for possible problems
Result: NOTE
    ACOV.ML.loggamma: no visible global function definition for ‘integrate’
    Exp.response: no visible global function definition for ‘ppoints’
    Exp.response2: no visible global function definition for ‘numericDeriv’
    Exp.response3: no visible global function definition for ‘numericDeriv’
    IRLStauW: no visible global function definition for ‘median’
    MscaleW: no visible global function definition for ‘median’
    WMLone.loggamma: no visible global function definition for ‘ppoints’
    WMLone.reparam.loggamma: no visible global function definition for
     ‘ppoints’
    WQtau: no visible global function definition for ‘integrate’
    WQtau: no visible global function definition for ‘ppoints’
    WQtauboot: no visible global function definition for ‘integrate’
    WQtauboot : temp: no visible global function definition for ‘ppoints’
    WQtauboot: no visible global function definition for ‘ppoints’
    d.FL: no visible global function definition for ‘integrate’
    d.Q2: no visible global function definition for ‘qnorm’
    d.Q2: no visible global function definition for ‘qgamma’
    d2.FL: no visible global function definition for ‘integrate’
    d2.FL.aux: no visible global function definition for ‘integrate’
    dloggamma: no visible global function definition for ‘dnorm’
    intg3: no visible global function definition for ‘dnorm’
    intg4: no visible global function definition for ‘dnorm’
    intg6: no visible global function definition for ‘dnorm’
    loggammarob: no visible global function definition for ‘na.omit’
    loggammarob.WL: no visible global function definition for ‘ppoints’
    loggammarob.WQTau: no visible global function definition for ‘ppoints’
    loggammarob.oneWL: no visible global function definition for ‘ppoints’
    loggammarob.test: no visible global function definition for ‘pchisq’
    loggammarob.test: no visible global function definition for ‘qnorm’
    loggammarob.wilks: no visible global function definition for ‘optim’
    loggammarob.wilks: no visible global function definition for ‘pchisq’
    ploggamma: no visible global function definition for ‘pgamma’
    ploggamma: no visible global function definition for ‘pnorm’
    qloggamma: no visible global function definition for ‘qgamma’
    qloggamma: no visible global function definition for ‘qnorm’
    rhoBWdnorm: no visible global function definition for ‘dnorm’
    rloggamma: no visible global function definition for ‘rgamma’
    rloggamma: no visible global function definition for ‘rnorm’
    summary.loggammarob: no visible global function definition for ‘qnorm’
    wWilksTest: no visible global function definition for ‘optim’
    wWilksTest: no visible global function definition for ‘pchisq’
    weights.loggamma: no visible global function definition for ‘density’
    weights.loggamma: no visible global function definition for ‘approxfun’
    weights.loggamma: no visible global function definition for ‘ppoints’
    Undefined global functions or variables:
     approxfun density dnorm integrate median na.omit numericDeriv optim
     pchisq pgamma pnorm ppoints qgamma qnorm rgamma rnorm
Flavors: r-devel-linux-x86_64-debian-clang, r-devel-linux-x86_64-debian-gcc, r-devel-linux-x86_64-fedora-clang, r-devel-linux-x86_64-fedora-gcc, r-devel-windows-ix86+x86_64