CRAN Package Check Results for Package robustloggamma

Last updated on 2017-06-28 23:55:38.

Flavor Version Tinstall Tcheck Ttotal Status Flags
r-devel-linux-x86_64-debian-clang 1.0-2 4.56 133.55 138.10 NOTE
r-devel-linux-x86_64-debian-gcc 1.0-2 4.57 135.75 140.32 NOTE
r-devel-linux-x86_64-fedora-clang 1.0-2 287.92 NOTE
r-devel-linux-x86_64-fedora-gcc 1.0-2 294.14 NOTE
r-devel-windows-ix86+x86_64 1.0-2 18.00 380.00 398.00 OK
r-patched-linux-x86_64 1.0-2 4.34 132.84 137.18 NOTE
r-patched-solaris-sparc 1.0-2 1840.90 OK
r-patched-solaris-x86 1.0-2 369.70 OK
r-release-linux-x86_64 1.0-2 4.28 131.99 136.26 NOTE
r-release-windows-ix86+x86_64 1.0-2 23.00 480.00 503.00 OK
r-release-osx-x86_64 1.0-2 OK
r-oldrel-windows-ix86+x86_64 1.0-2 25.00 473.00 498.00 OK
r-oldrel-osx-x86_64 1.0-2 OK

Check Details

Version: 1.0-2
Check: compiled code
Result: NOTE
    File ‘robustloggamma/libs/robustloggamma.so’:
     Found no calls to: ‘R_registerRoutines’, ‘R_useDynamicSymbols’
    
    It is good practice to register native routines and to disable symbol
    search.
    
    See ‘Writing portable packages’ in the ‘Writing R Extensions’ manual.
Flavors: r-devel-linux-x86_64-debian-clang, r-devel-linux-x86_64-debian-gcc, r-devel-linux-x86_64-fedora-clang, r-devel-linux-x86_64-fedora-gcc, r-patched-linux-x86_64, r-release-linux-x86_64