CRAN Package Check Results for Package robustloggamma

Last updated on 2014-04-20 11:47:02.

Flavor Version Tinstall Tcheck Ttotal Status Flags
r-devel-linux-x86_64-debian-clang 0.4-28 2.08 31.12 33.20 NOTE
r-devel-linux-x86_64-debian-gcc 0.4-28 2.02 30.81 32.84 NOTE
r-devel-linux-x86_64-fedora-clang 0.4-28 64.24 NOTE
r-devel-linux-x86_64-fedora-gcc 0.4-28 60.49 NOTE
r-devel-macosx-x86_64-clang 0.4-28 56.71 NOTE
r-devel-macosx-x86_64-gcc 0.4-28 ERROR
r-devel-windows-ix86+x86_64 0.4-28 8.00 65.00 73.00 NOTE
r-patched-linux-x86_64 0.4-28 2.08 30.45 32.53 NOTE
r-patched-solaris-sparc 0.4-28 382.30 NOTE
r-patched-solaris-x86 0.4-28 81.30 NOTE
r-release-linux-ix86 NOTE
r-release-linux-x86_64 0.4-28 2.26 29.86 32.12 NOTE
r-release-macosx-x86_64 0.4-28 OK
r-release-windows-ix86+x86_64 0.4-28 11.00 65.00 76.00 NOTE
r-oldrel-windows-ix86+x86_64 0.4-28 8.00 71.00 79.00 NOTE

Check Details

Version: 0.4-28
Check: dependencies in R code
Result: NOTE
    Package in Depends field not imported from: ‘robustbase’
     These packages need to be imported from (in the NAMESPACE file)
     for when this namespace is loaded but not attached.
    See the information on DESCRIPTION files in the chapter ‘Creating R
    packages’ of the ‘Writing R Extensions’ manual.
Flavors: r-devel-linux-x86_64-debian-clang, r-devel-linux-x86_64-debian-gcc, r-devel-linux-x86_64-fedora-clang, r-devel-linux-x86_64-fedora-gcc, r-devel-macosx-x86_64-clang, r-devel-windows-ix86+x86_64, r-patched-linux-x86_64, r-patched-solaris-sparc, r-patched-solaris-x86, r-release-linux-ix86, r-release-linux-x86_64, r-release-windows-ix86+x86_64, r-oldrel-windows-ix86+x86_64

Version: 0.4-28
Check: package dependencies
Result: ERROR
    Package required but not available: ‘robustbase’
    
    See the information on DESCRIPTION files in the chapter ‘Creating R
    packages’ of the ‘Writing R Extensions’ manual.
Flavor: r-devel-macosx-x86_64-gcc