CRAN Package Check Results for Package robustloggamma

Last updated on 2014-07-24 14:48:48.

Flavor Version Tinstall Tcheck Ttotal Status Flags
r-devel-linux-x86_64-debian-clang 0.4-28 2.07 29.48 31.55 NOTE
r-devel-linux-x86_64-debian-gcc 0.4-28 1.96 28.54 30.50 NOTE
r-devel-linux-x86_64-fedora-clang 0.4-28 63.30 NOTE
r-devel-linux-x86_64-fedora-gcc 0.4-28 61.64 NOTE
r-devel-osx-x86_64-clang 0.4-28 55.46 NOTE
r-devel-windows-ix86+x86_64 0.4-28 8.00 61.00 69.00 NOTE
r-patched-linux-x86_64 0.4-28 2.07 28.81 30.88 NOTE
r-patched-solaris-sparc 0.4-28 382.30 NOTE
r-patched-solaris-x86 0.4-28 80.10 NOTE
r-release-linux-ix86 0.4-28 3.10 40.60 43.71 NOTE
r-release-linux-x86_64 0.4-28 2.06 31.19 33.26 NOTE
r-release-osx-x86_64-mavericks 0.4-28 NOTE
r-release-osx-x86_64-snowleopard 0.4-28 OK
r-release-windows-ix86+x86_64 0.4-28 8.00 67.00 75.00 NOTE
r-oldrel-windows-ix86+x86_64 0.4-28 10.00 64.00 74.00 NOTE

Check Details

Version: 0.4-28
Check: dependencies in R code
Result: NOTE
    Package in Depends field not imported from: ‘robustbase’
     These packages need to be imported from (in the NAMESPACE file)
     for when this namespace is loaded but not attached.
    See the information on DESCRIPTION files in the chapter ‘Creating R
    packages’ of the ‘Writing R Extensions’ manual.
Flavors: r-devel-linux-x86_64-debian-clang, r-devel-linux-x86_64-debian-gcc, r-devel-linux-x86_64-fedora-clang, r-devel-linux-x86_64-fedora-gcc, r-devel-osx-x86_64-clang, r-devel-windows-ix86+x86_64, r-patched-linux-x86_64, r-patched-solaris-sparc, r-patched-solaris-x86, r-release-linux-ix86, r-release-linux-x86_64, r-release-osx-x86_64-mavericks, r-release-windows-ix86+x86_64, r-oldrel-windows-ix86+x86_64