CRAN Package Check Results for Package robustloggamma

Last updated on 2014-09-01 19:46:34.

Flavor Version Tinstall Tcheck Ttotal Status Flags
r-devel-linux-x86_64-debian-clang 0.4-28 2.29 28.59 30.88 NOTE
r-devel-linux-x86_64-debian-gcc 0.4-28 1.94 27.27 29.20 NOTE
r-devel-linux-x86_64-fedora-clang 0.4-28 60.83 NOTE
r-devel-linux-x86_64-fedora-gcc 0.4-28 57.63 NOTE
r-devel-osx-x86_64-clang 0.4-28 53.01 NOTE
r-devel-windows-ix86+x86_64 0.4-28 10.00 61.00 71.00 NOTE
r-patched-linux-x86_64 0.4-28 2.20 29.54 31.74 NOTE
r-patched-solaris-sparc 0.4-28 371.40 NOTE
r-patched-solaris-x86 0.4-28 80.20 NOTE
r-release-linux-ix86 0.4-28 3.12 41.77 44.89 NOTE
r-release-linux-x86_64 0.4-28 2.01 30.41 32.42 NOTE
r-release-osx-x86_64-mavericks 0.4-28 NOTE
r-release-osx-x86_64-snowleopard 0.4-28 OK
r-release-windows-ix86+x86_64 0.4-28 8.00 63.00 71.00 NOTE
r-oldrel-windows-ix86+x86_64 0.4-28 11.00 67.00 78.00 NOTE

Check Details

Version: 0.4-28
Check: dependencies in R code
Result: NOTE
    Package in Depends field not imported from: ‘robustbase’
     These packages need to be imported from (in the NAMESPACE file)
     for when this namespace is loaded but not attached.
    See the information on DESCRIPTION files in the chapter ‘Creating R
    packages’ of the ‘Writing R Extensions’ manual.
Flavors: r-devel-linux-x86_64-debian-clang, r-devel-linux-x86_64-debian-gcc, r-devel-linux-x86_64-fedora-clang, r-devel-linux-x86_64-fedora-gcc, r-devel-osx-x86_64-clang, r-devel-windows-ix86+x86_64, r-patched-linux-x86_64, r-patched-solaris-sparc, r-patched-solaris-x86, r-release-linux-ix86, r-release-linux-x86_64, r-release-osx-x86_64-mavericks, r-release-windows-ix86+x86_64, r-oldrel-windows-ix86+x86_64

Version: 0.4-28
Check: R code for possible problems
Result: NOTE
    print.summary.loggammarob: no visible global function definition for
     ‘summarizeRobWeights’
Flavors: r-devel-linux-x86_64-debian-clang, r-devel-linux-x86_64-debian-gcc, r-devel-linux-x86_64-fedora-clang, r-devel-linux-x86_64-fedora-gcc, r-devel-osx-x86_64-clang, r-devel-windows-ix86+x86_64