CRAN Package Check Results for Package robustloggamma

Last updated on 2017-10-16 23:47:46.

Flavor Version Tinstall Tcheck Ttotal Status Flags
r-devel-linux-x86_64-debian-clang 1.0-2 4.04 136.70 140.74 NOTE
r-devel-linux-x86_64-debian-gcc 1.0-2 4.61 134.53 139.14 NOTE
r-devel-linux-x86_64-fedora-clang 1.0-2 293.01 NOTE
r-devel-linux-x86_64-fedora-gcc 1.0-2 293.78 NOTE
r-devel-windows-ix86+x86_64 1.0-2 17.00 467.00 484.00 OK
r-patched-linux-x86_64 1.0-2 3.95 132.19 136.14 NOTE
r-patched-solaris-x86 1.0-2 382.20 OK
r-release-linux-x86_64 1.0-2 4.25 132.93 137.18 NOTE
r-release-windows-ix86+x86_64 1.0-2 15.00 364.00 379.00 OK
r-release-osx-x86_64 1.0-2 OK
r-oldrel-windows-ix86+x86_64 1.0-2 20.00 483.00 503.00 OK
r-oldrel-osx-x86_64 1.0-2 OK

Check Details

Version: 1.0-2
Check: compiled code
Result: NOTE
    File ‘robustloggamma/libs/robustloggamma.so’:
     Found no calls to: ‘R_registerRoutines’, ‘R_useDynamicSymbols’
    
    It is good practice to register native routines and to disable symbol
    search.
    
    See ‘Writing portable packages’ in the ‘Writing R Extensions’ manual.
Flavors: r-devel-linux-x86_64-debian-clang, r-devel-linux-x86_64-debian-gcc, r-devel-linux-x86_64-fedora-clang, r-devel-linux-x86_64-fedora-gcc, r-patched-linux-x86_64, r-release-linux-x86_64