CRAN Package Check Results for Package robustloggamma

Last updated on 2015-05-28 19:47:41.

Flavor Version Tinstall Tcheck Ttotal Status Flags
r-devel-linux-x86_64-debian-clang 0.4-31 2.03 28.24 30.27 NOTE
r-devel-linux-x86_64-debian-gcc 0.4-31 1.93 27.63 29.56 NOTE
r-devel-linux-x86_64-fedora-clang 0.4-31 58.27 NOTE
r-devel-linux-x86_64-fedora-gcc 0.4-31 55.61 NOTE
r-devel-osx-x86_64-clang 0.4-31 53.56 NOTE
r-devel-windows-ix86+x86_64 0.4-31 9.00 70.00 79.00 NOTE
r-patched-linux-x86_64 0.4-31 2.21 27.22 29.43 NOTE
r-patched-solaris-sparc 0.4-31 373.70 NOTE
r-patched-solaris-x86 0.4-31 74.90 NOTE
r-release-linux-x86_64 0.4-31 1.97 27.60 29.57 NOTE
r-release-osx-x86_64-mavericks 0.4-31 NOTE
r-release-osx-x86_64-snowleopard 0.4-31 NOTE
r-release-windows-ix86+x86_64 0.4-31 11.00 63.00 74.00 NOTE
r-oldrel-windows-ix86+x86_64 0.4-31 10.00 71.00 81.00 OK

Check Details

Version: 0.4-31
Check: DESCRIPTION meta-information
Result: NOTE
    Malformed Title field: should not end in a period.
Flavors: r-devel-linux-x86_64-debian-clang, r-devel-linux-x86_64-debian-gcc, r-devel-linux-x86_64-fedora-clang, r-devel-linux-x86_64-fedora-gcc, r-devel-osx-x86_64-clang, r-devel-windows-ix86+x86_64, r-patched-linux-x86_64, r-patched-solaris-sparc, r-patched-solaris-x86, r-release-linux-x86_64, r-release-osx-x86_64-mavericks, r-release-osx-x86_64-snowleopard, r-release-windows-ix86+x86_64