CRAN Package Check Results for Package robustloggamma

Last updated on 2018-05-22 12:49:32 CEST.

Flavor Version Tinstall Tcheck Ttotal Status Flags
r-devel-linux-x86_64-debian-clang 1.0-2 15.28 221.13 236.41 NOTE
r-devel-linux-x86_64-debian-gcc 1.0-2 12.27 164.65 176.92 NOTE
r-devel-linux-x86_64-fedora-clang 1.0-2 285.72 NOTE
r-devel-linux-x86_64-fedora-gcc 1.0-2 274.19 NOTE
r-devel-windows-ix86+x86_64 1.0-2 35.00 477.00 512.00 OK
r-patched-linux-x86_64 1.0-2 12.46 207.40 219.86 NOTE
r-patched-solaris-x86 1.0-2 392.80 OK
r-release-linux-x86_64 1.0-2 9.89 203.90 213.79 NOTE
r-release-windows-ix86+x86_64 1.0-2 38.00 446.00 484.00 OK
r-release-osx-x86_64 1.0-2 OK
r-oldrel-windows-ix86+x86_64 1.0-2 28.00 348.00 376.00 OK
r-oldrel-osx-x86_64 1.0-2 OK

Additional issues

MKL

Check Details

Version: 1.0-2
Check: compiled code
Result: NOTE
    File ‘robustloggamma/libs/robustloggamma.so’:
     Found no calls to: ‘R_registerRoutines’, ‘R_useDynamicSymbols’
    
    It is good practice to register native routines and to disable symbol
    search.
    
    See ‘Writing portable packages’ in the ‘Writing R Extensions’ manual.
Flavors: r-devel-linux-x86_64-debian-clang, r-devel-linux-x86_64-debian-gcc, r-devel-linux-x86_64-fedora-clang, r-devel-linux-x86_64-fedora-gcc, r-patched-linux-x86_64, r-release-linux-x86_64