CRAN Package Check Results for Package robustloggamma

Last updated on 2017-08-18 00:50:21.

Flavor Version Tinstall Tcheck Ttotal Status Flags
r-devel-linux-x86_64-debian-clang 1.0-2 4.03 134.46 138.49 NOTE
r-devel-linux-x86_64-debian-gcc 1.0-2 4.18 130.95 135.13 NOTE
r-devel-linux-x86_64-fedora-clang 1.0-2 290.24 NOTE
r-devel-linux-x86_64-fedora-gcc 1.0-2 277.72 NOTE
r-devel-windows-ix86+x86_64 1.0-2 18.00 339.00 357.00 OK
r-patched-linux-x86_64 1.0-2 3.88 135.52 139.40 NOTE
r-patched-solaris-x86 1.0-2 374.10 OK
r-release-linux-x86_64 1.0-2 7.82 131.66 139.48 NOTE
r-release-windows-ix86+x86_64 1.0-2 18.00 365.00 383.00 OK
r-release-osx-x86_64 1.0-2 OK
r-oldrel-windows-ix86+x86_64 1.0-2 18.00 497.00 515.00 OK
r-oldrel-osx-x86_64 1.0-2 OK

Check Details

Version: 1.0-2
Check: compiled code
Result: NOTE
    File ‘robustloggamma/libs/robustloggamma.so’:
     Found no calls to: ‘R_registerRoutines’, ‘R_useDynamicSymbols’
    
    It is good practice to register native routines and to disable symbol
    search.
    
    See ‘Writing portable packages’ in the ‘Writing R Extensions’ manual.
Flavors: r-devel-linux-x86_64-debian-clang, r-devel-linux-x86_64-debian-gcc, r-devel-linux-x86_64-fedora-clang, r-devel-linux-x86_64-fedora-gcc, r-patched-linux-x86_64, r-release-linux-x86_64