CRAN Package Check Results for Package robustloggamma

Last updated on 2015-02-01 03:49:31.

Flavor Version Tinstall Tcheck Ttotal Status Flags
r-devel-linux-x86_64-debian-clang 0.4-28 1.95 26.94 28.89 NOTE
r-devel-linux-x86_64-debian-gcc 0.4-28 1.98 26.61 28.60 NOTE
r-devel-linux-x86_64-fedora-clang 0.4-28 61.38 NOTE
r-devel-linux-x86_64-fedora-gcc 0.4-28 53.88 NOTE
r-devel-osx-x86_64-clang 0.4-28 56.91 NOTE
r-devel-windows-ix86+x86_64 0.4-28 10.00 58.00 68.00 NOTE
r-patched-linux-x86_64 0.4-28 2.10 30.36 32.45 NOTE
r-patched-solaris-sparc 0.4-28 373.00 NOTE
r-patched-solaris-x86 0.4-28 83.10 NOTE
r-release-linux-ix86 0.4-28 2.99 39.71 42.70 NOTE
r-release-linux-x86_64 0.4-28 2.07 30.36 32.43 NOTE
r-release-osx-x86_64-mavericks 0.4-28 NOTE
r-release-osx-x86_64-snowleopard 0.4-28 OK
r-release-windows-ix86+x86_64 0.4-28 9.00 64.00 73.00 NOTE
r-oldrel-windows-ix86+x86_64 0.4-28 10.00 69.00 79.00 NOTE

Check Details

Version: 0.4-28
Check: dependencies in R code
Result: NOTE
    Package in Depends field not imported from: ‘robustbase’
     These packages need to be imported from (in the NAMESPACE file)
     for when this namespace is loaded but not attached.
Flavors: r-devel-linux-x86_64-debian-clang, r-devel-linux-x86_64-debian-gcc, r-devel-linux-x86_64-fedora-clang, r-devel-linux-x86_64-fedora-gcc, r-devel-osx-x86_64-clang, r-devel-windows-ix86+x86_64

Version: 0.4-28
Check: R code for possible problems
Result: NOTE
    print.summary.loggammarob: no visible global function definition for
     ‘summarizeRobWeights’
Flavors: r-devel-linux-x86_64-debian-clang, r-devel-linux-x86_64-debian-gcc, r-devel-linux-x86_64-fedora-clang, r-devel-linux-x86_64-fedora-gcc, r-devel-osx-x86_64-clang, r-devel-windows-ix86+x86_64, r-patched-linux-x86_64, r-patched-solaris-sparc, r-patched-solaris-x86, r-release-linux-ix86, r-release-linux-x86_64, r-release-osx-x86_64-mavericks, r-release-windows-ix86+x86_64

Version: 0.4-28
Check: dependencies in R code
Result: NOTE
    Package in Depends field not imported from: ‘robustbase’
     These packages need to be imported from (in the NAMESPACE file)
     for when this namespace is loaded but not attached.
    See the information on DESCRIPTION files in the chapter ‘Creating R
    packages’ of the ‘Writing R Extensions’ manual.
Flavors: r-patched-linux-x86_64, r-patched-solaris-sparc, r-patched-solaris-x86, r-release-linux-ix86, r-release-linux-x86_64, r-release-osx-x86_64-mavericks, r-release-windows-ix86+x86_64, r-oldrel-windows-ix86+x86_64