CRAN Package Check Results for Package robustloggamma

Last updated on 2015-04-01 17:48:47.

Flavor Version Tinstall Tcheck Ttotal Status Flags
r-devel-linux-x86_64-debian-clang 0.4-31 1.97 30.28 32.25 NOTE
r-devel-linux-x86_64-debian-gcc 0.4-31 1.95 27.27 29.22 NOTE
r-devel-linux-x86_64-fedora-clang 0.4-31 56.79 NOTE
r-devel-linux-x86_64-fedora-gcc 0.4-31 58.55 NOTE
r-devel-osx-x86_64-clang 0.4-31 58.24 NOTE
r-prerel-windows-ix86+x86_64 0.4-31 13.00 60.00 73.00 NOTE
r-prerel-linux-x86_64 0.4-31 1.96 27.80 29.76 NOTE
r-prerel-solaris-sparc 0.4-31 371.10 NOTE
r-prerel-solaris-x86 0.4-31 74.80 NOTE
r-release-linux-x86_64 0.4-31 2.10 31.35 33.45 OK
r-release-osx-x86_64-mavericks 0.4-31 OK
r-release-osx-x86_64-snowleopard 0.4-31 OK
r-release-windows-ix86+x86_64 0.4-31 10.00 70.00 80.00 OK
r-oldrel-windows-ix86+x86_64 0.4-31 11.00 74.00 85.00 OK

Check Details

Version: 0.4-31
Check: DESCRIPTION meta-information
Result: NOTE
    Malformed Title field: should not end in a period.
Flavors: r-devel-linux-x86_64-debian-clang, r-devel-linux-x86_64-debian-gcc, r-devel-linux-x86_64-fedora-clang, r-devel-linux-x86_64-fedora-gcc, r-devel-osx-x86_64-clang, r-prerel-windows-ix86+x86_64, r-prerel-linux-x86_64, r-prerel-solaris-sparc, r-prerel-solaris-x86