CRAN Package Check Results for Package robustloggamma

Last updated on 2014-10-30 17:49:25.

Flavor Version Tinstall Tcheck Ttotal Status Flags
r-devel-linux-x86_64-debian-clang 0.4-28 2.14 29.84 31.98 NOTE
r-devel-linux-x86_64-debian-gcc 0.4-28 1.97 27.68 29.65 NOTE
r-devel-linux-x86_64-fedora-clang 0.4-28 60.23 NOTE
r-devel-linux-x86_64-fedora-gcc 0.4-28 57.33 NOTE
r-devel-osx-x86_64-clang 0.4-28 56.12 NOTE
r-devel-windows-ix86+x86_64 0.4-28 8.00 60.00 68.00 NOTE
r-patched-linux-x86_64 0.4-28 2.10 29.70 31.80 NOTE
r-patched-solaris-sparc 0.4-28 379.70 NOTE
r-patched-solaris-x86 0.4-28 81.60 NOTE
r-release-linux-ix86 0.4-28 3.12 40.90 44.02 NOTE
r-release-linux-x86_64 0.4-28 2.09 29.83 31.92 NOTE
r-release-osx-x86_64-mavericks 0.4-28 NOTE
r-release-osx-x86_64-snowleopard 0.4-28 OK
r-release-windows-ix86+x86_64 0.4-28 9.00 68.00 77.00 NOTE
r-oldrel-windows-ix86+x86_64 0.4-28 8.00 70.00 78.00 NOTE

Check Details

Version: 0.4-28
Check: dependencies in R code
Result: NOTE
    Package in Depends field not imported from: ‘robustbase’
     These packages need to be imported from (in the NAMESPACE file)
     for when this namespace is loaded but not attached.
    See the information on DESCRIPTION files in the chapter ‘Creating R
    packages’ of the ‘Writing R Extensions’ manual.
Flavors: r-devel-linux-x86_64-debian-clang, r-devel-linux-x86_64-debian-gcc, r-devel-linux-x86_64-fedora-clang, r-devel-linux-x86_64-fedora-gcc, r-devel-osx-x86_64-clang, r-devel-windows-ix86+x86_64, r-patched-linux-x86_64, r-patched-solaris-sparc, r-patched-solaris-x86, r-release-linux-ix86, r-release-linux-x86_64, r-release-osx-x86_64-mavericks, r-release-windows-ix86+x86_64, r-oldrel-windows-ix86+x86_64

Version: 0.4-28
Check: R code for possible problems
Result: NOTE
    print.summary.loggammarob: no visible global function definition for
     ‘summarizeRobWeights’
Flavors: r-devel-linux-x86_64-debian-clang, r-devel-linux-x86_64-debian-gcc, r-devel-linux-x86_64-fedora-clang, r-devel-linux-x86_64-fedora-gcc, r-devel-osx-x86_64-clang, r-devel-windows-ix86+x86_64, r-patched-linux-x86_64, r-patched-solaris-sparc, r-patched-solaris-x86