CRAN Package Check Results for Package robustloggamma

Last updated on 2017-05-22 18:52:08.

Flavor Version Tinstall Tcheck Ttotal Status Flags
r-devel-linux-x86_64-debian-clang 1.0-2 4.54 135.26 139.80 NOTE
r-devel-linux-x86_64-debian-gcc 1.0-2 4.54 133.41 137.95 NOTE
r-devel-linux-x86_64-fedora-clang 1.0-2 287.49 NOTE --no-stop-on-test-error
r-devel-linux-x86_64-fedora-gcc 1.0-2 276.20 NOTE --no-stop-on-test-error
r-devel-windows-ix86+x86_64 1.0-2 23.00 340.00 363.00 OK
r-patched-linux-x86_64 1.0-2 4.32 132.82 137.14 NOTE
r-patched-solaris-sparc 1.0-2 1840.90 OK
r-patched-solaris-x86 1.0-2 374.90 OK
r-release-linux-x86_64 1.0-2 4.34 130.91 135.24 NOTE
r-release-windows-ix86+x86_64 1.0-2 18.00 455.00 473.00 OK
r-release-osx-x86_64 1.0-2 OK
r-oldrel-windows-ix86+x86_64 1.0-2 20.00 488.00 508.00 OK
r-oldrel-osx-x86_64 1.0-2 OK

Check Details

Version: 1.0-2
Check: compiled code
Result: NOTE
    File ‘robustloggamma/libs/robustloggamma.so’:
     Found no calls to: ‘R_registerRoutines’, ‘R_useDynamicSymbols’
    
    It is good practice to register native routines and to disable symbol
    search.
    
    See ‘Writing portable packages’ in the ‘Writing R Extensions’ manual.
Flavors: r-devel-linux-x86_64-debian-clang, r-devel-linux-x86_64-debian-gcc, r-patched-linux-x86_64, r-release-linux-x86_64

Version: 1.0-2
Flags: --no-stop-on-test-error
Check: compiled code
Result: NOTE
    File ‘robustloggamma/libs/robustloggamma.so’:
     Found no calls to: ‘R_registerRoutines’, ‘R_useDynamicSymbols’
    
    It is good practice to register native routines and to disable symbol
    search.
    
    See ‘Writing portable packages’ in the ‘Writing R Extensions’ manual.
Flavors: r-devel-linux-x86_64-fedora-clang, r-devel-linux-x86_64-fedora-gcc