CRAN Package Check Results for Package robustloggamma

Last updated on 2017-12-17 18:46:39 CET.

Flavor Version Tinstall Tcheck Ttotal Status Flags
r-devel-linux-x86_64-debian-clang 1.0-2 4.88 220.88 225.76 NOTE
r-devel-linux-x86_64-debian-gcc 1.0-2 4.27 159.74 164.01 NOTE
r-devel-linux-x86_64-fedora-clang 1.0-2 269.72 NOTE
r-devel-linux-x86_64-fedora-gcc 1.0-2 262.19 NOTE
r-devel-windows-ix86+x86_64 1.0-2 18.00 332.00 350.00 OK
r-patched-linux-x86_64 1.0-2 6.12 229.27 235.39 NOTE
r-patched-solaris-x86 1.0-2 410.00 OK
r-release-linux-x86_64 1.0-2 5.54 227.84 233.38 NOTE
r-release-windows-ix86+x86_64 1.0-2 15.00 325.00 340.00 OK
r-release-osx-x86_64 1.0-2 OK
r-oldrel-windows-ix86+x86_64 1.0-2 17.00 472.00 489.00 OK
r-oldrel-osx-x86_64 1.0-2 OK

Check Details

Version: 1.0-2
Check: compiled code
Result: NOTE
    File ‘robustloggamma/libs/robustloggamma.so’:
     Found no calls to: ‘R_registerRoutines’, ‘R_useDynamicSymbols’
    
    It is good practice to register native routines and to disable symbol
    search.
    
    See ‘Writing portable packages’ in the ‘Writing R Extensions’ manual.
Flavors: r-devel-linux-x86_64-debian-clang, r-devel-linux-x86_64-debian-gcc, r-devel-linux-x86_64-fedora-clang, r-devel-linux-x86_64-fedora-gcc, r-patched-linux-x86_64, r-release-linux-x86_64