CRAN Package Check Results for Package robustloggamma

Last updated on 2014-12-23 03:49:51.

Flavor Version Tinstall Tcheck Ttotal Status Flags
r-devel-linux-x86_64-debian-clang 0.4-28 2.05 28.59 30.64 NOTE
r-devel-linux-x86_64-debian-gcc 0.4-28 2.06 28.25 30.32 NOTE
r-devel-linux-x86_64-fedora-clang 0.4-28 62.15 NOTE
r-devel-linux-x86_64-fedora-gcc 0.4-28 58.93 NOTE
r-devel-osx-x86_64-clang 0.4-28 56.21 NOTE
r-devel-windows-ix86+x86_64 0.4-28 8.00 61.00 69.00 NOTE
r-patched-linux-x86_64 0.4-28 2.05 30.07 32.12 NOTE
r-patched-solaris-sparc 0.4-28 373.00 NOTE
r-patched-solaris-x86 0.4-28 82.40 NOTE
r-release-linux-ix86 0.4-28 3.02 39.04 42.07 NOTE
r-release-linux-x86_64 0.4-28 2.06 29.34 31.40 NOTE
r-release-osx-x86_64-mavericks 0.4-28 NOTE
r-release-osx-x86_64-snowleopard 0.4-28 OK
r-release-windows-ix86+x86_64 0.4-28 9.00 68.00 77.00 NOTE
r-oldrel-windows-ix86+x86_64 0.4-28 9.00 69.00 78.00 NOTE

Check Details

Version: 0.4-28
Check: dependencies in R code
Result: NOTE
    Package in Depends field not imported from: ‘robustbase’
     These packages need to be imported from (in the NAMESPACE file)
     for when this namespace is loaded but not attached.
    See the information on DESCRIPTION files in the chapter ‘Creating R
    packages’ of the ‘Writing R Extensions’ manual.
Flavors: r-devel-linux-x86_64-debian-clang, r-devel-linux-x86_64-debian-gcc, r-devel-linux-x86_64-fedora-clang, r-devel-linux-x86_64-fedora-gcc, r-devel-osx-x86_64-clang, r-devel-windows-ix86+x86_64, r-patched-linux-x86_64, r-patched-solaris-sparc, r-patched-solaris-x86, r-release-linux-ix86, r-release-linux-x86_64, r-release-osx-x86_64-mavericks, r-release-windows-ix86+x86_64, r-oldrel-windows-ix86+x86_64

Version: 0.4-28
Check: R code for possible problems
Result: NOTE
    print.summary.loggammarob: no visible global function definition for
     ‘summarizeRobWeights’
Flavors: r-devel-linux-x86_64-debian-clang, r-devel-linux-x86_64-debian-gcc, r-devel-linux-x86_64-fedora-clang, r-devel-linux-x86_64-fedora-gcc, r-devel-osx-x86_64-clang, r-devel-windows-ix86+x86_64, r-patched-linux-x86_64, r-patched-solaris-sparc, r-patched-solaris-x86, r-release-linux-ix86, r-release-linux-x86_64, r-release-windows-ix86+x86_64