CRAN Package Check Results for Package rocc

Last updated on 2015-04-25 15:46:20.

Flavor Version Tinstall Tcheck Ttotal Status Flags
r-devel-linux-x86_64-debian-clang 1.2 0.61 21.18 21.79 NOTE
r-devel-linux-x86_64-debian-gcc 1.2 0.63 20.31 20.94 NOTE
r-devel-linux-x86_64-fedora-clang 1.2 41.99 NOTE
r-devel-linux-x86_64-fedora-gcc 1.2 39.95 NOTE
r-devel-osx-x86_64-clang 1.2 39.79 NOTE
r-devel-windows-ix86+x86_64 1.2 2.00 38.00 40.00 NOTE
r-patched-linux-x86_64 1.2 0.64 22.58 23.23 NOTE
r-patched-solaris-sparc 1.2 251.00 NOTE
r-patched-solaris-x86 1.2 48.80 NOTE
r-release-linux-x86_64 1.2 0.63 20.41 21.04 NOTE
r-release-osx-x86_64-mavericks 1.2 NOTE
r-release-osx-x86_64-snowleopard 1.2 NOTE
r-release-windows-ix86+x86_64 1.2 2.00 38.00 40.00 NOTE
r-oldrel-windows-ix86+x86_64 1.2 3.00 51.00 54.00 NOTE

Check Details

Version: 1.2
Check: dependencies in R code
Result: NOTE
    'library' or 'require' call to 'ROCR' which was already attached by Depends.
     Please remove these calls from your code.
    Package in Depends field not imported from: 'ROCR'
     These packages need to be imported from (in the NAMESPACE file)
     for when this namespace is loaded but not attached.
Flavors: r-devel-windows-ix86+x86_64, r-release-windows-ix86+x86_64, r-oldrel-windows-ix86+x86_64

Version: 1.2
Check: R code for possible problems
Result: NOTE
    o.rocc: warning in factor(pr, level = c(0, 1)): partial argument match
     of 'level' to 'levels'
    p.rocc: warning in factor(pr, level = c(0, 1)): partial argument match
     of 'level' to 'levels'
    o.rocc: no visible global function definition for 'prediction'
    o.rocc: no visible global function definition for 'performance'
    tr.rocc: no visible global function definition for 'prediction'
    tr.rocc: no visible global function definition for 'performance'
Flavors: r-devel-windows-ix86+x86_64, r-release-windows-ix86+x86_64, r-oldrel-windows-ix86+x86_64