CRAN Package Check Results for Package rocc

Last updated on 2014-04-17 10:47:55.

Flavor Version Tinstall Tcheck Ttotal Status Flags
r-devel-linux-x86_64-debian-clang 1.2 0.87 25.97 26.84 NOTE
r-devel-linux-x86_64-debian-gcc 1.2 0.84 25.16 26.00 NOTE
r-devel-linux-x86_64-fedora-clang 1.2 51.09 NOTE
r-devel-linux-x86_64-fedora-gcc 1.2 48.92 NOTE
r-devel-macosx-x86_64-clang 1.2 48.53 NOTE
r-devel-macosx-x86_64-gcc 1.2 NOTE
r-devel-windows-ix86+x86_64 1.2 3.00 39.00 42.00 NOTE
r-patched-linux-x86_64 1.2 0.84 25.60 26.44 NOTE
r-patched-solaris-sparc 1.2 269.00 NOTE
r-patched-solaris-x86 1.2 57.60 NOTE
r-release-linux-ix86 1.2 2.00 43.00 45.00 NOTE
r-release-linux-x86_64 1.2 0.90 24.65 25.55 NOTE
r-release-macosx-x86_64 1.2 NOTE
r-release-windows-ix86+x86_64 1.2 3.00 40.00 43.00 NOTE
r-oldrel-windows-ix86+x86_64 1.2 3.00 37.00 40.00 NOTE

Check Details

Version: 1.2
Check: dependencies in R code
Result: NOTE
    'library' or 'require' call to ‘ROCR’ which was already attached by Depends.
     Please remove these calls from your code.
    Package in Depends field not imported from: ‘ROCR’
     These packages need to be imported from (in the NAMESPACE file)
     for when this namespace is loaded but not attached.
    See the information on DESCRIPTION files in the chapter ‘Creating R
    packages’ of the ‘Writing R Extensions’ manual.
Flavors: r-devel-linux-x86_64-debian-clang, r-devel-linux-x86_64-debian-gcc, r-devel-linux-x86_64-fedora-clang, r-devel-linux-x86_64-fedora-gcc, r-devel-macosx-x86_64-clang, r-devel-macosx-x86_64-gcc, r-devel-windows-ix86+x86_64, r-patched-linux-x86_64, r-patched-solaris-sparc, r-patched-solaris-x86, r-release-linux-ix86, r-release-linux-x86_64, r-release-windows-ix86+x86_64, r-oldrel-windows-ix86+x86_64

Version: 1.2
Check: R code for possible problems
Result: NOTE
    o.rocc: warning in factor(pr, level = c(0, 1)): partial argument match
     of 'level' to 'levels'
    p.rocc: warning in factor(pr, level = c(0, 1)): partial argument match
     of 'level' to 'levels'
Flavors: r-devel-linux-x86_64-debian-clang, r-devel-linux-x86_64-debian-gcc, r-devel-linux-x86_64-fedora-clang, r-devel-linux-x86_64-fedora-gcc, r-devel-macosx-x86_64-clang, r-devel-macosx-x86_64-gcc, r-devel-windows-ix86+x86_64, r-patched-linux-x86_64, r-patched-solaris-sparc, r-patched-solaris-x86, r-release-linux-ix86, r-release-linux-x86_64, r-release-macosx-x86_64, r-release-windows-ix86+x86_64, r-oldrel-windows-ix86+x86_64

Version: 1.2
Check: dependencies in R code
Result: NOTE
    'library' or 'require' call to 'ROCR' which was already attached by Depends.
     Please remove these calls from your code.
    See the information on DESCRIPTION files in the chapter 'Creating R
    packages' of the 'Writing R Extensions' manual.
Flavor: r-release-macosx-x86_64