CRAN Package Check Results for Package rocc

Last updated on 2017-12-14 06:47:19 CET.

Flavor Version Tinstall Tcheck Ttotal Status Flags
r-devel-linux-x86_64-debian-clang 1.2 0.86 30.18 31.04 NOTE
r-devel-linux-x86_64-debian-gcc 1.2 0.76 26.60 27.36 NOTE
r-devel-linux-x86_64-fedora-clang 1.2 39.28 NOTE
r-devel-linux-x86_64-fedora-gcc 1.2 39.16 NOTE
r-devel-windows-ix86+x86_64 1.2 5.00 40.00 45.00 NOTE
r-patched-linux-x86_64 1.2 0.96 34.36 35.32 NOTE
r-patched-solaris-x86 1.2 52.80 NOTE
r-release-linux-x86_64 1.2 0.81 32.87 33.68 NOTE
r-release-windows-ix86+x86_64 1.2 4.00 57.00 61.00 NOTE
r-release-osx-x86_64 1.2 NOTE
r-oldrel-windows-ix86+x86_64 1.2 3.00 51.00 54.00 NOTE
r-oldrel-osx-x86_64 1.2 NOTE

Check Details

Version: 1.2
Check: dependencies in R code
Result: NOTE
    'library' or 'require' call to ‘ROCR’ which was already attached by Depends.
     Please remove these calls from your code.
    Package in Depends field not imported from: ‘ROCR’
     These packages need to be imported from (in the NAMESPACE file)
     for when this namespace is loaded but not attached.
Flavors: r-devel-linux-x86_64-debian-clang, r-devel-linux-x86_64-debian-gcc, r-devel-linux-x86_64-fedora-clang, r-devel-linux-x86_64-fedora-gcc, r-devel-windows-ix86+x86_64, r-patched-linux-x86_64, r-patched-solaris-x86, r-release-linux-x86_64, r-release-windows-ix86+x86_64, r-release-osx-x86_64, r-oldrel-windows-ix86+x86_64, r-oldrel-osx-x86_64

Version: 1.2
Check: R code for possible problems
Result: NOTE
    o.rocc: warning in factor(pr, level = c(0, 1)): partial argument match
     of ‘level’ to ‘levels’
    p.rocc: warning in factor(pr, level = c(0, 1)): partial argument match
     of ‘level’ to ‘levels’
    o.rocc: no visible global function definition for ‘prediction’
    o.rocc: no visible global function definition for ‘performance’
    o.rocc: no visible global function definition for ‘binom.test’
    tr.rocc: no visible global function definition for ‘prediction’
    tr.rocc: no visible global function definition for ‘performance’
    Undefined global functions or variables:
     binom.test performance prediction
    Consider adding
     importFrom("stats", "binom.test")
    to your NAMESPACE file.
Flavors: r-devel-linux-x86_64-debian-clang, r-devel-linux-x86_64-debian-gcc, r-devel-linux-x86_64-fedora-clang, r-devel-linux-x86_64-fedora-gcc, r-devel-windows-ix86+x86_64, r-patched-linux-x86_64, r-patched-solaris-x86, r-release-linux-x86_64, r-release-windows-ix86+x86_64, r-release-osx-x86_64, r-oldrel-windows-ix86+x86_64, r-oldrel-osx-x86_64