CRAN Package Check Results for Package rocc

Last updated on 2015-03-27 10:48:10.

Flavor Version Tinstall Tcheck Ttotal Status Flags
r-devel-linux-x86_64-debian-clang 1.2 0.63 20.52 21.15 NOTE
r-devel-linux-x86_64-debian-gcc 1.2 0.64 20.02 20.65 NOTE
r-devel-linux-x86_64-fedora-clang 1.2 42.79 NOTE
r-devel-linux-x86_64-fedora-gcc 1.2 39.41 NOTE
r-devel-osx-x86_64-clang 1.2 42.93 NOTE
r-prerel-windows-ix86+x86_64 1.2 3.00 33.00 36.00 NOTE
r-prerel-linux-x86_64 1.2 0.78 20.69 21.47 NOTE
r-prerel-solaris-sparc 1.2 251.00 NOTE
r-prerel-solaris-x86 1.2 49.80 NOTE
r-release-linux-x86_64 1.2 0.98 24.42 25.40 NOTE
r-release-osx-x86_64-mavericks 1.2 NOTE
r-release-osx-x86_64-snowleopard 1.2 NOTE
r-release-windows-ix86+x86_64 1.2 5.00 43.00 48.00 NOTE
r-oldrel-windows-ix86+x86_64 1.2 4.00 64.00 68.00 NOTE

Check Details

Version: 1.2
Check: dependencies in R code
Result: NOTE
    'library' or 'require' call to ‘ROCR’ which was already attached by Depends.
     Please remove these calls from your code.
    Package in Depends field not imported from: ‘ROCR’
     These packages need to be imported from (in the NAMESPACE file)
     for when this namespace is loaded but not attached.
Flavors: r-devel-linux-x86_64-debian-clang, r-devel-linux-x86_64-debian-gcc, r-devel-linux-x86_64-fedora-clang, r-devel-linux-x86_64-fedora-gcc, r-devel-osx-x86_64-clang, r-prerel-windows-ix86+x86_64, r-prerel-linux-x86_64, r-prerel-solaris-sparc, r-prerel-solaris-x86, r-release-linux-x86_64, r-release-windows-ix86+x86_64

Version: 1.2
Check: R code for possible problems
Result: NOTE
    o.rocc: warning in factor(pr, level = c(0, 1)): partial argument match
     of ‘level’ to ‘levels’
    p.rocc: warning in factor(pr, level = c(0, 1)): partial argument match
     of ‘level’ to ‘levels’
    o.rocc: no visible global function definition for ‘prediction’
    o.rocc: no visible global function definition for ‘performance’
    tr.rocc: no visible global function definition for ‘prediction’
    tr.rocc: no visible global function definition for ‘performance’
Flavors: r-devel-linux-x86_64-debian-clang, r-devel-linux-x86_64-debian-gcc, r-devel-linux-x86_64-fedora-clang, r-devel-linux-x86_64-fedora-gcc, r-devel-osx-x86_64-clang, r-prerel-windows-ix86+x86_64, r-prerel-linux-x86_64, r-prerel-solaris-sparc, r-prerel-solaris-x86, r-release-linux-x86_64, r-release-osx-x86_64-mavericks, r-release-windows-ix86+x86_64

Version: 1.2
Check: dependencies in R code
Result: NOTE
    'library' or 'require' call to ‘ROCR’ which was already attached by Depends.
     Please remove these calls from your code.
    Package in Depends field not imported from: ‘ROCR’
     These packages need to be imported from (in the NAMESPACE file)
     for when this namespace is loaded but not attached.
    See the information on DESCRIPTION files in the chapter ‘Creating R
    packages’ of the ‘Writing R Extensions’ manual.
Flavors: r-release-osx-x86_64-mavericks, r-oldrel-windows-ix86+x86_64

Version: 1.2
Check: dependencies in R code
Result: NOTE
    'library' or 'require' call to 'ROCR' which was already attached by Depends.
     Please remove these calls from your code.
    See the information on DESCRIPTION files in the chapter 'Creating R
    packages' of the 'Writing R Extensions' manual.
Flavor: r-release-osx-x86_64-snowleopard

Version: 1.2
Check: R code for possible problems
Result: NOTE
    o.rocc: warning in factor(pr, level = c(0, 1)): partial argument match
     of 'level' to 'levels'
    p.rocc: warning in factor(pr, level = c(0, 1)): partial argument match
     of 'level' to 'levels'
Flavors: r-release-osx-x86_64-snowleopard, r-oldrel-windows-ix86+x86_64