CRAN Package Check Results for Package rocc

Last updated on 2014-08-31 05:50:19.

Flavor Version Tinstall Tcheck Ttotal Status Flags
r-devel-linux-x86_64-debian-clang 1.2 0.87 23.02 23.89 NOTE
r-devel-linux-x86_64-debian-gcc 1.2 0.94 22.40 23.34 NOTE
r-devel-linux-x86_64-fedora-clang 1.2 49.94 NOTE
r-devel-linux-x86_64-fedora-gcc 1.2 45.71 NOTE
r-devel-osx-x86_64-clang 1.2 43.40 NOTE
r-devel-windows-ix86+x86_64 1.2 4.00 37.00 41.00 NOTE
r-patched-linux-x86_64 1.2 0.77 23.68 24.45 NOTE
r-patched-solaris-sparc 1.2 273.00 NOTE
r-patched-solaris-x86 1.2 57.20 NOTE
r-release-linux-ix86 1.2 1.13 33.11 34.24 NOTE
r-release-linux-x86_64 1.2 1.00 24.32 25.32 NOTE
r-release-osx-x86_64-mavericks 1.2 NOTE
r-release-osx-x86_64-snowleopard 1.2 NOTE
r-release-windows-ix86+x86_64 1.2 5.00 61.00 66.00 NOTE
r-oldrel-windows-ix86+x86_64 1.2 4.00 40.00 44.00 NOTE

Check Details

Version: 1.2
Check: dependencies in R code
Result: NOTE
    'library' or 'require' call to ‘ROCR’ which was already attached by Depends.
     Please remove these calls from your code.
    Package in Depends field not imported from: ‘ROCR’
     These packages need to be imported from (in the NAMESPACE file)
     for when this namespace is loaded but not attached.
    See the information on DESCRIPTION files in the chapter ‘Creating R
    packages’ of the ‘Writing R Extensions’ manual.
Flavors: r-devel-linux-x86_64-debian-clang, r-devel-linux-x86_64-debian-gcc, r-devel-linux-x86_64-fedora-clang, r-devel-linux-x86_64-fedora-gcc, r-devel-osx-x86_64-clang, r-devel-windows-ix86+x86_64, r-patched-linux-x86_64, r-patched-solaris-sparc, r-patched-solaris-x86, r-release-linux-ix86, r-release-linux-x86_64, r-release-osx-x86_64-mavericks, r-release-windows-ix86+x86_64, r-oldrel-windows-ix86+x86_64

Version: 1.2
Check: R code for possible problems
Result: NOTE
    o.rocc: warning in factor(pr, level = c(0, 1)): partial argument match
     of 'level' to 'levels'
    p.rocc: warning in factor(pr, level = c(0, 1)): partial argument match
     of 'level' to 'levels'
    o.rocc: no visible global function definition for ‘prediction’
    o.rocc: no visible global function definition for ‘performance’
    tr.rocc: no visible global function definition for ‘prediction’
    tr.rocc: no visible global function definition for ‘performance’
Flavors: r-devel-linux-x86_64-debian-clang, r-devel-linux-x86_64-debian-gcc, r-devel-linux-x86_64-fedora-clang, r-devel-linux-x86_64-fedora-gcc, r-devel-osx-x86_64-clang, r-devel-windows-ix86+x86_64

Version: 1.2
Check: R code for possible problems
Result: NOTE
    o.rocc: warning in factor(pr, level = c(0, 1)): partial argument match
     of 'level' to 'levels'
    p.rocc: warning in factor(pr, level = c(0, 1)): partial argument match
     of 'level' to 'levels'
Flavors: r-patched-linux-x86_64, r-patched-solaris-sparc, r-patched-solaris-x86, r-release-linux-ix86, r-release-linux-x86_64, r-release-osx-x86_64-mavericks, r-release-osx-x86_64-snowleopard, r-release-windows-ix86+x86_64, r-oldrel-windows-ix86+x86_64

Version: 1.2
Check: dependencies in R code
Result: NOTE
    'library' or 'require' call to 'ROCR' which was already attached by Depends.
     Please remove these calls from your code.
    See the information on DESCRIPTION files in the chapter 'Creating R
    packages' of the 'Writing R Extensions' manual.
Flavor: r-release-osx-x86_64-snowleopard