CRAN Package Check Results for Package rocc

Last updated on 2015-08-03 05:47:59.

Flavor Version Tinstall Tcheck Ttotal Status Flags
r-devel-linux-x86_64-debian-clang 1.2 0.60 20.90 21.50 NOTE
r-devel-linux-x86_64-debian-gcc 1.2 0.61 20.10 20.72 NOTE
r-devel-linux-x86_64-fedora-clang 1.2 42.06 NOTE
r-devel-linux-x86_64-fedora-gcc 1.2 39.00 NOTE
r-devel-osx-x86_64-clang 1.2 36.39 NOTE
r-devel-windows-ix86+x86_64 1.2 3.00 51.00 54.00 NOTE
r-patched-linux-x86_64 1.2 0.72 21.30 22.02 NOTE
r-patched-solaris-sparc 1.2 248.00 NOTE
r-patched-solaris-x86 1.2 48.80 NOTE
r-release-linux-x86_64 1.2 0.72 21.95 22.67 NOTE
r-release-osx-x86_64-mavericks 1.2 NOTE
r-release-windows-ix86+x86_64 1.2 5.00 38.00 43.00 NOTE
r-oldrel-windows-ix86+x86_64 1.2 6.00 46.00 52.00 NOTE

Check Details

Version: 1.2
Check: dependencies in R code
Result: NOTE
    'library' or 'require' call to ‘ROCR’ which was already attached by Depends.
     Please remove these calls from your code.
    Package in Depends field not imported from: ‘ROCR’
     These packages need to be imported from (in the NAMESPACE file)
     for when this namespace is loaded but not attached.
Flavors: r-devel-linux-x86_64-debian-clang, r-devel-linux-x86_64-debian-gcc, r-devel-linux-x86_64-fedora-clang, r-devel-linux-x86_64-fedora-gcc, r-devel-osx-x86_64-clang, r-devel-windows-ix86+x86_64, r-patched-linux-x86_64, r-patched-solaris-sparc, r-patched-solaris-x86, r-release-linux-x86_64, r-release-osx-x86_64-mavericks, r-release-windows-ix86+x86_64, r-oldrel-windows-ix86+x86_64

Version: 1.2
Check: R code for possible problems
Result: NOTE
    o.rocc: warning in factor(pr, level = c(0, 1)): partial argument match
     of ‘level’ to ‘levels’
    p.rocc: warning in factor(pr, level = c(0, 1)): partial argument match
     of ‘level’ to ‘levels’
    o.rocc: no visible global function definition for ‘prediction’
    o.rocc: no visible global function definition for ‘performance’
    o.rocc: no visible global function definition for ‘binom.test’
    tr.rocc: no visible global function definition for ‘prediction’
    tr.rocc: no visible global function definition for ‘performance’
    Undefined global functions or variables:
     binom.test performance prediction
    Consider adding
     importFrom("stats", "binom.test")
    to your NAMESPACE.
Flavors: r-devel-linux-x86_64-debian-clang, r-devel-linux-x86_64-debian-gcc, r-devel-linux-x86_64-fedora-clang, r-devel-linux-x86_64-fedora-gcc, r-devel-windows-ix86+x86_64

Version: 1.2
Check: R code for possible problems
Result: NOTE
    o.rocc: warning in factor(pr, level = c(0, 1)): partial argument match
     of 'level' to 'levels'
    p.rocc: warning in factor(pr, level = c(0, 1)): partial argument match
     of 'level' to 'levels'
    o.rocc: no visible global function definition for ‘prediction’
    o.rocc: no visible global function definition for ‘performance’
    tr.rocc: no visible global function definition for ‘prediction’
    tr.rocc: no visible global function definition for ‘performance’
    Undefined global functions or variables:
     performance prediction
Flavor: r-devel-osx-x86_64-clang

Version: 1.2
Check: R code for possible problems
Result: NOTE
    o.rocc: warning in factor(pr, level = c(0, 1)): partial argument match
     of ‘level’ to ‘levels’
    p.rocc: warning in factor(pr, level = c(0, 1)): partial argument match
     of ‘level’ to ‘levels’
    o.rocc: no visible global function definition for ‘prediction’
    o.rocc: no visible global function definition for ‘performance’
    tr.rocc: no visible global function definition for ‘prediction’
    tr.rocc: no visible global function definition for ‘performance’
Flavors: r-patched-linux-x86_64, r-patched-solaris-sparc, r-patched-solaris-x86, r-release-linux-x86_64, r-release-osx-x86_64-mavericks, r-release-windows-ix86+x86_64, r-oldrel-windows-ix86+x86_64