CRAN Package Check Results for Package rocc

Last updated on 2015-07-06 11:48:22.

Flavor Version Tinstall Tcheck Ttotal Status Flags
r-devel-linux-x86_64-debian-clang 1.2 0.59 20.26 20.86 NOTE
r-devel-linux-x86_64-debian-gcc 1.2 0.61 20.74 21.35 NOTE
r-devel-linux-x86_64-fedora-clang 1.2 39.96 NOTE
r-devel-linux-x86_64-fedora-gcc 1.2 37.19 NOTE
r-devel-osx-x86_64-clang 1.2 35.19 NOTE
r-devel-windows-ix86+x86_64 1.2 5.00 49.00 54.00 NOTE
r-patched-linux-x86_64 1.2 0.63 20.63 21.26 NOTE
r-patched-solaris-sparc 1.2 245.40 NOTE
r-patched-solaris-x86 1.2 49.10 NOTE
r-release-linux-x86_64 1.2 0.67 20.31 20.98 NOTE
r-release-osx-x86_64-mavericks 1.2 NOTE
r-release-windows-ix86+x86_64 1.2 4.00 31.00 35.00 NOTE
r-oldrel-windows-ix86+x86_64 1.2 5.00 48.00 53.00 NOTE

Check Details

Version: 1.2
Check: dependencies in R code
Result: NOTE
    'library' or 'require' call to ‘ROCR’ which was already attached by Depends.
     Please remove these calls from your code.
    Package in Depends field not imported from: ‘ROCR’
     These packages need to be imported from (in the NAMESPACE file)
     for when this namespace is loaded but not attached.
Flavors: r-devel-linux-x86_64-debian-clang, r-devel-linux-x86_64-debian-gcc, r-devel-linux-x86_64-fedora-clang, r-devel-linux-x86_64-fedora-gcc, r-devel-osx-x86_64-clang, r-devel-windows-ix86+x86_64, r-patched-linux-x86_64, r-patched-solaris-sparc, r-patched-solaris-x86, r-release-linux-x86_64, r-release-osx-x86_64-mavericks, r-release-windows-ix86+x86_64, r-oldrel-windows-ix86+x86_64

Version: 1.2
Check: R code for possible problems
Result: NOTE
    o.rocc: warning in factor(pr, level = c(0, 1)): partial argument match
     of ‘level’ to ‘levels’
    p.rocc: warning in factor(pr, level = c(0, 1)): partial argument match
     of ‘level’ to ‘levels’
    o.rocc: no visible global function definition for ‘prediction’
    o.rocc: no visible global function definition for ‘performance’
    o.rocc: no visible global function definition for ‘binom.test’
    tr.rocc: no visible global function definition for ‘prediction’
    tr.rocc: no visible global function definition for ‘performance’
    Undefined global functions or variables:
     binom.test performance prediction
Flavors: r-devel-linux-x86_64-debian-clang, r-devel-linux-x86_64-debian-gcc, r-devel-linux-x86_64-fedora-clang, r-devel-linux-x86_64-fedora-gcc, r-devel-windows-ix86+x86_64

Version: 1.2
Check: R code for possible problems
Result: NOTE
    o.rocc: warning in factor(pr, level = c(0, 1)): partial argument match
     of 'level' to 'levels'
    p.rocc: warning in factor(pr, level = c(0, 1)): partial argument match
     of 'level' to 'levels'
    o.rocc: no visible global function definition for ‘prediction’
    o.rocc: no visible global function definition for ‘performance’
    tr.rocc: no visible global function definition for ‘prediction’
    tr.rocc: no visible global function definition for ‘performance’
    Undefined global functions or variables:
     performance prediction
Flavor: r-devel-osx-x86_64-clang

Version: 1.2
Check: R code for possible problems
Result: NOTE
    o.rocc: warning in factor(pr, level = c(0, 1)): partial argument match
     of ‘level’ to ‘levels’
    p.rocc: warning in factor(pr, level = c(0, 1)): partial argument match
     of ‘level’ to ‘levels’
    o.rocc: no visible global function definition for ‘prediction’
    o.rocc: no visible global function definition for ‘performance’
    tr.rocc: no visible global function definition for ‘prediction’
    tr.rocc: no visible global function definition for ‘performance’
Flavors: r-patched-linux-x86_64, r-patched-solaris-sparc, r-patched-solaris-x86, r-release-linux-x86_64, r-release-osx-x86_64-mavericks, r-release-windows-ix86+x86_64, r-oldrel-windows-ix86+x86_64