CRAN Package Check Results for Package rockchalk

Last updated on 2014-12-22 06:48:46.

Flavor Version Tinstall Tcheck Ttotal Status Flags
r-devel-linux-x86_64-debian-clang 1.8.86 6.67 84.72 91.38 OK
r-devel-linux-x86_64-debian-gcc 1.8.86 5.24 83.26 88.50 OK
r-devel-linux-x86_64-fedora-clang 1.8.86 203.38 OK
r-devel-linux-x86_64-fedora-gcc 1.8.86 192.68 OK
r-devel-osx-x86_64-clang 1.8.86 181.96 OK
r-devel-windows-ix86+x86_64 1.8.86 15.00 126.00 141.00 OK
r-patched-linux-x86_64 1.8.86 5.66 87.80 93.46 OK
r-patched-solaris-sparc 1.8.86 1091.90 OK
r-patched-solaris-x86 1.8.86 253.40 OK
r-release-linux-ix86 1.8.86 6.36 99.40 105.76 OK
r-release-linux-x86_64 1.8.86 5.84 87.74 93.58 OK
r-release-osx-x86_64-mavericks 1.8.86 NOTE
r-release-osx-x86_64-snowleopard 1.8.86 OK
r-release-windows-ix86+x86_64 1.8.86 16.00 129.00 145.00 OK
r-oldrel-windows-ix86+x86_64 1.8.86 16.00 129.00 145.00 OK

Check Details

Version: 1.8.86
Check: re-building of vignette outputs
Result: NOTE
    Error in re-building vignettes:
     ...
    Error in texi2dvi(file = file, pdf = TRUE, clean = clean, quiet = quiet, :
     Running 'texi2dvi' on 'Rchaeology.tex' failed.
    LaTeX errors:
    ! LaTeX Error: File `breakurl.sty' not found.
    
    Type X to quit or <RETURN> to proceed,
    or enter new name. (Default extension: sty)
    
    gn_test/rockchalk/vignettes/Rchaeology.tex:22: ==> Fatal error occurred, no ou
    tput PDF file produced!
    Calls: buildVignettes -> texi2pdf -> texi2dvi
    Execution halted
Flavor: r-release-osx-x86_64-mavericks