CRAN Package Check Results for Package rockchalk

Last updated on 2015-05-27 11:49:33.

Flavor Version Tinstall Tcheck Ttotal Status Flags
r-devel-linux-x86_64-debian-clang 1.8.92 4.98 84.48 89.46 OK
r-devel-linux-x86_64-debian-gcc 1.8.92 4.71 82.36 87.08 OK
r-devel-linux-x86_64-fedora-clang 1.8.92 187.06 OK
r-devel-linux-x86_64-fedora-gcc 1.8.92 180.28 OK
r-devel-osx-x86_64-clang 1.8.92 175.93 OK
r-devel-windows-ix86+x86_64 1.8.92 17.00 131.00 148.00 OK
r-patched-linux-x86_64 1.8.92 4.61 82.11 86.72 OK
r-patched-solaris-sparc 1.8.92 1110.10 OK
r-patched-solaris-x86 1.8.92 238.30 OK
r-release-linux-x86_64 1.8.92 4.82 85.88 90.70 OK
r-release-osx-x86_64-mavericks 1.8.92 NOTE
r-release-osx-x86_64-snowleopard 1.8.92 ERROR
r-release-windows-ix86+x86_64 1.8.92 15.00 135.00 150.00 OK
r-oldrel-windows-ix86+x86_64 1.8.92 28.00 201.00 229.00 OK

Check Details

Version: 1.8.92
Check: Rd cross-references
Result: NOTE
    Packages unavailable to check Rd xrefs: ‘pequod’, ‘HH’
Flavor: r-release-osx-x86_64-mavericks

Version: 1.8.92
Check: package dependencies
Result: ERROR
    Packages required but not available: ‘car’ ‘tables’
    
    See section ‘The DESCRIPTION file’ in the ‘Writing R Extensions’
    manual.
Flavor: r-release-osx-x86_64-snowleopard