CRAN Package Check Results for Package rockchalk

Last updated on 2018-04-24 00:47:14 CEST.

Flavor Version Tinstall Tcheck Ttotal Status Flags
r-devel-linux-x86_64-debian-clang 1.8.110 8.92 130.33 139.25 WARN
r-devel-linux-x86_64-debian-gcc 1.8.110 8.05 111.86 119.91 WARN
r-devel-linux-x86_64-fedora-clang 1.8.110 189.54 WARN
r-devel-linux-x86_64-fedora-gcc 1.8.110 183.43 WARN
r-devel-windows-ix86+x86_64 1.8.110 26.00 161.00 187.00 WARN
r-devel-osx-x86_64 1.8.110 OK
r-patched-linux-x86_64 1.8.110 10.62 140.09 150.71 WARN
r-patched-solaris-x86 1.8.110 237.70 WARN
r-release-linux-x86_64 1.8.110 8.43 139.21 147.64 WARN
r-release-windows-ix86+x86_64 1.8.110 15.00 230.00 245.00 OK
r-release-osx-x86_64 1.8.110 OK
r-oldrel-windows-ix86+x86_64 1.8.110 13.00 168.00 181.00 OK

Check Details

Version: 1.8.110
Check: examples
Result: WARN
    Found the following significant warnings:
    
     Warning: 'rBind' is deprecated.
    Deprecated functions may be defunct as soon as of the next release of
    R.
    See ?Deprecated.
Flavors: r-devel-linux-x86_64-debian-clang, r-devel-linux-x86_64-debian-gcc, r-devel-linux-x86_64-fedora-clang, r-devel-linux-x86_64-fedora-gcc, r-devel-windows-ix86+x86_64, r-patched-linux-x86_64, r-patched-solaris-x86, r-release-linux-x86_64