CRAN Package Check Results for Package rockchalk

Last updated on 2014-08-21 01:47:52.

Flavor Version Tinstall Tcheck Ttotal Status Flags
r-devel-linux-x86_64-debian-clang 1.8.86 5.74 80.63 86.38 OK
r-devel-linux-x86_64-debian-gcc 1.8.86 5.50 80.32 85.82 OK
r-devel-linux-x86_64-fedora-clang 1.8.86 208.08 OK
r-devel-linux-x86_64-fedora-gcc 1.8.86 213.42 OK
r-devel-osx-x86_64-clang 1.8.86 173.07 OK
r-devel-windows-ix86+x86_64 1.8.86 15.00 122.00 137.00 OK
r-patched-linux-x86_64 1.8.86 5.60 81.59 87.19 OK
r-patched-solaris-sparc 1.8.86 1019.70 OK
r-patched-solaris-x86 1.8.86 262.70 OK
r-release-linux-ix86 1.8.86 6.54 102.50 109.05 OK
r-release-linux-x86_64 1.8.86 5.74 83.51 89.25 OK
r-release-osx-x86_64-mavericks 1.8.86 NOTE
r-release-osx-x86_64-snowleopard 1.8.86 OK
r-release-windows-ix86+x86_64 1.8.86 13.00 133.00 146.00 OK
r-oldrel-windows-ix86+x86_64 1.8.86 14.00 127.00 141.00 OK

Check Details

Version: 1.8.86
Check: re-building of vignette outputs
Result: NOTE
    Error in re-building vignettes:
     ...
    Error in texi2dvi(file = file, pdf = TRUE, clean = clean, quiet = quiet, :
     Running 'texi2dvi' on 'Rchaeology.tex' failed.
    LaTeX errors:
    ! LaTeX Error: File `breakurl.sty' not found.
    
    Type X to quit or <RETURN> to proceed,
    or enter new name. (Default extension: sty)
    
    gn_test/rockchalk/vignettes/Rchaeology.tex:22: ==> Fatal error occurred, no ou
    tput PDF file produced!
    Calls: buildVignettes -> texi2pdf -> texi2dvi
    Execution halted
Flavor: r-release-osx-x86_64-mavericks