CRAN Package Check Results for Package rockchalk

Last updated on 2014-07-28 20:47:04.

Flavor Version Tinstall Tcheck Ttotal Status Flags
r-devel-linux-x86_64-debian-clang 1.8.0 1.63 41.70 43.34 NOTE
r-devel-linux-x86_64-debian-gcc 1.8.0 1.88 41.01 42.89 NOTE
r-devel-linux-x86_64-fedora-clang 1.8.0 100.47 NOTE
r-devel-linux-x86_64-fedora-gcc 1.8.0 94.64 NOTE
r-devel-osx-x86_64-clang 1.8.0 94.66 NOTE
r-devel-windows-ix86+x86_64 1.8.0 5.00 69.00 74.00 NOTE
r-patched-linux-x86_64 1.8.0 1.53 40.74 42.27 NOTE
r-patched-solaris-sparc 1.8.0 517.40 NOTE
r-patched-solaris-x86 1.8.0 123.30 NOTE
r-release-linux-ix86 1.8.0 2.07 55.86 57.92 NOTE
r-release-linux-x86_64 1.8.0 1.67 42.79 44.46 NOTE
r-release-osx-x86_64-mavericks 1.8.0 NOTE
r-release-osx-x86_64-snowleopard 1.8.0 NOTE
r-release-windows-ix86+x86_64 1.8.0 4.00 70.00 74.00 NOTE
r-oldrel-windows-ix86+x86_64 1.8.0 6.00 76.00 82.00 NOTE

Check Details

Version: 1.8.0
Check: dependencies in R code
Result: NOTE
    Package in Depends field not imported from: MASS
     These packages need to be imported from (in the NAMESPACE file)
     for when this namespace is loaded but not attached.
    Unexported object imported by a ':::' call: grDevices:::checkIntFormat
     See the note in ?`:::` about the use of this operator.
    There are ::: calls to the package's namespace in its code. A package
     almost never needs to use ::: for its own objects:
     cutByQuantile cutBySD cutByTable plotSeq summary.factor
    See the information on DESCRIPTION files in the chapter Creating R
    packages of the Writing R Extensions manual.
Flavors: r-devel-linux-x86_64-debian-clang, r-devel-linux-x86_64-debian-gcc, r-devel-linux-x86_64-fedora-clang, r-devel-linux-x86_64-fedora-gcc, r-devel-osx-x86_64-clang, r-devel-windows-ix86+x86_64, r-patched-linux-x86_64, r-patched-solaris-sparc, r-patched-solaris-x86, r-release-linux-ix86, r-release-linux-x86_64, r-release-osx-x86_64-mavericks, r-release-windows-ix86+x86_64, r-oldrel-windows-ix86+x86_64

Version: 1.8.0
Check: re-building of vignette outputs
Result: NOTE
    Error in re-building vignettes:
     ...
    Error in texi2dvi(file = file, pdf = TRUE, clean = clean, quiet = quiet, :
     Running 'texi2dvi' on 'Rchaeology.tex' failed.
    LaTeX errors:
    ! LaTeX Error: File `breakurl.sty' not found.
    
    Type X to quit or <RETURN> to proceed,
    or enter new name. (Default extension: sty)
    
    gn_test/rockchalk/vignettes/Rchaeology.tex:22: ==> Fatal error occurred, no ou
    tput PDF file produced!
    Calls: buildVignettes -> texi2pdf -> texi2dvi
    Execution halted
Flavor: r-release-osx-x86_64-mavericks

Version: 1.8.0
Check: dependencies in R code
Result: NOTE
    Package in Depends field not imported from: 'MASS'
     These packages need to be imported from for the case when
     this namespace is loaded but not attached.
    Unexported object imported by a ':::' call: 'grDevices:::checkIntFormat'
     See the note in ?`:::` about the use of this operator.
    There are ::: calls to the package's namespace in its code. A package
     almost never needs to use ::: for its own objects:
     'cutByQuantile' 'cutBySD' 'cutByTable' 'plotSeq' 'summary.factor'
    See the information on DESCRIPTION files in the chapter 'Creating R
    packages' of the 'Writing R Extensions' manual.
Flavor: r-release-osx-x86_64-snowleopard

Version: 1.8.0
Check: Rd cross-references
Result: NOTE
    Package unavailable to check Rd xrefs: 'HH'
Flavor: r-release-osx-x86_64-snowleopard

Version: 1.8.0
Check: re-building of vignette outputs
Result: NOTE
    Error in re-building vignettes:
     ...
    Error in texi2dvi(file = file, pdf = TRUE, clean = clean, quiet = quiet, :
     Running 'texi2dvi' on 'Rchaeology.tex' failed.
    LaTeX errors:
    ! LaTeX Error: File `breakurl.sty' not found.
    
    Type X to quit or <RETURN> to proceed,
    or enter new name. (Default extension: sty)
    Calls: buildVignettes -> texi2pdf -> texi2dvi
    Execution halted
Flavor: r-release-osx-x86_64-snowleopard