CRAN Package Check Results for Package rockchalk

Last updated on 2017-05-28 23:50:15.

Flavor Version Tinstall Tcheck Ttotal Status Flags
r-devel-linux-x86_64-debian-clang 1.8.101 4.62 91.52 96.14 OK
r-devel-linux-x86_64-debian-gcc 1.8.101 4.58 90.21 94.78 OK
r-devel-linux-x86_64-fedora-clang 1.8.101 197.97 OK
r-devel-linux-x86_64-fedora-gcc 1.8.101 196.20 OK
r-devel-windows-ix86+x86_64 1.8.101 13.00 223.00 236.00 OK
r-patched-linux-x86_64 1.8.101 4.39 90.19 94.58 OK
r-patched-solaris-sparc 1.8.101 1164.60 OK
r-patched-solaris-x86 1.8.101 234.50 OK
r-release-linux-x86_64 1.8.101 4.20 90.59 94.79 OK
r-release-windows-ix86+x86_64 1.8.101 18.00 224.00 242.00 OK
r-release-osx-x86_64 1.8.101 NOTE
r-oldrel-windows-ix86+x86_64 1.8.101 19.00 151.00 170.00 OK
r-oldrel-osx-x86_64 1.8.101 OK

Check Details

Version: 1.8.101
Check: Rd cross-references
Result: NOTE
    Package unavailable to check Rd xrefs: ‘HH’
Flavor: r-release-osx-x86_64

Version: 1.8.101
Check: re-building of vignette outputs
Result: NOTE
    Error in re-building vignettes:
     ...
    Error in texi2dvi(file = file, pdf = TRUE, clean = clean, quiet = quiet, :
     Running 'texi2dvi' on 'Rchaeology.tex' failed.
    LaTeX errors:
    ! LaTeX Error: File `breakurl.sty' not found.
    
    Type X to quit or <RETURN> to proceed,
    or enter new name. (Default extension: sty)
    
    ! Emergency stop.
    <read *>
    
    l.21 ^^M
    
    ! ==> Fatal error occurred, no output PDF file produced!
    Calls: buildVignettes -> texi2pdf -> texi2dvi
    Execution halted
Flavor: r-release-osx-x86_64