CRAN Package Check Results for Package rockchalk

Last updated on 2015-08-04 11:49:21.

Flavor Version Tinstall Tcheck Ttotal Status Flags
r-devel-linux-x86_64-debian-clang 1.8.92 4.98 87.82 92.80 NOTE
r-devel-linux-x86_64-debian-gcc 1.8.92 4.73 86.08 90.80 NOTE
r-devel-linux-x86_64-fedora-clang 1.8.92 188.87 NOTE
r-devel-linux-x86_64-fedora-gcc 1.8.92 178.28 NOTE
r-devel-osx-x86_64-clang 1.8.92 162.41 OK
r-devel-windows-ix86+x86_64 1.8.92 25.00 145.00 170.00 NOTE
r-patched-linux-x86_64 1.8.92 4.77 83.42 88.20 OK
r-patched-solaris-sparc 1.8.92 1117.50 OK
r-patched-solaris-x86 1.8.92 240.20 OK
r-release-linux-x86_64 1.8.92 4.66 86.74 91.40 OK
r-release-osx-x86_64-mavericks 1.8.92 NOTE
r-release-windows-ix86+x86_64 1.8.92 21.00 152.00 173.00 OK
r-oldrel-windows-ix86+x86_64 1.8.92 33.00 226.00 259.00 OK

Check Details

Version: 1.8.92
Check: R code for possible problems
Result: NOTE
    addLines: no visible global function definition for ‘lines’
    cutByQuantile: no visible global function definition for ‘quantile’
    cutBySD: no visible global function definition for ‘sd’
    formatVC : <anonymous>: no visible global function definition for ‘as’
    genCorrelatedData: no visible global function definition for ‘rnorm’
    genCorrelatedData2: no visible global function definition for ‘rnorm’
    getDeltaRsquare: no visible global function definition for ‘drop1’
    getPartialCor: no visible global function definition for ‘model.matrix’
    getPartialCor: no visible global function definition for ‘terms’
    getPartialCor: no visible global function definition for
     ‘model.response’
    getPartialCor: no visible global function definition for ‘model.frame’
    getPartialCor: no visible global function definition for ‘cor’
    lmAuxiliary: no visible global function definition for ‘model.matrix’
    lmAuxiliary: no visible global function definition for ‘terms’
    lmAuxiliary: no visible global function definition for ‘formula’
    mcDiagnose: no visible global function definition for ‘coef’
    mcDiagnose: no visible global function definition for ‘model.matrix’
    mcDiagnose: no visible global function definition for ‘cor’
    mcGraph1: no visible global function definition for ‘points’
    mcGraph2: no visible global function definition for ‘points’
    mcGraph2: no visible global function definition for ‘arrows’
    mcGraph3: no visible global function definition for ‘points’
    mcGraph3: no visible global function definition for ‘lm’
    mcGraph3 : <anonymous>: no visible global function definition for
     ‘predict’
    mcGraph3: no visible global function definition for ‘lines’
    mcGraph3: no visible global function definition for ‘fitted’
    mcGraph3: no visible global function definition for ‘arrows’
    meanCenter.default : std: no visible global function definition for
     ‘sd’
    meanCenter.default : formulaReplace: no visible global function
     definition for ‘setNames’
    model.data.default: no visible binding for global variable ‘na.omit’
    model.data.default: no visible global function definition for ‘formula’
    model.data.default: no visible global function definition for
     ‘model.frame’
    model.data.default: no visible global function definition for
     ‘as.formula’
    mvrnorm: no visible global function definition for ‘rnorm’
    newdata.default: no visible global function definition for ‘terms’
    outreg : checkReg : <anonymous>: no visible global function definition
     for ‘methods’
    outreg : harvest: no visible global function definition for ‘pf’
    outreg : getBSE: no visible global function definition for ‘coef’
    outreg : getBSE: no visible global function definition for
     ‘df.residual’
    outreg : getBSE: no visible global function definition for ‘nobs’
    outreg : getBSE: no visible global function definition for
     ‘model.matrix’
    outreg : getBSE: no visible global function definition for ‘pt’
    outreg: no visible global function definition for ‘pchisq’
    outreg: no visible global function definition for ‘AIC’
    outreg: no visible global function definition for ‘browseURL’
    outreg0 : checkReg : <anonymous>: no visible global function definition
     for ‘methods’
    outreg0 : harvest: no visible global function definition for ‘pf’
    outreg0: no visible global function definition for ‘coef’
    outreg0: no visible global function definition for ‘vcov’
    outreg0 : sigtest: no visible global function definition for ‘pt’
    outreg0: no visible global function definition for ‘pchisq’
    outreg0: no visible global function definition for ‘AIC’
    pctable.character: no visible global function definition for ‘formula’
    pctable.default: no visible global function definition for ‘modifyList’
    pctable.default: no visible global function definition for ‘addmargins’
    pctable.formula: no visible global function definition for ‘terms’
    pctable.formula: no visible binding for global variable ‘na.pass’
    pctable.formula: no visible global function definition for ‘modifyList’
    perspEmpty: no visible global function definition for ‘modifyList’
    plot.testSlopes: no visible global function definition for
     ‘model.response’
    plot.testSlopes: no visible global function definition for
     ‘model.frame’
    plot.testSlopes: no visible global function definition for ‘qt’
    plot.testSlopes: no visible global function definition for ‘terms’
    plot.testSlopes: no visible global function definition for ‘coef’
    plot.testSlopes: no visible global function definition for ‘vcov’
    plot.testSlopes: no visible global function definition for ‘pt’
    plot.testSlopes: no visible global function definition for ‘plot’
    plot.testSlopes: no visible global function definition for ‘abline’
    plot.testSlopes: no visible global function definition for ‘lines’
    plot.testSlopes: no visible global function definition for ‘arrows’
    plot.testSlopes: no visible global function definition for ‘polygon’
    plot.testSlopes: no visible global function definition for ‘mtext’
    plot.testSlopes: no visible global function definition for ‘legend’
    plot.testSlopes: no visible global function definition for ‘text’
    plotCurves: no visible global function definition for ‘formula’
    plotCurves: no visible global function definition for ‘model.frame’
    plotCurves: no visible global function definition for ‘model.response’
    plotCurves: no visible global function definition for ‘nobs’
    plotCurves: no visible global function definition for ‘modifyList’
    plotFancy: no visible global function definition for ‘modifyList’
    plotFancy: no visible global function definition for ‘legend’
    plotPlane: no visible global function definition for ‘formula’
    plotPlane.default: no visible global function definition for ‘formula’
    plotPlane.default: no visible global function definition for
     ‘model.frame’
    plotPlane.default: no visible global function definition for
     ‘model.response’
    plotPlane.default : myPredict: no visible global function definition
     for ‘predict’
    plotPlane.default: no visible global function definition for
     ‘modifyList’
    plotPlane.default: no visible global function definition for ‘predict’
    plotPlane.default: no visible global function definition for ‘fitted’
    plotPlane.default: no visible global function definition for ‘arrows’
    plotPlane.default: no visible global function definition for ‘points’
    plotPlane.default: no visible global function definition for ‘lines’
    plotPlane.default : drawLine: no visible global function definition for
     ‘lines’
    plotSlopes.lm: no visible global function definition for ‘model.matrix’
    plotSlopes.lm: no visible global function definition for
     ‘model.response’
    plotSlopes.lm: no visible global function definition for ‘model.frame’
    plotSlopes.lm: no visible global function definition for ‘nobs’
    plotSlopes.lm: no visible global function definition for ‘modifyList’
    predict.mcreg: no visible global function definition for ‘formula’
    predict.mcreg: no visible global function definition for ‘model.frame’
    predict.rcreg: no visible global function definition for ‘model.frame’
    predict.rcreg: no visible global function definition for ‘terms’
    predict.rcreg: no visible global function definition for ‘predict.lm’
    predictCI: no visible binding for global variable ‘na.pass’
    predictCI: no visible global function definition for ‘modifyList’
    predictCI: no visible global function definition for ‘predict’
    predictCI: no visible global function definition for ‘predict.lm’
    predictCI: no visible global function definition for ‘qnorm’
    predictCI: no visible global function definition for ‘qt’
    predictCI: no visible global function definition for ‘family’
    predictCI: no visible global function definition for ‘napredict’
    predictOMatic : <anonymous>: no visible global function definition for
     ‘modifyList’
    predictOMatic: no visible global function definition for ‘modifyList’
    residualCenter.default : createRCinteraction: no visible global
     function definition for ‘as.formula’
    residualCenter.default : createRCinteraction: no visible global
     function definition for ‘terms’
    residualCenter.default : createRCinteraction: no visible global
     function definition for ‘lm’
    residualCenter.default : createRCinteraction: no visible global
     function definition for ‘resid’
    residualCenter.default: no visible global function definition for
     ‘model.matrix’
    residualCenter.default: no visible global function definition for
     ‘terms’
    residualCenter.default: no visible global function definition for
     ‘as.formula’
    residualCenter.default: no visible global function definition for
     ‘model.frame’
    standardize.lm : formulaReplace: no visible global function definition
     for ‘setNames’
    standardize.lm: no visible global function definition for ‘terms’
    standardize.lm: no visible global function definition for ‘model.frame’
    standardize.lm: no visible global function definition for
     ‘model.matrix’
    standardize.lm: no visible global function definition for ‘formula’
    summarize: no visible global function definition for ‘modifyList’
    summarizeNumerics: no visible binding for global variable ‘sd’
    summarizeNumerics: no visible binding for global variable ‘var’
    summary.mcreg: no visible global function definition for ‘model.matrix’
    summary.mcreg: no visible global function definition for ‘model.frame’
    summary.mcreg: no visible global function definition for ‘terms’
    summary.mcreg: no visible binding for global variable ‘sd’
    summary.stdreg: no visible global function definition for
     ‘model.matrix’
    summary.stdreg: no visible global function definition for ‘model.frame’
    summary.stdreg: no visible global function definition for ‘terms’
    summary.stdreg: no visible binding for global variable ‘sd’
    testSlopes: no visible global function definition for ‘terms’
    testSlopes: no visible global function definition for ‘coef’
    testSlopes: no visible global function definition for ‘vcov’
    testSlopes: no visible global function definition for ‘pt’
    testSlopes: no visible global function definition for ‘model.frame’
    testSlopes: no visible global function definition for ‘model.matrix’
    testSlopes: no visible global function definition for ‘qt’
    Undefined global functions or variables:
     AIC abline addmargins arrows as as.formula browseURL coef cor
     df.residual drop1 family fitted formula legend lines lm methods
     model.frame model.matrix model.response modifyList mtext na.omit
     na.pass napredict nobs pchisq pf plot points polygon predict
     predict.lm pt qnorm qt quantile resid rnorm sd setNames terms text
     var vcov
    Consider adding
     importFrom("graphics", "abline", "arrows", "legend", "lines", "mtext",
     "plot", "points", "polygon", "text")
     importFrom("methods", "as")
     importFrom("stats", "AIC", "addmargins", "as.formula", "coef", "cor",
     "df.residual", "drop1", "family", "fitted", "formula", "lm",
     "model.frame", "model.matrix", "model.response", "na.omit",
     "na.pass", "napredict", "nobs", "pchisq", "pf", "predict",
     "predict.lm", "pt", "qnorm", "qt", "quantile", "resid",
     "rnorm", "sd", "setNames", "terms", "var", "vcov")
     importFrom("utils", "browseURL", "methods", "modifyList")
    to your NAMESPACE.
Flavors: r-devel-linux-x86_64-debian-clang, r-devel-linux-x86_64-debian-gcc, r-devel-linux-x86_64-fedora-clang, r-devel-linux-x86_64-fedora-gcc, r-devel-windows-ix86+x86_64

Version: 1.8.92
Check: Rd cross-references
Result: NOTE
    Packages unavailable to check Rd xrefs: ‘pequod’, ‘HH’
Flavor: r-release-osx-x86_64-mavericks