CRAN Package Check Results for Package rockchalk

Last updated on 2014-09-19 20:47:32.

Flavor Version Tinstall Tcheck Ttotal Status Flags
r-devel-linux-x86_64-debian-clang 1.8.86 5.48 84.90 90.38 OK
r-devel-linux-x86_64-debian-gcc 1.8.86 5.33 82.26 87.59 OK
r-devel-linux-x86_64-fedora-clang 1.8.86 205.74 OK
r-devel-linux-x86_64-fedora-gcc 1.8.86 194.32 OK
r-devel-osx-x86_64-clang 1.8.86 174.09 OK
r-devel-windows-ix86+x86_64 1.8.86 14.00 120.00 134.00 OK
r-patched-linux-x86_64 1.8.86 5.74 88.19 93.93 OK
r-patched-solaris-sparc 1.8.86 1019.70 OK
r-patched-solaris-x86 1.8.86 247.90 OK
r-release-linux-ix86 1.8.86 6.63 103.08 109.71 OK
r-release-linux-x86_64 1.8.86 5.98 86.26 92.24 OK
r-release-osx-x86_64-mavericks 1.8.86 NOTE
r-release-osx-x86_64-snowleopard 1.8.86 OK
r-release-windows-ix86+x86_64 1.8.86 13.00 133.00 146.00 OK
r-oldrel-windows-ix86+x86_64 1.8.86 16.00 126.00 142.00 OK

Check Details

Version: 1.8.86
Check: re-building of vignette outputs
Result: NOTE
    Error in re-building vignettes:
     ...
    Error in texi2dvi(file = file, pdf = TRUE, clean = clean, quiet = quiet, :
     Running 'texi2dvi' on 'Rchaeology.tex' failed.
    LaTeX errors:
    ! LaTeX Error: File `breakurl.sty' not found.
    
    Type X to quit or <RETURN> to proceed,
    or enter new name. (Default extension: sty)
    
    gn_test/rockchalk/vignettes/Rchaeology.tex:22: ==> Fatal error occurred, no ou
    tput PDF file produced!
    Calls: buildVignettes -> texi2pdf -> texi2dvi
    Execution halted
Flavor: r-release-osx-x86_64-mavericks