CRAN Package Check Results for Package rockchalk

Last updated on 2014-10-20 11:48:42.

Flavor Version Tinstall Tcheck Ttotal Status Flags
r-devel-linux-x86_64-debian-clang 1.8.86 5.58 83.90 89.48 OK
r-devel-linux-x86_64-debian-gcc 1.8.86 5.61 81.82 87.43 OK
r-devel-linux-x86_64-fedora-clang 1.8.86 207.84 OK
r-devel-linux-x86_64-fedora-gcc 1.8.86 194.44 OK
r-devel-osx-x86_64-clang 1.8.86 166.95 OK
r-devel-windows-ix86+x86_64 1.8.86 14.00 121.00 135.00 OK
r-patched-linux-x86_64 1.8.86 5.95 88.00 93.96 OK
r-patched-solaris-sparc 1.8.86 1019.70 OK
r-patched-solaris-x86 1.8.86 248.40 OK
r-release-linux-ix86 1.8.86 6.64 105.96 112.60 NOTE
r-release-linux-x86_64 1.8.86 5.75 87.96 93.71 OK
r-release-osx-x86_64-mavericks 1.8.86 NOTE
r-release-osx-x86_64-snowleopard 1.8.86 OK
r-release-windows-ix86+x86_64 1.8.86 16.00 137.00 153.00 OK
r-oldrel-windows-ix86+x86_64 1.8.86 14.00 130.00 144.00 OK

Check Details

Version: 1.8.86
Check: Rd cross-references
Result: NOTE
    Package unavailable to check Rd xrefs: ‘HH’
Flavor: r-release-linux-ix86

Version: 1.8.86
Check: re-building of vignette outputs
Result: NOTE
    Error in re-building vignettes:
     ...
    Error in texi2dvi(file = file, pdf = TRUE, clean = clean, quiet = quiet, :
     Running 'texi2dvi' on 'Rchaeology.tex' failed.
    LaTeX errors:
    ! LaTeX Error: File `breakurl.sty' not found.
    
    Type X to quit or <RETURN> to proceed,
    or enter new name. (Default extension: sty)
    
    gn_test/rockchalk/vignettes/Rchaeology.tex:22: ==> Fatal error occurred, no ou
    tput PDF file produced!
    Calls: buildVignettes -> texi2pdf -> texi2dvi
    Execution halted
Flavor: r-release-osx-x86_64-mavericks