CRAN Package Check Results for Package rockchalk

Last updated on 2015-04-26 12:46:40.

Flavor Version Tinstall Tcheck Ttotal Status Flags
r-devel-linux-x86_64-debian-clang 1.8.92 4.77 86.14 90.91 OK
r-devel-linux-x86_64-debian-gcc 1.8.92 5.30 84.18 89.48 OK
r-devel-linux-x86_64-fedora-clang 1.8.92 186.19 OK
r-devel-linux-x86_64-fedora-gcc 1.8.92 176.38 OK
r-devel-osx-x86_64-clang 1.8.92 173.65 OK
r-devel-windows-ix86+x86_64 1.8.92 23.00 145.00 168.00 OK
r-patched-linux-x86_64 1.8.92 4.64 83.34 87.98 OK
r-patched-solaris-sparc 1.8.92 1053.70 OK
r-patched-solaris-x86 1.8.92 233.30 OK
r-release-linux-x86_64 1.8.92 4.89 84.37 89.26 OK
r-release-osx-x86_64-mavericks 1.8.92 NOTE
r-release-osx-x86_64-snowleopard 1.8.92 ERROR
r-release-windows-ix86+x86_64 1.8.92 13.00 133.00 146.00 OK
r-oldrel-windows-ix86+x86_64 1.8.92 25.00 193.00 218.00 OK

Check Details

Version: 1.8.92
Check: Rd cross-references
Result: NOTE
    Packages unavailable to check Rd xrefs: ‘pequod’, ‘HH’
Flavor: r-release-osx-x86_64-mavericks