CRAN Package Check Results for Package rockchalk

Last updated on 2017-11-25 11:55:50 CET.

Flavor Version Tinstall Tcheck Ttotal Status Flags
r-devel-linux-x86_64-debian-clang 1.8.110 4.66 216.08 220.74 OK
r-devel-linux-x86_64-debian-gcc 1.8.110 4.73 190.58 195.31 OK
r-devel-linux-x86_64-fedora-clang 1.8.110 191.88 OK
r-devel-linux-x86_64-fedora-gcc 1.8.110 184.46 OK
r-devel-windows-ix86+x86_64 1.8.110 10.00 141.00 151.00 OK
r-patched-linux-x86_64 1.8.110 5.42 228.05 233.46 OK
r-patched-solaris-x86 1.8.110 271.40 OK
r-release-linux-x86_64 1.8.110 5.52 227.87 233.39 OK
r-release-windows-ix86+x86_64 1.8.110 4.00 5.00 9.00 ERROR
r-release-osx-x86_64 1.8.110 OK
r-oldrel-windows-ix86+x86_64 1.8.110 14.00 222.00 236.00 OK
r-oldrel-osx-x86_64 1.8.110 OK

Check Details

Version: 1.8.110
Check: whether package can be installed
Result: ERROR
    Installation failed.
Flavor: r-release-windows-ix86+x86_64