CRAN Package Check Results for Package rockr

Last updated on 2022-11-30 23:54:49 CET.

Flavor Version Tinstall Tcheck Ttotal Status Flags
r-devel-linux-x86_64-debian-clang 1.0.0 2.67 33.34 36.01 NOTE
r-devel-linux-x86_64-debian-gcc 1.0.0 2.43 26.37 28.80 NOTE
r-devel-linux-x86_64-fedora-clang 1.0.0 57.41 NOTE
r-devel-linux-x86_64-fedora-gcc 1.0.0 54.47 NOTE
r-devel-windows-x86_64 1.0.0 27.00 72.00 99.00 NOTE
r-patched-linux-x86_64 1.0.0 3.70 30.59 34.29 NOTE
r-release-linux-x86_64 1.0.0 3.07 30.33 33.40 NOTE
r-release-macos-arm64 1.0.0 18.00 NOTE
r-release-macos-x86_64 1.0.0 28.00 NOTE
r-release-windows-x86_64 1.0.0 33.00 64.00 97.00 NOTE
r-oldrel-macos-arm64 1.0.0 24.00 NOTE
r-oldrel-macos-x86_64 1.0.0 30.00 NOTE
r-oldrel-windows-ix86+x86_64 1.0.0 7.00 56.00 63.00 NOTE

Check Details

Version: 1.0.0
Check: LazyData
Result: NOTE
     'LazyData' is specified without a 'data' directory
Flavors: r-devel-linux-x86_64-debian-clang, r-devel-linux-x86_64-debian-gcc, r-devel-linux-x86_64-fedora-clang, r-devel-linux-x86_64-fedora-gcc, r-devel-windows-x86_64, r-patched-linux-x86_64, r-release-linux-x86_64, r-release-macos-arm64, r-release-macos-x86_64, r-release-windows-x86_64, r-oldrel-macos-arm64, r-oldrel-macos-x86_64, r-oldrel-windows-ix86+x86_64

Version: 1.0.0
Check: dependencies in R code
Result: NOTE
    Namespace in Imports field not imported from: ‘progress’
     All declared Imports should be used.
Flavors: r-devel-linux-x86_64-fedora-clang, r-devel-linux-x86_64-fedora-gcc, r-release-macos-arm64, r-release-macos-x86_64, r-oldrel-macos-arm64, r-oldrel-macos-x86_64