CRAN Package Check Results for Package rococo

Last updated on 2015-04-25 10:48:25.

Flavor Version Tinstall Tcheck Ttotal Status Flags
r-devel-linux-x86_64-debian-clang 1.1.2 16.20 24.30 40.51 NOTE
r-devel-linux-x86_64-debian-gcc 1.1.2 19.11 21.68 40.79 NOTE
r-devel-linux-x86_64-fedora-clang 1.1.2 82.58 NOTE
r-devel-linux-x86_64-fedora-gcc 1.1.2 78.34 NOTE
r-devel-osx-x86_64-clang 1.1.2 64.50 NOTE
r-devel-windows-ix86+x86_64 1.1.2 59.00 43.00 102.00 NOTE
r-patched-linux-x86_64 1.1.2 17.84 22.75 40.58 NOTE
r-patched-solaris-sparc 1.1.2 542.10 NOTE
r-patched-solaris-x86 1.1.2 105.50 NOTE
r-release-linux-x86_64 1.1.2 18.11 22.16 40.27 NOTE
r-release-osx-x86_64-mavericks 1.1.2 NOTE
r-release-osx-x86_64-snowleopard 1.1.2 NOTE
r-release-windows-ix86+x86_64 1.1.2 44.00 46.00 90.00 NOTE
r-oldrel-windows-ix86+x86_64 1.1.2 48.00 49.00 97.00 NOTE

Check Details

Version: 1.1.2
Check: dependencies in R code
Result: NOTE
    'library' or 'require' call to 'compiler' in package code.
     Please use :: or requireNamespace() instead.
     See section 'Suggested packages' in the 'Writing R Extensions' manual.
Flavors: r-devel-windows-ix86+x86_64, r-patched-linux-x86_64, r-release-windows-ix86+x86_64, r-oldrel-windows-ix86+x86_64

Version: 1.1.2
Check: R code for possible problems
Result: NOTE
    rococo: no visible global function definition for 'cmpfun'
    rococo.test.numeric: no visible global function definition for 'cmpfun'
Flavors: r-devel-windows-ix86+x86_64, r-patched-linux-x86_64, r-release-windows-ix86+x86_64, r-oldrel-windows-ix86+x86_64

Version: 1.1.2
Check: compiled code
Result: NOTE
    File 'rococo/libs/i386/rococo.dll':
     Found 'rand', possibly from 'rand' (C)
     Object: 'rcor_permtest.o'
    File 'rococo/libs/x64/rococo.dll':
     Found 'rand', possibly from 'rand' (C)
     Object: 'rcor_permtest.o'
    
    Compiled code should not call entry points which might terminate R nor
    write to stdout/stderr instead of to the console, nor the system RNG.
    
    See 'Writing portable packages' in the 'Writing R Extensions' manual.
Flavors: r-devel-windows-ix86+x86_64, r-release-windows-ix86+x86_64, r-oldrel-windows-ix86+x86_64

Version: 1.1.2
Check: compiled code
Result: NOTE
    File ‘rococo/libs/rococo.so’:
     Found ‘rand’, possibly from ‘rand’ (C)
     Object: ‘rcor_permtest.o’
    
    Compiled code should not call entry points which might terminate R nor
    write to stdout/stderr instead of to the console, nor the system RNG.
    
    See ‘Writing portable packages’ in the ‘Writing R Extensions’ manual.
Flavor: r-patched-linux-x86_64