CRAN Package Check Results for Package rococo

Last updated on 2017-05-25 17:48:22.

Flavor Version Tinstall Tcheck Ttotal Status Flags
r-devel-linux-x86_64-debian-clang 1.1.4 21.14 25.54 46.68 NOTE
r-devel-linux-x86_64-debian-gcc 1.1.4 21.66 24.86 46.52 NOTE
r-devel-linux-x86_64-fedora-clang 1.1.4 94.79 NOTE --no-stop-on-test-error
r-devel-linux-x86_64-fedora-gcc 1.1.4 88.99 NOTE --no-stop-on-test-error
r-devel-windows-ix86+x86_64 1.1.4 68.00 76.00 144.00 OK
r-patched-linux-x86_64 1.1.4 18.12 24.87 42.99 NOTE
r-patched-solaris-sparc 1.1.4 486.00 OK
r-patched-solaris-x86 1.1.4 99.00 OK --no-stop-on-test-error
r-release-linux-x86_64 1.1.4 18.53 24.42 42.94 NOTE
r-release-windows-ix86+x86_64 1.1.4 86.00 69.00 155.00 OK
r-release-osx-x86_64 1.1.4 OK
r-oldrel-windows-ix86+x86_64 1.1.4 91.00 84.00 175.00 OK
r-oldrel-osx-x86_64 1.1.4 OK

Check Details

Version: 1.1.4
Check: compiled code
Result: NOTE
    File ‘rococo/libs/rococo.so’:
     Found no calls to: ‘R_registerRoutines’, ‘R_useDynamicSymbols’
    
    It is good practice to register native routines and to disable symbol
    search.
    
    See ‘Writing portable packages’ in the ‘Writing R Extensions’ manual.
Flavors: r-devel-linux-x86_64-debian-clang, r-devel-linux-x86_64-debian-gcc, r-patched-linux-x86_64, r-release-linux-x86_64

Version: 1.1.4
Flags: --no-stop-on-test-error
Check: compiled code
Result: NOTE
    File ‘rococo/libs/rococo.so’:
     Found no calls to: ‘R_registerRoutines’, ‘R_useDynamicSymbols’
    
    It is good practice to register native routines and to disable symbol
    search.
    
    See ‘Writing portable packages’ in the ‘Writing R Extensions’ manual.
Flavors: r-devel-linux-x86_64-fedora-clang, r-devel-linux-x86_64-fedora-gcc