CRAN Package Check Results for Package rococo

Last updated on 2016-07-24 11:47:38.

Flavor Version Tinstall Tcheck Ttotal Status Flags
r-devel-linux-x86_64-debian-clang 1.1.3 23.36 25.49 48.85 OK
r-devel-linux-x86_64-debian-gcc 1.1.3 24.21 25.02 49.23 OK
r-devel-linux-x86_64-fedora-clang 1.1.3 77.74 OK
r-devel-linux-x86_64-fedora-gcc 1.1.3 72.10 OK
r-devel-osx-x86_64-clang 1.1.3 54.45 OK
r-devel-windows-ix86+x86_64 1.1.3 60.00 55.00 115.00 OK
r-patched-linux-x86_64 1.1.3 18.64 24.12 42.76 OK
r-patched-solaris-sparc 1.1.3 445.10 NOTE
r-patched-solaris-x86 1.1.3 82.70 OK
r-release-linux-x86_64 1.1.3 17.78 24.02 41.80 OK
r-release-osx-x86_64-mavericks 1.1.3 OK
r-release-windows-ix86+x86_64 1.1.3 60.00 73.00 133.00 OK
r-oldrel-windows-ix86+x86_64 1.1.3 75.00 62.00 137.00 OK

Check Details

Version: 1.1.3
Check: installed package size
Result: NOTE
     installed size is 5.4Mb
     sub-directories of 1Mb or more:
     libs 5.0Mb
Flavor: r-patched-solaris-sparc