CRAN Package Check Results for Package rococo

Last updated on 2014-11-23 01:48:13.

Flavor Version Tinstall Tcheck Ttotal Status Flags
r-devel-linux-x86_64-debian-clang 1.1.2 13.86 26.92 40.77 NOTE
r-devel-linux-x86_64-debian-gcc 1.1.2 17.58 25.59 43.16 NOTE
r-devel-linux-x86_64-fedora-clang 1.1.2 86.21 NOTE
r-devel-linux-x86_64-fedora-gcc 1.1.2 83.66 NOTE
r-devel-osx-x86_64-clang 1.1.2 67.42 NOTE
r-devel-windows-ix86+x86_64 1.1.2 48.00 47.00 95.00 NOTE
r-patched-linux-x86_64 1.1.2 17.65 27.55 45.20 NOTE
r-patched-solaris-sparc 1.1.2 564.00 NOTE
r-patched-solaris-x86 1.1.2 112.90 NOTE
r-release-linux-ix86 1.1.2 22.04 34.62 56.67 NOTE
r-release-linux-x86_64 1.1.2 17.84 27.65 45.49 NOTE
r-release-osx-x86_64-mavericks 1.1.2 OK
r-release-osx-x86_64-snowleopard 1.1.2 OK
r-release-windows-ix86+x86_64 1.1.2 54.00 70.00 124.00 NOTE
r-oldrel-windows-ix86+x86_64 1.1.2 51.00 56.00 107.00 OK

Check Details

Version: 1.1.2
Check: R code for possible problems
Result: NOTE
    rococo: no visible global function definition for ‘cmpfun’
    rococo.test.numeric: no visible global function definition for ‘cmpfun’
Flavors: r-devel-linux-x86_64-debian-clang, r-devel-linux-x86_64-debian-gcc, r-devel-linux-x86_64-fedora-clang, r-devel-linux-x86_64-fedora-gcc, r-devel-osx-x86_64-clang, r-devel-windows-ix86+x86_64, r-patched-linux-x86_64, r-patched-solaris-sparc, r-patched-solaris-x86, r-release-linux-ix86, r-release-linux-x86_64, r-release-windows-ix86+x86_64

Version: 1.1.2
Check: compiled code
Result: NOTE
    File ‘rococo/libs/rococo.so’:
     Found ‘rand’, possibly from ‘rand’ (C)
     Object: ‘rcor_permtest.o’
    
    Compiled code should not call entry points which might terminate R nor
    write to stdout/stderr instead of to the console, nor the C RNG.
    
    See ‘Writing portable packages’ in the ‘Writing R Extensions’ manual.
Flavors: r-devel-linux-x86_64-debian-clang, r-devel-linux-x86_64-debian-gcc, r-devel-linux-x86_64-fedora-clang, r-devel-linux-x86_64-fedora-gcc, r-patched-linux-x86_64, r-patched-solaris-sparc, r-patched-solaris-x86, r-release-linux-ix86, r-release-linux-x86_64

Version: 1.1.2
Check: compiled code
Result: NOTE
    File ‘rococo/libs/rococo.so’:
     Found ‘_rand’, possibly from ‘rand’ (C)
     Object: ‘rcor_permtest.o’
    
    Compiled code should not call entry points which might terminate R nor
    write to stdout/stderr instead of to the console, nor the C RNG.
    
    See ‘Writing portable packages’ in the ‘Writing R Extensions’ manual.
Flavor: r-devel-osx-x86_64-clang

Version: 1.1.2
Check: compiled code
Result: NOTE
    File 'rococo/libs/i386/rococo.dll':
     Found 'rand', possibly from 'rand' (C)
     Object: 'rcor_permtest.o'
    File 'rococo/libs/x64/rococo.dll':
     Found 'rand', possibly from 'rand' (C)
     Object: 'rcor_permtest.o'
    
    Compiled code should not call entry points which might terminate R nor
    write to stdout/stderr instead of to the console, nor the C RNG.
    
    See 'Writing portable packages' in the 'Writing R Extensions' manual.
Flavors: r-devel-windows-ix86+x86_64, r-release-windows-ix86+x86_64