CRAN Package Check Results for Package rococo

Last updated on 2016-02-12 21:47:45.

Flavor Version Tinstall Tcheck Ttotal Status Flags
r-devel-linux-x86_64-debian-gcc 1.1.2 16.91 18.31 35.21 NOTE
r-devel-linux-x86_64-fedora-clang 1.1.2 73.28 NOTE
r-devel-linux-x86_64-fedora-gcc 1.1.2 70.12 NOTE
r-devel-osx-x86_64-clang 1.1.2 58.84 NOTE
r-devel-windows-ix86+x86_64 1.1.2 70.00 59.00 129.00 NOTE
r-patched-linux-x86_64 1.1.2 16.08 22.16 38.23 NOTE
r-patched-solaris-sparc 1.1.2 481.40 NOTE
r-patched-solaris-x86 1.1.2 88.80 NOTE
r-release-linux-x86_64 1.1.2 15.96 21.79 37.75 NOTE
r-release-osx-x86_64-mavericks 1.1.2 NOTE
r-release-windows-ix86+x86_64 1.1.2 73.00 66.00 139.00 NOTE
r-oldrel-windows-ix86+x86_64 1.1.2 79.00 76.00 155.00 NOTE

Check Details

Version: 1.1.2
Check: dependencies in R code
Result: NOTE
    'library' or 'require' call to ‘compiler’ in package code.
     Please use :: or requireNamespace() instead.
     See section 'Suggested packages' in the 'Writing R Extensions' manual.
Flavors: r-devel-linux-x86_64-debian-gcc, r-devel-linux-x86_64-fedora-clang, r-devel-linux-x86_64-fedora-gcc, r-devel-osx-x86_64-clang, r-devel-windows-ix86+x86_64, r-patched-linux-x86_64, r-patched-solaris-sparc, r-patched-solaris-x86, r-release-linux-x86_64, r-release-osx-x86_64-mavericks, r-release-windows-ix86+x86_64, r-oldrel-windows-ix86+x86_64

Version: 1.1.2
Check: R code for possible problems
Result: NOTE
    gauss.cor: no visible global function definition for ‘cor’
    gauss.cor: no visible global function definition for ‘qnorm’
    gauss.cor.test.numeric: no visible global function definition for
     ‘cor.test’
    gauss.cor.test.numeric: no visible global function definition for
     ‘qnorm’
    rococo: no visible global function definition for ‘cmpfun’
    rococo: no visible global function definition for ‘IQR’
    rococo.test.numeric: no visible global function definition for ‘cmpfun’
    rococo.test.numeric: no visible global function definition for ‘IQR’
    rococo.test.numeric: no visible global function definition for ‘sd’
    rococo.test.numeric: no visible global function definition for ‘pnorm’
    gauss.cor.test,numeric-numeric: no visible global function definition
     for ‘cor.test’
    gauss.cor.test,numeric-numeric: no visible global function definition
     for ‘qnorm’
    rococo.test,numeric-numeric: no visible global function definition for
     ‘cmpfun’
    rococo.test,numeric-numeric: no visible global function definition for
     ‘IQR’
    rococo.test,numeric-numeric: no visible global function definition for
     ‘sd’
    rococo.test,numeric-numeric: no visible global function definition for
     ‘pnorm’
    Undefined global functions or variables:
     IQR cmpfun cor cor.test pnorm qnorm sd
    Consider adding
     importFrom("stats", "IQR", "cor", "cor.test", "pnorm", "qnorm", "sd")
    to your NAMESPACE file.
Flavors: r-devel-linux-x86_64-debian-gcc, r-devel-linux-x86_64-fedora-clang, r-devel-linux-x86_64-fedora-gcc, r-devel-osx-x86_64-clang, r-devel-windows-ix86+x86_64

Version: 1.1.2
Check: compiled code
Result: NOTE
    File ‘rococo/libs/rococo.so’:
     Found ‘rand’, possibly from ‘rand’ (C)
     Object: ‘rcor_permtest.o’
    
    Compiled code should not call entry points which might terminate R nor
    write to stdout/stderr instead of to the console, nor the system RNG.
    
    See ‘Writing portable packages’ in the ‘Writing R Extensions’ manual.
Flavors: r-devel-linux-x86_64-debian-gcc, r-devel-linux-x86_64-fedora-clang, r-devel-linux-x86_64-fedora-gcc, r-patched-linux-x86_64, r-patched-solaris-sparc, r-patched-solaris-x86, r-release-linux-x86_64

Version: 1.1.2
Check: compiled code
Result: NOTE
    File ‘rococo/libs/rococo.so’:
     Found ‘_rand’, possibly from ‘rand’ (C)
     Object: ‘rcor_permtest.o’
    
    Compiled code should not call entry points which might terminate R nor
    write to stdout/stderr instead of to the console, nor the system RNG.
    
    See ‘Writing portable packages’ in the ‘Writing R Extensions’ manual.
Flavors: r-devel-osx-x86_64-clang, r-release-osx-x86_64-mavericks

Version: 1.1.2
Check: compiled code
Result: NOTE
    File 'rococo/libs/i386/rococo.dll':
     Found 'rand', possibly from 'rand' (C)
     Object: 'rcor_permtest.o'
    File 'rococo/libs/x64/rococo.dll':
     Found 'rand', possibly from 'rand' (C)
     Object: 'rcor_permtest.o'
    
    Compiled code should not call entry points which might terminate R nor
    write to stdout/stderr instead of to the console, nor the system RNG.
    
    See 'Writing portable packages' in the 'Writing R Extensions' manual.
Flavors: r-devel-windows-ix86+x86_64, r-release-windows-ix86+x86_64, r-oldrel-windows-ix86+x86_64

Version: 1.1.2
Check: R code for possible problems
Result: NOTE
    rococo: no visible global function definition for ‘cmpfun’
    rococo.test.numeric: no visible global function definition for ‘cmpfun’
    rococo.test,numeric-numeric : .local: no visible global function
     definition for ‘cmpfun’
Flavors: r-patched-linux-x86_64, r-patched-solaris-sparc, r-patched-solaris-x86, r-release-linux-x86_64, r-release-windows-ix86+x86_64, r-oldrel-windows-ix86+x86_64

Version: 1.1.2
Check: R code for possible problems
Result: NOTE
    rococo: no visible global function definition for ‘cmpfun’
    rococo.test.numeric: no visible global function definition for ‘cmpfun’
Flavor: r-release-osx-x86_64-mavericks