CRAN Package Check Results for Package rococo

Last updated on 2014-08-23 08:51:42.

Flavor Version Tinstall Tcheck Ttotal Status Flags
r-devel-linux-x86_64-debian-clang 1.1.2 13.01 22.80 35.81 NOTE
r-devel-linux-x86_64-debian-gcc 1.1.2 17.84 21.83 39.67 NOTE
r-devel-linux-x86_64-fedora-clang 1.1.2 83.38 NOTE
r-devel-linux-x86_64-fedora-gcc 1.1.2 82.57 NOTE
r-devel-osx-x86_64-clang 1.1.2 64.30 NOTE
r-devel-windows-ix86+x86_64 1.1.2 53.00 53.00 106.00 OK
r-patched-linux-x86_64 1.1.2 18.72 23.44 42.16 OK
r-patched-solaris-sparc 1.1.2 569.10 OK
r-patched-solaris-x86 1.1.2 116.70 OK
r-release-linux-ix86 1.1.2 22.84 35.92 58.76 OK
r-release-linux-x86_64 1.1.2 17.61 23.66 41.27 OK
r-release-osx-x86_64-mavericks 1.1.2 OK
r-release-osx-x86_64-snowleopard 1.1.2 OK
r-release-windows-ix86+x86_64 1.1.2 75.00 70.00 145.00 OK
r-oldrel-windows-ix86+x86_64 1.1.2 43.00 52.00 95.00 OK

Check Details

Version: 1.1.2
Check: R code for possible problems
Result: NOTE
    rococo: no visible global function definition for ‘cmpfun’
    rococo.test.numeric: no visible global function definition for ‘cmpfun’
Flavors: r-devel-linux-x86_64-debian-clang, r-devel-linux-x86_64-debian-gcc, r-devel-linux-x86_64-fedora-clang, r-devel-linux-x86_64-fedora-gcc, r-devel-osx-x86_64-clang