CRAN Package Check Results for Package rococo

Last updated on 2014-09-02 13:47:04.

Flavor Version Tinstall Tcheck Ttotal Status Flags
r-devel-linux-x86_64-debian-clang 1.1.2 12.97 22.62 35.59 NOTE
r-devel-linux-x86_64-debian-gcc 1.1.2 17.46 21.58 39.04 NOTE
r-devel-linux-x86_64-fedora-clang 1.1.2 83.38 NOTE
r-devel-linux-x86_64-fedora-gcc 1.1.2 81.79 NOTE
r-devel-osx-x86_64-clang 1.1.2 66.41 NOTE
r-devel-windows-ix86+x86_64 1.1.2 55.00 48.00 103.00 NOTE
r-patched-linux-x86_64 1.1.2 17.63 23.74 41.36 OK
r-patched-solaris-sparc 1.1.2 569.10 OK
r-patched-solaris-x86 1.1.2 116.80 OK
r-release-linux-ix86 1.1.2 22.89 36.87 59.76 OK
r-release-linux-x86_64 1.1.2 17.59 23.75 41.34 OK
r-release-osx-x86_64-mavericks 1.1.2 OK
r-release-osx-x86_64-snowleopard 1.1.2 OK
r-release-windows-ix86+x86_64 1.1.2 75.00 70.00 145.00 OK
r-oldrel-windows-ix86+x86_64 1.1.2 43.00 52.00 95.00 OK

Check Details

Version: 1.1.2
Check: R code for possible problems
Result: NOTE
    rococo: no visible global function definition for ‘cmpfun’
    rococo.test.numeric: no visible global function definition for ‘cmpfun’
Flavors: r-devel-linux-x86_64-debian-clang, r-devel-linux-x86_64-debian-gcc, r-devel-linux-x86_64-fedora-clang, r-devel-linux-x86_64-fedora-gcc, r-devel-osx-x86_64-clang, r-devel-windows-ix86+x86_64

Version: 1.1.2
Check: compiled code
Result: NOTE
    File ‘/home/hornik/tmp/R.check/r-devel-clang/Work/build/Packages/rococo/libs/rococo.so’:
     Found ‘rand’, possibly from ‘rand’ (C)
     Object: ‘rcor_permtest.o’
    
    Compiled code should not call entry points which might terminate R nor
    write to stdout/stderr instead of to the console, nor the C RNG.
    
    See ‘Writing portable packages’ in the ‘Writing R Extensions’ manual.
Flavor: r-devel-linux-x86_64-debian-clang

Version: 1.1.2
Check: compiled code
Result: NOTE
    File ‘/home/hornik/tmp/R.check/r-devel-gcc/Work/build/Packages/rococo/libs/rococo.so’:
     Found ‘rand’, possibly from ‘rand’ (C)
     Object: ‘rcor_permtest.o’
    
    Compiled code should not call entry points which might terminate R nor
    write to stdout/stderr instead of to the console, nor the C RNG.
    
    See ‘Writing portable packages’ in the ‘Writing R Extensions’ manual.
Flavor: r-devel-linux-x86_64-debian-gcc

Version: 1.1.2
Check: compiled code
Result: NOTE
    File ‘/data/gannet/ripley/R/packages/tests-clang/rococo.Rcheck/rococo/libs/rococo.so’:
     Found ‘rand’, possibly from ‘rand’ (C)
     Object: ‘rcor_permtest.o’
    
    Compiled code should not call entry points which might terminate R nor
    write to stdout/stderr instead of to the console, nor the C RNG.
    
    See ‘Writing portable packages’ in the ‘Writing R Extensions’ manual.
Flavor: r-devel-linux-x86_64-fedora-clang

Version: 1.1.2
Check: compiled code
Result: NOTE
    File ‘/data/gannet/ripley/R/packages/tests-devel/rococo.Rcheck/rococo/libs/rococo.so’:
     Found ‘rand’, possibly from ‘rand’ (C)
     Object: ‘rcor_permtest.o’
    
    Compiled code should not call entry points which might terminate R nor
    write to stdout/stderr instead of to the console, nor the C RNG.
    
    See ‘Writing portable packages’ in the ‘Writing R Extensions’ manual.
Flavor: r-devel-linux-x86_64-fedora-gcc

Version: 1.1.2
Check: compiled code
Result: NOTE
    File ‘/Users/ripley/R/packages/tests-devel/rococo.Rcheck/rococo/libs/rococo.so’:
     Found ‘_rand’, possibly from ‘rand’ (C)
     Object: ‘rcor_permtest.o’
    
    Compiled code should not call entry points which might terminate R nor
    write to stdout/stderr instead of to the console, nor the C RNG.
    
    See ‘Writing portable packages’ in the ‘Writing R Extensions’ manual.
Flavor: r-devel-osx-x86_64-clang

Version: 1.1.2
Check: compiled code
Result: NOTE
    File 'd:/Rcompile/CRANpkg/lib/3.2/rococo/libs/i386/rococo.dll':
     Found 'rand', possibly from 'rand' (C)
     Object: 'rcor_permtest.o'
    File 'd:/Rcompile/CRANpkg/lib/3.2/rococo/libs/x64/rococo.dll':
     Found 'rand', possibly from 'rand' (C)
     Object: 'rcor_permtest.o'
    
    Compiled code should not call entry points which might terminate R nor
    write to stdout/stderr instead of to the console, nor the C RNG.
    
    See 'Writing portable packages' in the 'Writing R Extensions' manual.
Flavor: r-devel-windows-ix86+x86_64