CRAN Package Check Results for Package rococo

Last updated on 2017-02-24 17:48:51.

Flavor Version Tinstall Tcheck Ttotal Status Flags
r-devel-linux-x86_64-debian-clang 1.1.4 18.18 25.18 43.36 NOTE
r-devel-linux-x86_64-debian-gcc 1.1.4 20.05 24.62 44.67 NOTE
r-devel-linux-x86_64-fedora-clang 1.1.4 91.23 NOTE --no-stop-on-test-error
r-devel-linux-x86_64-fedora-gcc 1.1.4 83.72 NOTE --no-stop-on-test-error
r-devel-macos-x86_64-clang 1.1.4 62.45 NOTE --no-stop-on-test-error
r-devel-windows-ix86+x86_64 1.1.4 119.00 106.00 225.00 OK
r-patched-linux-x86_64 1.1.4 16.93 21.35 38.28 OK
r-patched-solaris-sparc 1.1.4 434.50 OK
r-patched-solaris-x86 1.1.4 89.00 OK
r-release-linux-x86_64 1.1.4 16.65 20.83 37.48 OK
r-release-osx-x86_64-mavericks 1.1.4 OK
r-release-windows-ix86+x86_64 1.1.4 118.00 76.00 194.00 OK
r-oldrel-windows-ix86+x86_64 1.1.4 105.00 127.00 232.00 OK

Check Details

Version: 1.1.4
Check: compiled code
Result: NOTE
    File ‘rococo/libs/rococo.so’:
     Found no calls to: ‘R_registerRoutines’, ‘R_useDynamicSymbols’
    
    It is good practice to register native routines and to disable symbol
    search.
    
    See ‘Writing portable packages’ in the ‘Writing R Extensions’ manual.
Flavors: r-devel-linux-x86_64-debian-clang, r-devel-linux-x86_64-debian-gcc

Version: 1.1.4
Flags: --no-stop-on-test-error
Check: compiled code
Result: NOTE
    File ‘rococo/libs/rococo.so’:
     Found no calls to: ‘R_registerRoutines’, ‘R_useDynamicSymbols’
    
    It is good practice to register native routines and to disable symbol
    search.
    
    See ‘Writing portable packages’ in the ‘Writing R Extensions’ manual.
Flavors: r-devel-linux-x86_64-fedora-clang, r-devel-linux-x86_64-fedora-gcc, r-devel-macos-x86_64-clang