CRAN Package Check Results for Package rococo

Last updated on 2017-03-28 15:48:32.

Flavor Version Tinstall Tcheck Ttotal Status Flags
r-devel-linux-x86_64-debian-clang 1.1.4 19.14 24.99 44.13 NOTE
r-devel-linux-x86_64-debian-gcc 1.1.4 19.74 24.96 44.70 NOTE
r-devel-linux-x86_64-fedora-clang 1.1.4 91.97 NOTE --no-stop-on-test-error
r-devel-linux-x86_64-fedora-gcc 1.1.4 85.62 NOTE --no-stop-on-test-error
r-devel-macos-x86_64-clang 1.1.4 61.35 NOTE --no-stop-on-test-error
r-devel-windows-ix86+x86_64 1.1.4 65.00 97.00 162.00 OK
r-patched-linux-x86_64 1.1.4 17.29 24.92 42.22 NOTE
r-patched-solaris-sparc 1.1.4 486.00 OK
r-patched-solaris-x86 1.1.4 99.30 OK
r-release-linux-x86_64 1.1.4 16.64 21.03 37.67 OK
r-release-osx-x86_64-mavericks 1.1.4 OK
r-release-windows-ix86+x86_64 1.1.4 84.00 64.00 148.00 OK
r-oldrel-windows-ix86+x86_64 1.1.4 59.00 63.00 122.00 OK

Check Details

Version: 1.1.4
Check: compiled code
Result: NOTE
    File ‘rococo/libs/rococo.so’:
     Found no calls to: ‘R_registerRoutines’, ‘R_useDynamicSymbols’
    
    It is good practice to register native routines and to disable symbol
    search.
    
    See ‘Writing portable packages’ in the ‘Writing R Extensions’ manual.
Flavors: r-devel-linux-x86_64-debian-clang, r-devel-linux-x86_64-debian-gcc, r-patched-linux-x86_64

Version: 1.1.4
Flags: --no-stop-on-test-error
Check: compiled code
Result: NOTE
    File ‘rococo/libs/rococo.so’:
     Found no calls to: ‘R_registerRoutines’, ‘R_useDynamicSymbols’
    
    It is good practice to register native routines and to disable symbol
    search.
    
    See ‘Writing portable packages’ in the ‘Writing R Extensions’ manual.
Flavors: r-devel-linux-x86_64-fedora-clang, r-devel-linux-x86_64-fedora-gcc, r-devel-macos-x86_64-clang