CRAN Package Check Results for Package rococo

Last updated on 2015-08-04 11:49:21.

Flavor Version Tinstall Tcheck Ttotal Status Flags
r-devel-linux-x86_64-debian-clang 1.1.2 16.66 23.40 40.05 NOTE
r-devel-linux-x86_64-debian-gcc 1.1.2 18.17 23.31 41.48 NOTE
r-devel-linux-x86_64-fedora-clang 1.1.2 80.93 NOTE
r-devel-linux-x86_64-fedora-gcc 1.1.2 78.91 NOTE
r-devel-osx-x86_64-clang 1.1.2 64.40 NOTE
r-devel-windows-ix86+x86_64 1.1.2 69.00 77.00 146.00 NOTE
r-patched-linux-x86_64 1.1.2 18.05 21.58 39.63 NOTE
r-patched-solaris-sparc 1.1.2 498.70 NOTE
r-patched-solaris-x86 1.1.2 96.50 NOTE
r-release-linux-x86_64 1.1.2 18.10 22.05 40.14 NOTE
r-release-osx-x86_64-mavericks 1.1.2 NOTE
r-release-windows-ix86+x86_64 1.1.2 69.00 60.00 129.00 NOTE
r-oldrel-windows-ix86+x86_64 1.1.2 74.00 64.00 138.00 NOTE

Check Details

Version: 1.1.2
Check: dependencies in R code
Result: NOTE
    'library' or 'require' call to ‘compiler’ in package code.
     Please use :: or requireNamespace() instead.
     See section 'Suggested packages' in the 'Writing R Extensions' manual.
Flavors: r-devel-linux-x86_64-debian-clang, r-devel-linux-x86_64-debian-gcc, r-devel-linux-x86_64-fedora-clang, r-devel-linux-x86_64-fedora-gcc, r-devel-osx-x86_64-clang, r-devel-windows-ix86+x86_64, r-patched-linux-x86_64, r-patched-solaris-sparc, r-patched-solaris-x86, r-release-linux-x86_64, r-release-osx-x86_64-mavericks, r-release-windows-ix86+x86_64, r-oldrel-windows-ix86+x86_64

Version: 1.1.2
Check: R code for possible problems
Result: NOTE
    gauss.cor: no visible global function definition for ‘cor’
    gauss.cor: no visible global function definition for ‘qnorm’
    gauss.cor.test.numeric: no visible global function definition for
     ‘cor.test’
    gauss.cor.test.numeric: no visible global function definition for
     ‘qnorm’
    rococo: no visible global function definition for ‘cmpfun’
    rococo: no visible global function definition for ‘IQR’
    rococo.test.numeric: no visible global function definition for ‘cmpfun’
    rococo.test.numeric: no visible global function definition for ‘IQR’
    rococo.test.numeric: no visible global function definition for ‘sd’
    rococo.test.numeric: no visible global function definition for ‘pnorm’
    gauss.cor.test,numeric-numeric: no visible global function definition
     for ‘cor.test’
    gauss.cor.test,numeric-numeric: no visible global function definition
     for ‘qnorm’
    rococo.test,numeric-numeric: no visible global function definition for
     ‘cmpfun’
    rococo.test,numeric-numeric: no visible global function definition for
     ‘IQR’
    rococo.test,numeric-numeric: no visible global function definition for
     ‘sd’
    rococo.test,numeric-numeric: no visible global function definition for
     ‘pnorm’
    Undefined global functions or variables:
     IQR cmpfun cor cor.test pnorm qnorm sd
    Consider adding
     importFrom("stats", "IQR", "cor", "cor.test", "pnorm", "qnorm", "sd")
    to your NAMESPACE.
Flavors: r-devel-linux-x86_64-debian-clang, r-devel-linux-x86_64-debian-gcc, r-devel-linux-x86_64-fedora-clang, r-devel-linux-x86_64-fedora-gcc, r-devel-windows-ix86+x86_64

Version: 1.1.2
Check: compiled code
Result: NOTE
    File ‘rococo/libs/rococo.so’:
     Found ‘rand’, possibly from ‘rand’ (C)
     Object: ‘rcor_permtest.o’
    
    Compiled code should not call entry points which might terminate R nor
    write to stdout/stderr instead of to the console, nor the system RNG.
    
    See ‘Writing portable packages’ in the ‘Writing R Extensions’ manual.
Flavors: r-devel-linux-x86_64-debian-clang, r-devel-linux-x86_64-debian-gcc, r-devel-linux-x86_64-fedora-clang, r-devel-linux-x86_64-fedora-gcc, r-patched-linux-x86_64, r-patched-solaris-sparc, r-patched-solaris-x86, r-release-linux-x86_64

Version: 1.1.2
Check: R code for possible problems
Result: NOTE
    rococo: no visible global function definition for ‘cmpfun’
    rococo.test.numeric: no visible global function definition for ‘cmpfun’
    rococo.test,numeric-numeric: no visible global function definition for
     ‘cmpfun’
    Undefined global functions or variables:
     cmpfun
Flavor: r-devel-osx-x86_64-clang

Version: 1.1.2
Check: compiled code
Result: NOTE
    File ‘rococo/libs/rococo.so’:
     Found ‘_rand’, possibly from ‘rand’ (C)
     Object: ‘rcor_permtest.o’
    
    Compiled code should not call entry points which might terminate R nor
    write to stdout/stderr instead of to the console, nor the system RNG.
    
    See ‘Writing portable packages’ in the ‘Writing R Extensions’ manual.
Flavors: r-devel-osx-x86_64-clang, r-release-osx-x86_64-mavericks

Version: 1.1.2
Check: compiled code
Result: NOTE
    File 'rococo/libs/i386/rococo.dll':
     Found 'rand', possibly from 'rand' (C)
     Object: 'rcor_permtest.o'
    File 'rococo/libs/x64/rococo.dll':
     Found 'rand', possibly from 'rand' (C)
     Object: 'rcor_permtest.o'
    
    Compiled code should not call entry points which might terminate R nor
    write to stdout/stderr instead of to the console, nor the system RNG.
    
    See 'Writing portable packages' in the 'Writing R Extensions' manual.
Flavors: r-devel-windows-ix86+x86_64, r-release-windows-ix86+x86_64, r-oldrel-windows-ix86+x86_64

Version: 1.1.2
Check: R code for possible problems
Result: NOTE
    rococo: no visible global function definition for ‘cmpfun’
    rococo.test.numeric: no visible global function definition for ‘cmpfun’
    rococo.test,numeric-numeric : .local: no visible global function
     definition for ‘cmpfun’
Flavors: r-patched-linux-x86_64, r-patched-solaris-sparc, r-patched-solaris-x86, r-release-linux-x86_64, r-release-windows-ix86+x86_64, r-oldrel-windows-ix86+x86_64

Version: 1.1.2
Check: R code for possible problems
Result: NOTE
    rococo: no visible global function definition for ‘cmpfun’
    rococo.test.numeric: no visible global function definition for ‘cmpfun’
Flavor: r-release-osx-x86_64-mavericks