CRAN Package Check Results for Package rocplus

Last updated on 2014-07-22 23:48:25.

Flavor Version Tinstall Tcheck Ttotal Status Flags
r-devel-linux-x86_64-debian-clang 1.0-0 0.60 10.69 11.29 NOTE
r-devel-linux-x86_64-debian-gcc 1.0-0 0.54 10.64 11.18 NOTE
r-devel-linux-x86_64-fedora-clang 1.0-0 26.24 NOTE
r-devel-linux-x86_64-fedora-gcc 1.0-0 25.03 NOTE
r-devel-osx-x86_64-clang 1.0-0 25.38 NOTE
r-devel-windows-ix86+x86_64 1.0-0 2.00 19.00 21.00 NOTE
r-patched-linux-x86_64 1.0-0 0.56 10.74 11.30 NOTE
r-patched-solaris-sparc 1.0-0 132.80 NOTE
r-patched-solaris-x86 1.0-0 34.80 NOTE
r-release-linux-ix86 1.0-0 0.94 19.30 20.24 NOTE
r-release-linux-x86_64 1.0-0 0.58 11.05 11.63 NOTE
r-release-osx-x86_64-mavericks 1.0-0 NOTE
r-release-osx-x86_64-snowleopard 1.0-0 NOTE
r-release-windows-ix86+x86_64 1.0-0 3.00 26.00 29.00 NOTE
r-oldrel-windows-ix86+x86_64 1.0-0 2.00 31.00 33.00 NOTE

Check Details

Version: 1.0-0
Check: dependencies in R code
Result: NOTE
    Package in Depends field not imported from: ‘SuppDists’
     These packages need to be imported from (in the NAMESPACE file)
     for when this namespace is loaded but not attached.
    See the information on DESCRIPTION files in the chapter ‘Creating R
    packages’ of the ‘Writing R Extensions’ manual.
Flavors: r-devel-linux-x86_64-debian-clang, r-devel-linux-x86_64-debian-gcc, r-devel-linux-x86_64-fedora-clang, r-devel-linux-x86_64-fedora-gcc, r-devel-osx-x86_64-clang, r-devel-windows-ix86+x86_64, r-patched-linux-x86_64, r-patched-solaris-sparc, r-patched-solaris-x86, r-release-linux-ix86, r-release-linux-x86_64, r-release-osx-x86_64-mavericks, r-release-windows-ix86+x86_64, r-oldrel-windows-ix86+x86_64

Version: 1.0-0
Check: R code for possible problems
Result: NOTE
    rocplus : start.plot: warning in axis(1, at = seq(-3, 3, by = 1), label
     = round(pnorm(c(seq(-3, 3, by = 1))), 2)): partial argument match of
     'label' to 'labels'
    rocplus : start.plot: warning in axis(2, at = seq(-3, 3, by = 1), label
     = round(pnorm(c(seq(-3, 3, by = 1))), 2)): partial argument match of
     'label' to 'labels'
    rocplus : start.plot: warning in axis(1, at = ax, label = al): partial
     argument match of 'label' to 'labels'
    rocplus : start.plot: warning in axis(2, at = ax, label = al): partial
     argument match of 'label' to 'labels'
Flavors: r-devel-linux-x86_64-debian-clang, r-devel-linux-x86_64-debian-gcc, r-devel-linux-x86_64-fedora-clang, r-devel-linux-x86_64-fedora-gcc, r-devel-osx-x86_64-clang, r-devel-windows-ix86+x86_64, r-patched-linux-x86_64, r-patched-solaris-sparc, r-patched-solaris-x86, r-release-linux-ix86, r-release-linux-x86_64, r-release-osx-x86_64-mavericks, r-release-osx-x86_64-snowleopard, r-release-windows-ix86+x86_64, r-oldrel-windows-ix86+x86_64

Version: 1.0-0
Check: installed files from ‘inst/doc’
Result: NOTE
    The following files look like leftovers/mistakes:
     ‘rocplus.bbl’, ‘rocplus.blg’
    Please remove them from your package.
Flavors: r-devel-linux-x86_64-debian-clang, r-devel-linux-x86_64-debian-gcc, r-devel-linux-x86_64-fedora-clang, r-devel-linux-x86_64-fedora-gcc, r-devel-osx-x86_64-clang, r-devel-windows-ix86+x86_64, r-patched-linux-x86_64, r-patched-solaris-sparc, r-patched-solaris-x86, r-release-linux-ix86, r-release-linux-x86_64, r-release-osx-x86_64-mavericks, r-release-osx-x86_64-snowleopard, r-release-windows-ix86+x86_64, r-oldrel-windows-ix86+x86_64

Version: 1.0-0
Check: for old-style vignette sources
Result: NOTE
    Vignette sources only in ‘inst/doc’:
     ‘rocplus.Rnw’
    A ‘vignettes’ directory is required as from R 3.1.0
    and these will not be indexed nor checked
Flavors: r-devel-linux-x86_64-debian-clang, r-devel-linux-x86_64-debian-gcc, r-devel-linux-x86_64-fedora-clang, r-devel-linux-x86_64-fedora-gcc, r-devel-osx-x86_64-clang, r-devel-windows-ix86+x86_64, r-patched-linux-x86_64, r-patched-solaris-sparc, r-patched-solaris-x86, r-release-linux-ix86, r-release-linux-x86_64, r-release-osx-x86_64-mavericks, r-release-osx-x86_64-snowleopard, r-release-windows-ix86+x86_64

Version: 1.0-0
Check: Rd line widths
Result: NOTE
    Rd file 'rocplus.Rd':
     \examples lines wider than 100 characters:
     ym<-matrix(c(102,59,61,90,55,18,46,35,69,49,136,71,25,66,125,74,95,55,100,51,67,147,28,130),12,2)
     rocplus(xm,ym,"A multiple plot with a convex hull",convex.hull=TRUE,markedPoints=c(.2,.5,.05))
    
    These lines will be truncated in the PDF manual.
Flavors: r-devel-linux-x86_64-fedora-clang, r-devel-linux-x86_64-fedora-gcc

Version: 1.0-0
Check: for old-style vignette sources
Result: NOTE
    Vignette sources only in 'inst/doc':
     'rocplus.Rnw'
    A 'vignettes' directory will be required as from R 3.1.0
Flavor: r-oldrel-windows-ix86+x86_64