CRAN Package Check Results for Package rocplus

Last updated on 2014-08-01 08:49:50.

Flavor Version Tinstall Tcheck Ttotal Status Flags
r-release-linux-ix86 1.0-0 0.94 16.99 17.93 NOTE
r-release-osx-x86_64-mavericks 1.0-0 NOTE

Check Details

Version: 1.0-0
Check: dependencies in R code
Result: NOTE
    Package in Depends field not imported from: SuppDists
     These packages need to be imported from (in the NAMESPACE file)
     for when this namespace is loaded but not attached.
    See the information on DESCRIPTION files in the chapter Creating R
    packages of the Writing R Extensions manual.
Flavors: r-release-linux-ix86, r-release-osx-x86_64-mavericks

Version: 1.0-0
Check: R code for possible problems
Result: NOTE
    rocplus : start.plot: warning in axis(1, at = seq(-3, 3, by = 1), label
     = round(pnorm(c(seq(-3, 3, by = 1))), 2)): partial argument match of
     'label' to 'labels'
    rocplus : start.plot: warning in axis(2, at = seq(-3, 3, by = 1), label
     = round(pnorm(c(seq(-3, 3, by = 1))), 2)): partial argument match of
     'label' to 'labels'
    rocplus : start.plot: warning in axis(1, at = ax, label = al): partial
     argument match of 'label' to 'labels'
    rocplus : start.plot: warning in axis(2, at = ax, label = al): partial
     argument match of 'label' to 'labels'
Flavors: r-release-linux-ix86, r-release-osx-x86_64-mavericks

Version: 1.0-0
Check: installed files from inst/doc
Result: NOTE
    The following files look like leftovers/mistakes:
     rocplus.bbl , rocplus.blg
    Please remove them from your package.
Flavors: r-release-linux-ix86, r-release-osx-x86_64-mavericks

Version: 1.0-0
Check: for old-style vignette sources
Result: NOTE
    Vignette sources only in inst/doc :
     rocplus.Rnw
    A vignettes directory is required as from R 3.1.0
    and these will not be indexed nor checked
Flavors: r-release-linux-ix86, r-release-osx-x86_64-mavericks