CRAN Package Check Results for Package rocplus

Last updated on 2014-04-24 21:47:49.

Flavor Version Tinstall Tcheck Ttotal Status Flags
r-devel-linux-x86_64-debian-clang 1.0-0 0.60 11.58 12.18 NOTE
r-devel-linux-x86_64-debian-gcc 1.0-0 0.61 11.55 12.16 NOTE
r-devel-linux-x86_64-fedora-clang 1.0-0 26.86 NOTE
r-devel-linux-x86_64-fedora-gcc 1.0-0 25.08 NOTE
r-devel-osx-x86_64-clang 1.0-0 25.54 NOTE
r-devel-osx-x86_64-gcc 1.0-0 NOTE
r-devel-windows-ix86+x86_64 1.0-0 2.00 19.00 21.00 NOTE
r-patched-linux-x86_64 1.0-0 0.66 11.36 12.02 NOTE
r-patched-solaris-sparc 1.0-0 132.80 NOTE
r-patched-solaris-x86 1.0-0 34.00 NOTE
r-release-linux-ix86 1.0-0 1.00 25.00 26.00 NOTE
r-release-linux-x86_64 1.0-0 0.61 11.50 12.11 NOTE
r-release-osx-x86_64-mavericks 1.0-0 WARN
r-release-osx-x86_64-snowleopard 1.0-0 NOTE
r-release-windows-ix86+x86_64 1.0-0 4.00 26.00 30.00 NOTE
r-oldrel-windows-ix86+x86_64 1.0-0 2.00 31.00 33.00 NOTE

Check Details

Version: 1.0-0
Check: dependencies in R code
Result: NOTE
    Package in Depends field not imported from: ‘SuppDists’
     These packages need to be imported from (in the NAMESPACE file)
     for when this namespace is loaded but not attached.
    See the information on DESCRIPTION files in the chapter ‘Creating R
    packages’ of the ‘Writing R Extensions’ manual.
Flavors: r-devel-linux-x86_64-debian-clang, r-devel-linux-x86_64-debian-gcc, r-devel-linux-x86_64-fedora-clang, r-devel-linux-x86_64-fedora-gcc, r-devel-osx-x86_64-clang, r-devel-osx-x86_64-gcc, r-devel-windows-ix86+x86_64, r-patched-linux-x86_64, r-patched-solaris-sparc, r-patched-solaris-x86, r-release-linux-ix86, r-release-linux-x86_64, r-release-osx-x86_64-mavericks, r-release-windows-ix86+x86_64, r-oldrel-windows-ix86+x86_64

Version: 1.0-0
Check: R code for possible problems
Result: NOTE
    rocplus : start.plot: warning in axis(1, at = seq(-3, 3, by = 1), label
     = round(pnorm(c(seq(-3, 3, by = 1))), 2)): partial argument match of
     'label' to 'labels'
    rocplus : start.plot: warning in axis(2, at = seq(-3, 3, by = 1), label
     = round(pnorm(c(seq(-3, 3, by = 1))), 2)): partial argument match of
     'label' to 'labels'
    rocplus : start.plot: warning in axis(1, at = ax, label = al): partial
     argument match of 'label' to 'labels'
    rocplus : start.plot: warning in axis(2, at = ax, label = al): partial
     argument match of 'label' to 'labels'
Flavors: r-devel-linux-x86_64-debian-clang, r-devel-linux-x86_64-debian-gcc, r-devel-linux-x86_64-fedora-clang, r-devel-linux-x86_64-fedora-gcc, r-devel-osx-x86_64-clang, r-devel-osx-x86_64-gcc, r-devel-windows-ix86+x86_64, r-patched-linux-x86_64, r-patched-solaris-sparc, r-patched-solaris-x86, r-release-linux-ix86, r-release-linux-x86_64, r-release-osx-x86_64-mavericks, r-release-osx-x86_64-snowleopard, r-release-windows-ix86+x86_64, r-oldrel-windows-ix86+x86_64

Version: 1.0-0
Check: installed files from ‘inst/doc’
Result: NOTE
    The following files look like leftovers/mistakes:
     ‘rocplus.bbl’, ‘rocplus.blg’
    Please remove them from your package.
Flavors: r-devel-linux-x86_64-debian-clang, r-devel-linux-x86_64-debian-gcc, r-devel-linux-x86_64-fedora-clang, r-devel-linux-x86_64-fedora-gcc, r-devel-osx-x86_64-clang, r-devel-osx-x86_64-gcc, r-devel-windows-ix86+x86_64, r-patched-linux-x86_64, r-patched-solaris-sparc, r-patched-solaris-x86, r-release-linux-ix86, r-release-linux-x86_64, r-release-osx-x86_64-mavericks, r-release-osx-x86_64-snowleopard, r-release-windows-ix86+x86_64, r-oldrel-windows-ix86+x86_64

Version: 1.0-0
Check: for old-style vignette sources
Result: NOTE
    Vignette sources only in ‘inst/doc’:
     ‘rocplus.Rnw’
    A ‘vignettes’ directory is required as from R 3.1.0
    and these will not be indexed nor checked
Flavors: r-devel-linux-x86_64-debian-clang, r-devel-linux-x86_64-debian-gcc, r-devel-linux-x86_64-fedora-clang, r-devel-linux-x86_64-fedora-gcc, r-devel-osx-x86_64-clang, r-devel-osx-x86_64-gcc, r-devel-windows-ix86+x86_64, r-patched-linux-x86_64, r-patched-solaris-sparc, r-patched-solaris-x86, r-release-linux-ix86, r-release-linux-x86_64, r-release-osx-x86_64-mavericks, r-release-osx-x86_64-snowleopard, r-release-windows-ix86+x86_64

Version: 1.0-0
Check: Rd line widths
Result: NOTE
    Rd file 'rocplus.Rd':
     \examples lines wider than 100 characters:
     ym<-matrix(c(102,59,61,90,55,18,46,35,69,49,136,71,25,66,125,74,95,55,100,51,67,147,28,130),12,2)
     rocplus(xm,ym,"A multiple plot with a convex hull",convex.hull=TRUE,markedPoints=c(.2,.5,.05))
    
    These lines will be truncated in the PDF manual.
Flavors: r-devel-linux-x86_64-fedora-clang, r-devel-linux-x86_64-fedora-gcc

Version: 1.0-0
Check: PDF version of manual
Result: WARNING
    LaTeX errors when creating PDF version.
    This typically indicates Rd problems.
    LaTeX errors found:
    ! LaTeX Error: File `upquote.sty' not found.
    
    Type X to quit or <RETURN> to proceed,
    or enter new name. (Default extension: sty)
    
    06f51dc/Rd2.tex:8: ==> Fatal error occurred, no output PDF file produced!
Flavor: r-release-osx-x86_64-mavericks

Version: 1.0-0
Check: for old-style vignette sources
Result: NOTE
    Vignette sources only in 'inst/doc':
     'rocplus.Rnw'
    A 'vignettes' directory will be required as from R 3.1.0
Flavor: r-oldrel-windows-ix86+x86_64