CRAN Package Check Results for Package rocsvm.path

Last updated on 2024-02-22 14:48:27 CET.

Flavor Version Tinstall Tcheck Ttotal Status Flags
r-devel-linux-x86_64-debian-clang 0.1.0 NOTE
r-devel-linux-x86_64-debian-gcc 0.1.0 3.51 34.20 37.71 NOTE
r-devel-linux-x86_64-fedora-clang 0.1.0 60.96 NOTE
r-devel-linux-x86_64-fedora-gcc 0.1.0 57.85 NOTE
r-devel-windows-x86_64 0.1.0 5.00 52.00 57.00 NOTE
r-patched-linux-x86_64 0.1.0 4.67 43.69 48.36 NOTE
r-release-linux-x86_64 0.1.0 4.48 43.39 47.87 NOTE
r-release-macos-arm64 0.1.0 23.00 NOTE
r-release-macos-x86_64 0.1.0 34.00 NOTE
r-release-windows-x86_64 0.1.0 7.00 57.00 64.00 NOTE
r-oldrel-macos-arm64 0.1.0 24.00 NOTE
r-oldrel-windows-x86_64 0.1.0 16.00 75.00 91.00 NOTE

Additional issues

donttest

Check Details

Version: 0.1.0
Check: LazyData
Result: NOTE 'LazyData' is specified without a 'data' directory Flavors: r-devel-linux-x86_64-debian-clang, r-devel-linux-x86_64-debian-gcc, r-devel-linux-x86_64-fedora-clang, r-devel-linux-x86_64-fedora-gcc, r-devel-windows-x86_64, r-patched-linux-x86_64, r-release-linux-x86_64, r-release-macos-arm64, r-release-macos-x86_64, r-release-windows-x86_64, r-oldrel-macos-arm64, r-oldrel-windows-x86_64