CRAN Package Check Results for Package rodham

Last updated on 2021-01-18 21:49:28 CET.

Flavor Version Tinstall Tcheck Ttotal Status Flags
r-devel-linux-x86_64-debian-clang 0.1.1 3.88 36.55 40.43 OK
r-devel-linux-x86_64-debian-gcc 0.1.1 3.36 29.14 32.50 OK
r-devel-linux-x86_64-fedora-clang 0.1.1 59.37 NOTE
r-devel-linux-x86_64-fedora-gcc 0.1.1 49.03 NOTE
r-devel-windows-ix86+x86_64 0.1.1 9.00 48.00 57.00 OK
r-patched-linux-x86_64 0.1.1 3.64 35.33 38.97 OK
r-patched-solaris-x86 0.1.1 74.50 NOTE
r-release-linux-x86_64 0.1.1 3.64 35.31 38.95 OK
r-release-macos-x86_64 0.1.1 NOTE
r-release-windows-ix86+x86_64 0.1.1 8.00 47.00 55.00 OK
r-oldrel-macos-x86_64 0.1.1 NOTE
r-oldrel-windows-ix86+x86_64 0.1.1 6.00 41.00 47.00 OK

Check Details

Version: 0.1.1
Check: dependencies in R code
Result: NOTE
    Namespace in Imports field not imported from: ‘stringr’
     All declared Imports should be used.
Flavors: r-devel-linux-x86_64-fedora-clang, r-devel-linux-x86_64-fedora-gcc, r-patched-solaris-x86, r-release-macos-x86_64, r-oldrel-macos-x86_64

Version: 0.1.1
Check: data for non-ASCII characters
Result: NOTE
     Note: found 59 marked UTF-8 strings
Flavors: r-devel-linux-x86_64-fedora-clang, r-devel-linux-x86_64-fedora-gcc, r-patched-solaris-x86, r-release-macos-x86_64, r-oldrel-macos-x86_64