CRAN Package Check Results for Package rofanova

Last updated on 2024-04-22 23:54:38 CEST.

Flavor Version Tinstall Tcheck Ttotal Status Flags
r-devel-linux-x86_64-debian-clang 1.0.0 49.57 217.58 267.15 NOTE
r-devel-linux-x86_64-debian-gcc 1.0.0 42.08 154.49 196.57 NOTE
r-devel-linux-x86_64-fedora-clang 1.0.0 341.51 NOTE
r-devel-linux-x86_64-fedora-gcc 1.0.0 330.75 NOTE
r-prerel-macos-arm64 1.0.0 83.00 NOTE
r-prerel-windows-x86_64 1.0.0 47.00 172.00 219.00 OK
r-patched-linux-x86_64 1.0.0 40.20 206.26 246.46 NOTE
r-release-linux-x86_64 1.0.0 50.22 205.27 255.49 NOTE
r-release-macos-arm64 1.0.0 99.00 NOTE
r-release-macos-x86_64 1.0.0 149.00 NOTE
r-release-windows-x86_64 1.0.0 59.00 231.00 290.00 OK
r-oldrel-macos-arm64 1.0.0 88.00 OK
r-oldrel-windows-x86_64 1.0.0 58.00 223.00 281.00 OK

Check Details

Version: 1.0.0
Check: C++ specification
Result: NOTE Specified C++11: please drop specification unless essential Flavors: r-devel-linux-x86_64-debian-clang, r-devel-linux-x86_64-debian-gcc, r-devel-linux-x86_64-fedora-clang, r-devel-linux-x86_64-fedora-gcc, r-prerel-macos-arm64, r-patched-linux-x86_64, r-release-linux-x86_64, r-release-macos-arm64, r-release-macos-x86_64