Last updated on 2023-03-29 16:50:26 CEST.
Flavor | Version | Tinstall | Tcheck | Ttotal | Status | Flags |
---|---|---|---|---|---|---|
r-devel-linux-x86_64-debian-clang | 0.1.0 | 2.06 | 19.96 | 22.02 | NOTE | |
r-devel-linux-x86_64-debian-gcc | 0.1.0 | 1.72 | 15.74 | 17.46 | NOTE | |
r-devel-linux-x86_64-fedora-clang | 0.1.0 | 28.16 | NOTE | |||
r-devel-linux-x86_64-fedora-gcc | 0.1.0 | 26.32 | NOTE | |||
r-patched-linux-x86_64 | 0.1.0 | 2.18 | 19.64 | 21.82 | NOTE | |
r-release-linux-x86_64 | 0.1.0 | 1.94 | 20.80 | 22.74 | NOTE | |
r-release-macos-arm64 | 0.1.0 | 14.00 | NOTE | |||
r-release-macos-x86_64 | 0.1.0 | 20.00 | NOTE | |||
r-release-windows-x86_64 | 0.1.0 | 12.00 | 51.00 | 63.00 | NOTE | |
r-oldrel-macos-arm64 | 0.1.0 | 19.00 | NOTE | |||
r-oldrel-macos-x86_64 | 0.1.0 | 22.00 | NOTE | |||
r-oldrel-windows-ix86+x86_64 | 0.1.0 | 5.00 | 45.00 | 50.00 | NOTE |
Version: 0.1.0
Check: LazyData
Result: NOTE
'LazyData' is specified without a 'data' directory
Flavors: r-devel-linux-x86_64-debian-clang, r-devel-linux-x86_64-debian-gcc, r-devel-linux-x86_64-fedora-clang, r-devel-linux-x86_64-fedora-gcc, r-patched-linux-x86_64, r-release-linux-x86_64, r-release-macos-arm64, r-release-macos-x86_64, r-release-windows-x86_64, r-oldrel-macos-arm64, r-oldrel-macos-x86_64, r-oldrel-windows-ix86+x86_64