CRAN Package Check Results for Package rolocISCCNBS

Last updated on 2020-10-21 03:47:31 CEST.

Flavor Version Tinstall Tcheck Ttotal Status Flags
r-devel-linux-x86_64-debian-clang 0.1 20.58 58.76 79.34 OK
r-devel-linux-x86_64-debian-gcc 0.1 20.80 50.25 71.05 OK
r-devel-linux-x86_64-fedora-clang 0.1 115.43 NOTE
r-devel-linux-x86_64-fedora-gcc 0.1 107.04 OK
r-devel-windows-ix86+x86_64 0.1 41.00 54.00 95.00 NOTE
r-patched-linux-x86_64 0.1 20.85 54.93 75.78 OK
r-patched-solaris-x86 0.1 194.50 NOTE
r-release-linux-x86_64 0.1 23.00 53.16 76.16 OK
r-release-macos-x86_64 0.1 NOTE
r-release-windows-ix86+x86_64 0.1 41.00 54.00 95.00 NOTE
r-oldrel-macos-x86_64 0.1 NOTE
r-oldrel-windows-ix86+x86_64 0.1 47.00 71.00 118.00 NOTE

Check Details

Version: 0.1
Check: installed package size
Result: NOTE
     installed size is 5.5Mb
     sub-directories of 1Mb or more:
     R 2.7Mb
     extdata 2.7Mb
Flavors: r-devel-linux-x86_64-fedora-clang, r-devel-windows-ix86+x86_64, r-patched-solaris-x86, r-release-macos-x86_64, r-release-windows-ix86+x86_64, r-oldrel-macos-x86_64, r-oldrel-windows-ix86+x86_64