CRAN Package Check Results for Package rolr

Last updated on 2024-06-16 17:58:11 CEST.

Flavor Version Tinstall Tcheck Ttotal Status Flags
r-devel-linux-x86_64-debian-clang 1.0.0 1.57 61.76 63.33 NOTE
r-devel-linux-x86_64-debian-gcc 1.0.0 1.89 45.39 47.28 NOTE
r-devel-linux-x86_64-fedora-clang 1.0.0 77.22 NOTE
r-devel-linux-x86_64-fedora-gcc 1.0.0 74.64 NOTE
r-devel-windows-x86_64 1.0.0 3.00 63.00 66.00 NOTE
r-patched-linux-x86_64 1.0.0 2.58 60.44 63.02 NOTE
r-release-linux-x86_64 1.0.0 2.53 61.04 63.57 NOTE
r-release-macos-arm64 1.0.0 24.00 NOTE
r-release-macos-x86_64 1.0.0 37.00 NOTE
r-release-windows-x86_64 1.0.0 3.00 64.00 67.00 NOTE
r-oldrel-macos-arm64 1.0.0 26.00 NOTE
r-oldrel-macos-x86_64 1.0.0 42.00 NOTE
r-oldrel-windows-x86_64 1.0.0 4.00 73.00 77.00 NOTE

Check Details

Version: 1.0.0
Check: LazyData
Result: NOTE 'LazyData' is specified without a 'data' directory Flavors: r-devel-linux-x86_64-debian-clang, r-devel-linux-x86_64-debian-gcc, r-devel-linux-x86_64-fedora-clang, r-devel-linux-x86_64-fedora-gcc, r-devel-windows-x86_64, r-patched-linux-x86_64, r-release-linux-x86_64, r-release-macos-arm64, r-release-macos-x86_64, r-release-windows-x86_64, r-oldrel-macos-arm64, r-oldrel-macos-x86_64, r-oldrel-windows-x86_64