CRAN Package Check Results for Package rootSolve

Last updated on 2015-07-05 10:47:06.

Flavor Version Tinstall Tcheck Ttotal Status Flags
r-devel-linux-x86_64-debian-clang 1.6.5.1 5.63 25.65 31.28 NOTE
r-devel-linux-x86_64-debian-gcc 1.6.5.1 5.73 25.04 30.77 NOTE
r-devel-linux-x86_64-fedora-clang 1.6.5.1 56.35 NOTE
r-devel-linux-x86_64-fedora-gcc 1.6.5.1 53.72 NOTE
r-devel-osx-x86_64-clang 1.6.5.1 47.67 OK
r-devel-windows-ix86+x86_64 1.6.5.1 25.00 45.00 70.00 NOTE
r-patched-linux-x86_64 1.6.5.1 5.81 25.24 31.04 OK
r-patched-solaris-sparc 1.6.5.1 351.70 OK
r-patched-solaris-x86 1.6.5.1 83.30 OK
r-release-linux-x86_64 1.6.5.1 5.80 25.15 30.96 OK
r-release-osx-x86_64-mavericks 1.6.5.1 OK
r-release-windows-ix86+x86_64 1.6.5.1 24.00 52.00 76.00 OK
r-oldrel-windows-ix86+x86_64 1.6.5.1 31.00 49.00 80.00 OK

Check Details

Version: 1.6.5.1
Check: R code for possible problems
Result: NOTE
    drapecol: no visible global function definition for ‘colorRampPalette’
    drawlegend: no visible global function definition for ‘par’
    drawlegend: no visible global function definition for ‘image’
    image.steady2D: no visible global function definition for
     ‘colorRampPalette’
    image.steady2D: no visible global function definition for
     ‘devAskNewPage’
    image.steady2D: no visible global function definition for ‘par’
    image.steady2D: no visible global function definition for ‘box’
    image.steady3D: no visible global function definition for
     ‘colorRampPalette’
    image.steady3D: no visible global function definition for
     ‘devAskNewPage’
    image.steady3D: no visible global function definition for ‘par’
    plot.steady1D: no visible global function definition for
     ‘devAskNewPage’
    plot.steady1D: no visible global function definition for ‘abline’
    plot.steady1D: no visible global function definition for ‘axis’
    runsteady: no visible binding for global variable ‘approx’
    setplotpar: no visible global function definition for ‘par’
    setplotpar: no visible global function definition for ‘dev.interactive’
    stode: no visible binding for global variable ‘approx’
    stodes: no visible binding for global variable ‘approx’
    summary.rootSolve: no visible global function definition for ‘sd’
    uniroot.all: no visible global function definition for ‘uniroot’
    Undefined global functions or variables:
     abline approx axis box colorRampPalette dev.interactive devAskNewPage
     image par sd uniroot
Flavors: r-devel-linux-x86_64-debian-clang, r-devel-linux-x86_64-debian-gcc, r-devel-linux-x86_64-fedora-clang, r-devel-linux-x86_64-fedora-gcc, r-devel-windows-ix86+x86_64