CRAN Package Check Results for Package rootSolve

Last updated on 2017-06-24 20:49:08.

Flavor Version Tinstall Tcheck Ttotal Status Flags
r-devel-linux-x86_64-debian-clang 1.7 7.59 31.40 38.99 NOTE
r-devel-linux-x86_64-debian-gcc 1.7 7.25 30.72 37.97 NOTE
r-devel-linux-x86_64-fedora-clang 1.7 67.71 NOTE
r-devel-linux-x86_64-fedora-gcc 1.7 68.69 NOTE
r-devel-windows-ix86+x86_64 1.7 33.00 95.00 128.00 OK
r-patched-linux-x86_64 1.7 6.68 30.46 37.14 NOTE
r-patched-solaris-sparc 1.7 413.70 OK
r-patched-solaris-x86 1.7 96.60 OK
r-release-linux-x86_64 1.7 7.57 31.04 38.61 NOTE
r-release-windows-ix86+x86_64 1.7 30.00 67.00 97.00 OK
r-release-osx-x86_64 1.7 OK
r-oldrel-windows-ix86+x86_64 1.7 32.00 77.00 109.00 OK
r-oldrel-osx-x86_64 1.7 OK

Additional issues

rchk

Check Details

Version: 1.7
Check: compiled code
Result: NOTE
    File ‘rootSolve/libs/rootSolve.so’:
     Found no calls to: ‘R_registerRoutines’, ‘R_useDynamicSymbols’
    
    It is good practice to register native routines and to disable symbol
    search.
    
    See ‘Writing portable packages’ in the ‘Writing R Extensions’ manual.
Flavors: r-devel-linux-x86_64-debian-clang, r-devel-linux-x86_64-debian-gcc, r-devel-linux-x86_64-fedora-clang, r-devel-linux-x86_64-fedora-gcc, r-patched-linux-x86_64, r-release-linux-x86_64