CRAN Package Check Results for Package rootSolve

Last updated on 2017-08-22 03:49:04.

Flavor Version Tinstall Tcheck Ttotal Status Flags
r-devel-linux-x86_64-debian-clang 1.7 6.17 31.94 38.11 NOTE
r-devel-linux-x86_64-debian-gcc 1.7 6.00 31.78 37.78 NOTE
r-devel-linux-x86_64-fedora-clang 1.7 68.82 NOTE
r-devel-linux-x86_64-fedora-gcc 1.7 65.70 NOTE
r-devel-windows-ix86+x86_64 1.7 42.00 69.00 111.00 OK
r-patched-linux-x86_64 1.7 6.16 32.12 38.27 NOTE
r-patched-solaris-x86 1.7 91.90 OK
r-release-linux-x86_64 1.7 6.04 31.12 37.16 NOTE
r-release-windows-ix86+x86_64 1.7 29.00 72.00 101.00 OK
r-release-osx-x86_64 1.7 OK
r-oldrel-windows-ix86+x86_64 1.7 32.00 77.00 109.00 OK
r-oldrel-osx-x86_64 1.7 OK

Additional issues

rchk

Check Details

Version: 1.7
Check: compiled code
Result: NOTE
    File ‘rootSolve/libs/rootSolve.so’:
     Found no calls to: ‘R_registerRoutines’, ‘R_useDynamicSymbols’
    
    It is good practice to register native routines and to disable symbol
    search.
    
    See ‘Writing portable packages’ in the ‘Writing R Extensions’ manual.
Flavors: r-devel-linux-x86_64-debian-clang, r-devel-linux-x86_64-debian-gcc, r-devel-linux-x86_64-fedora-clang, r-devel-linux-x86_64-fedora-gcc, r-patched-linux-x86_64, r-release-linux-x86_64