CRAN Package Check Results for Package rootSolve

Last updated on 2016-12-07 17:52:48.

Flavor Version Tinstall Tcheck Ttotal Status Flags
r-devel-linux-x86_64-debian-clang 1.6.6 6.26 31.67 37.93 WARN
r-devel-linux-x86_64-debian-gcc 1.7 7.33 31.46 38.79 OK
r-devel-linux-x86_64-fedora-clang 1.7 68.66 OK --no-stop-on-test-error
r-devel-linux-x86_64-fedora-gcc 1.7 67.97 OK --no-stop-on-test-error
r-devel-macos-x86_64-clang 1.7 42.00 OK --no-stop-on-test-error
r-devel-windows-ix86+x86_64 1.7 27.00 61.00 88.00 OK
r-patched-linux-x86_64 1.6.6 5.82 25.13 30.94 OK
r-patched-solaris-sparc 1.7 357.20 OK
r-patched-solaris-x86 1.7 71.90 OK
r-release-linux-x86_64 1.7 6.82 25.58 32.39 OK
r-release-osx-x86_64-mavericks 1.6.6 OK
r-release-windows-ix86+x86_64 1.6.6 41.00 61.00 102.00 OK
r-oldrel-windows-ix86+x86_64 1.7 34.00 76.00 110.00 OK

Check Details

Version: 1.6.6
Check: whether package can be installed
Result: WARN
    Found the following significant warnings:
     Warning: GNU Extension: Nonstandard type declaration REAL*8 at (1)
Flavor: r-devel-linux-x86_64-debian-clang