CRAN Package Check Results for Package rootSolve

Last updated on 2017-12-12 20:48:10 CET.

Flavor Version Tinstall Tcheck Ttotal Status Flags
r-devel-linux-x86_64-debian-clang 1.7 7.71 49.09 56.80 NOTE
r-devel-linux-x86_64-debian-gcc 1.7 6.55 37.22 43.77 NOTE
r-devel-linux-x86_64-fedora-clang 1.7 67.82 NOTE
r-devel-windows-ix86+x86_64 1.7 48.00 71.00 119.00 OK
r-patched-linux-x86_64 1.7 7.84 49.68 57.52 NOTE
r-patched-solaris-x86 1.7 100.10 OK
r-release-linux-x86_64 1.7 7.80 48.99 56.79 NOTE
r-release-windows-ix86+x86_64 1.7 29.00 72.00 101.00 OK
r-release-osx-x86_64 1.7 OK
r-oldrel-windows-ix86+x86_64 1.7 32.00 77.00 109.00 OK
r-oldrel-osx-x86_64 1.7 OK

Additional issues

rchk

Check Details

Version: 1.7
Check: compiled code
Result: NOTE
    File ‘rootSolve/libs/rootSolve.so’:
     Found no calls to: ‘R_registerRoutines’, ‘R_useDynamicSymbols’
    
    It is good practice to register native routines and to disable symbol
    search.
    
    See ‘Writing portable packages’ in the ‘Writing R Extensions’ manual.
Flavors: r-devel-linux-x86_64-debian-clang, r-devel-linux-x86_64-debian-gcc, r-devel-linux-x86_64-fedora-clang, r-patched-linux-x86_64, r-release-linux-x86_64