CRAN Package Check Results for Package rootSolve

Last updated on 2018-04-26 10:47:22 CEST.

Flavor Version Tinstall Tcheck Ttotal Status Flags
r-devel-linux-x86_64-debian-clang 1.7 11.60 41.18 52.78 NOTE
r-devel-linux-x86_64-debian-gcc 1.7 7.30 34.01 41.31 NOTE
r-devel-linux-x86_64-fedora-clang 1.7 68.59 NOTE
r-devel-linux-x86_64-fedora-gcc 1.7 67.01 NOTE
r-devel-windows-ix86+x86_64 1.7 51.00 96.00 147.00 OK
r-patched-linux-x86_64 1.7 10.40 43.66 54.06 NOTE
r-patched-solaris-x86 1.7 96.60 OK
r-release-linux-x86_64 1.7 10.81 43.72 54.53 NOTE
r-release-windows-ix86+x86_64 1.7 51.00 96.00 147.00 OK
r-release-osx-x86_64 1.7 OK
r-oldrel-windows-ix86+x86_64 1.7 29.00 72.00 101.00 OK
r-oldrel-osx-x86_64 1.7 OK

Additional issues

rchk

Check Details

Version: 1.7
Check: compiled code
Result: NOTE
    File ‘rootSolve/libs/rootSolve.so’:
     Found no calls to: ‘R_registerRoutines’, ‘R_useDynamicSymbols’
    
    It is good practice to register native routines and to disable symbol
    search.
    
    See ‘Writing portable packages’ in the ‘Writing R Extensions’ manual.
Flavors: r-devel-linux-x86_64-debian-clang, r-devel-linux-x86_64-debian-gcc, r-devel-linux-x86_64-fedora-clang, r-devel-linux-x86_64-fedora-gcc, r-patched-linux-x86_64, r-release-linux-x86_64