CRAN Package Check Results for Package rootSolve

Last updated on 2017-03-01 17:52:40.

Flavor Version Tinstall Tcheck Ttotal Status Flags
r-devel-linux-x86_64-debian-clang 1.7 7.45 31.40 38.86 NOTE
r-devel-linux-x86_64-debian-gcc 1.7 7.42 31.81 39.23 NOTE
r-devel-linux-x86_64-fedora-clang 1.7 72.54 NOTE --no-stop-on-test-error
r-devel-linux-x86_64-fedora-gcc 1.7 66.13 NOTE --no-stop-on-test-error
r-devel-macos-x86_64-clang 1.7 56.79 NOTE --no-stop-on-test-error
r-devel-windows-ix86+x86_64 1.7 35.00 127.00 162.00 OK
r-patched-linux-x86_64 1.7 6.62 27.16 33.77 OK
r-patched-solaris-sparc 1.7 352.90 OK
r-patched-solaris-x86 1.7 81.40 OK
r-release-linux-x86_64 1.7 6.78 26.68 33.46 OK
r-release-osx-x86_64-mavericks 1.7 OK
r-release-windows-ix86+x86_64 1.7 32.00 77.00 109.00 OK
r-oldrel-windows-ix86+x86_64 1.7 34.00 76.00 110.00 OK

Check Details

Version: 1.7
Check: compiled code
Result: NOTE
    File ‘rootSolve/libs/rootSolve.so’:
     Found no calls to: ‘R_registerRoutines’, ‘R_useDynamicSymbols’
    
    It is good practice to register native routines and to disable symbol
    search.
    
    See ‘Writing portable packages’ in the ‘Writing R Extensions’ manual.
Flavors: r-devel-linux-x86_64-debian-clang, r-devel-linux-x86_64-debian-gcc

Version: 1.7
Flags: --no-stop-on-test-error
Check: compiled code
Result: NOTE
    File ‘rootSolve/libs/rootSolve.so’:
     Found no calls to: ‘R_registerRoutines’, ‘R_useDynamicSymbols’
    
    It is good practice to register native routines and to disable symbol
    search.
    
    See ‘Writing portable packages’ in the ‘Writing R Extensions’ manual.
Flavors: r-devel-linux-x86_64-fedora-clang, r-devel-linux-x86_64-fedora-gcc, r-devel-macos-x86_64-clang