CRAN Package Check Results for Package rootSolve

Last updated on 2015-09-04 05:47:03.

Flavor Version Tinstall Tcheck Ttotal Status Flags
r-devel-linux-x86_64-debian-clang 1.6.5.1 5.78 24.74 30.52 NOTE
r-devel-linux-x86_64-debian-gcc 1.6.5.1 6.34 26.37 32.71 NOTE
r-devel-linux-x86_64-fedora-clang 1.6.5.1 56.69 NOTE
r-devel-linux-x86_64-fedora-gcc 1.6.5.1 54.50 NOTE
r-devel-osx-x86_64-clang 1.6.5.1 45.52 OK
r-devel-windows-ix86+x86_64 1.6.5.1 22.00 54.00 76.00 NOTE
r-patched-linux-x86_64 1.6.5.1 5.92 25.26 31.18 OK
r-patched-solaris-sparc 1.6.5.1 362.80 OK
r-patched-solaris-x86 1.6.5.1 81.20 OK
r-release-linux-x86_64 1.6.5.1 5.84 25.70 31.54 OK
r-release-osx-x86_64-mavericks 1.6.5.1 OK
r-release-windows-ix86+x86_64 1.6.5.1 23.00 51.00 74.00 OK
r-oldrel-windows-ix86+x86_64 1.6.5.1 31.00 49.00 80.00 OK

Check Details

Version: 1.6.5.1
Check: R code for possible problems
Result: NOTE
    drapecol: no visible global function definition for ‘colorRampPalette’
    drawlegend: no visible global function definition for ‘par’
    drawlegend: no visible global function definition for ‘image’
    image.steady2D: no visible global function definition for
     ‘colorRampPalette’
    image.steady2D: no visible global function definition for
     ‘devAskNewPage’
    image.steady2D: no visible global function definition for ‘par’
    image.steady2D: no visible global function definition for ‘box’
    image.steady3D: no visible global function definition for
     ‘colorRampPalette’
    image.steady3D: no visible global function definition for
     ‘devAskNewPage’
    image.steady3D: no visible global function definition for ‘par’
    plot.steady1D: no visible global function definition for
     ‘devAskNewPage’
    plot.steady1D: no visible global function definition for ‘abline’
    plot.steady1D: no visible global function definition for ‘axis’
    runsteady: no visible binding for global variable ‘approx’
    setplotpar: no visible global function definition for ‘par’
    setplotpar: no visible global function definition for ‘dev.interactive’
    stode: no visible binding for global variable ‘approx’
    stodes: no visible binding for global variable ‘approx’
    summary.rootSolve: no visible global function definition for ‘sd’
    uniroot.all: no visible global function definition for ‘uniroot’
    Undefined global functions or variables:
     abline approx axis box colorRampPalette dev.interactive devAskNewPage
     image par sd uniroot
    Consider adding
     importFrom("grDevices", "colorRampPalette", "dev.interactive",
     "devAskNewPage")
     importFrom("graphics", "abline", "axis", "box", "image", "par")
     importFrom("stats", "approx", "sd", "uniroot")
    to your NAMESPACE.
Flavors: r-devel-linux-x86_64-debian-clang, r-devel-linux-x86_64-debian-gcc, r-devel-linux-x86_64-fedora-clang, r-devel-linux-x86_64-fedora-gcc, r-devel-windows-ix86+x86_64