CRAN Package Check Results for Package rootSolve

Last updated on 2016-08-25 23:48:29.

Flavor Version Tinstall Tcheck Ttotal Status Flags
r-devel-linux-x86_64-debian-clang 1.6.6 6.23 25.59 31.82 WARN
r-devel-linux-x86_64-debian-gcc 1.6.6 6.18 25.38 31.55 WARN
r-devel-linux-x86_64-fedora-clang 1.6.6 55.76 WARN
r-devel-linux-x86_64-fedora-gcc 1.6.6 53.80 WARN
r-devel-osx-x86_64-clang 1.6.6 45.94 WARN
r-devel-windows-ix86+x86_64 1.6.6 29.00 73.00 102.00 OK
r-patched-linux-x86_64 1.6.6 5.74 25.40 31.14 OK
r-patched-solaris-sparc 1.6.6 325.90 OK
r-patched-solaris-x86 1.6.6 71.20 OK
r-release-linux-x86_64 1.6.6 5.95 25.15 31.10 OK
r-release-osx-x86_64-mavericks 1.6.6 OK
r-release-windows-ix86+x86_64 1.6.6 27.00 84.00 111.00 OK
r-oldrel-windows-ix86+x86_64 1.6.6 23.00 76.00 99.00 OK

Check Details

Version: 1.6.6
Check: whether package can be installed
Result: WARN
    Found the following significant warnings:
     Warning: GNU Extension: Nonstandard type declaration REAL*8 at (1)
Flavors: r-devel-linux-x86_64-debian-clang, r-devel-linux-x86_64-debian-gcc, r-devel-linux-x86_64-fedora-clang, r-devel-linux-x86_64-fedora-gcc, r-devel-osx-x86_64-clang