Last updated on 2022-08-07 20:52:25 CEST.
Flavor | Version | Tinstall | Tcheck | Ttotal | Status | Flags |
---|---|---|---|---|---|---|
r-devel-linux-x86_64-debian-clang | 1.2.0 | 2.11 | 31.18 | 33.29 | OK | |
r-devel-linux-x86_64-debian-gcc | 1.2.0 | 2.31 | 24.44 | 26.75 | OK | |
r-devel-linux-x86_64-fedora-clang | 1.2.0 | 51.49 | OK | |||
r-devel-linux-x86_64-fedora-gcc | 1.2.0 | 50.64 | OK | |||
r-devel-windows-x86_64 | 1.2.0 | 39.00 | 61.00 | 100.00 | OK | |
r-patched-linux-x86_64 | 1.2.0 | 2.36 | 30.74 | 33.10 | OK | |
r-release-linux-x86_64 | 1.2.0 | 1.97 | 30.71 | 32.68 | OK | |
r-release-macos-arm64 | 1.2.0 | 18.00 | OK | |||
r-release-macos-x86_64 | 1.2.0 | 27.00 | OK | |||
r-release-windows-x86_64 | 1.2.0 | 51.00 | 61.00 | 112.00 | OK | |
r-oldrel-macos-arm64 | 1.2.0 | 18.00 | OK | |||
r-oldrel-macos-x86_64 | 1.2.0 | 22.00 | OK | |||
r-oldrel-windows-ix86+x86_64 | 1.2.0 | 7.00 | 46.00 | 53.00 | WARN |
Version: 1.2.0
Check: re-building of vignette outputs
Result: WARN
Error(s) in re-building vignettes:
--- re-building 'nicer_roperators.Rmd' using rmarkdown
Error: processing vignette 'nicer_roperators.Rmd' failed with diagnostics:
only `math_method = 'mathjax'` is supported with earlier version than Pandoc 2.0
--- failed re-building 'nicer_roperators.Rmd'
SUMMARY: processing the following file failed:
'nicer_roperators.Rmd'
Error: Vignette re-building failed.
Execution halted
Flavor: r-oldrel-windows-ix86+x86_64