CRAN Package Check Results for Package ropercenter

Last updated on 2023-06-05 01:52:16 CEST.

Flavor Version Tinstall Tcheck Ttotal Status Flags
r-devel-linux-x86_64-debian-clang 0.3.1 8.19 63.70 71.89 NOTE
r-devel-linux-x86_64-debian-gcc 0.3.1 5.47 48.84 54.31 NOTE
r-devel-linux-x86_64-fedora-clang 0.3.1 93.53 NOTE
r-devel-linux-x86_64-fedora-gcc 0.3.1 95.48 NOTE
r-devel-windows-x86_64 0.3.1 9.00 73.00 82.00 NOTE
r-patched-linux-x86_64 0.3.1 4.53 59.73 64.26 NOTE
r-release-linux-x86_64 0.3.1 4.79 59.94 64.73 NOTE
r-release-macos-arm64 0.3.1 37.00 NOTE
r-release-macos-x86_64 0.3.1 63.00 NOTE
r-release-windows-x86_64 0.3.1 10.00 78.00 88.00 NOTE
r-oldrel-macos-arm64 0.3.1 34.00 NOTE
r-oldrel-macos-x86_64 0.3.1 56.00 NOTE
r-oldrel-windows-x86_64 0.3.1 10.00 82.00 92.00 NOTE

Check Details

Version: 0.3.1
Check: LazyData
Result: NOTE
     'LazyData' is specified without a 'data' directory
Flavors: r-devel-linux-x86_64-debian-clang, r-devel-linux-x86_64-debian-gcc, r-devel-linux-x86_64-fedora-clang, r-devel-linux-x86_64-fedora-gcc, r-devel-windows-x86_64, r-patched-linux-x86_64, r-release-linux-x86_64, r-release-macos-arm64, r-release-macos-x86_64, r-release-windows-x86_64, r-oldrel-macos-arm64, r-oldrel-macos-x86_64, r-oldrel-windows-x86_64

Version: 0.3.1
Check: Rd cross-references
Result: NOTE
    Undeclared package ‘readroper’ in Rd xrefs
Flavor: r-devel-linux-x86_64-fedora-clang