CRAN Package Check Results for Package ror

Last updated on 2016-05-06 03:51:41.

Flavor Version Tinstall Tcheck Ttotal Status Flags
r-devel-linux-x86_64-debian-gcc 1.2 7.47 67.10 74.57 NOTE
r-devel-linux-x86_64-fedora-clang 1.2 141.50 NOTE
r-devel-linux-x86_64-fedora-gcc 1.2 133.84 NOTE
r-devel-osx-x86_64-clang 1.2 162.07 NOTE
r-devel-windows-ix86+x86_64 1.2 98.00 244.00 342.00 NOTE
r-patched-linux-x86_64 1.2 8.21 66.45 74.67 NOTE
r-patched-solaris-sparc 1.2 861.80 NOTE
r-patched-solaris-x86 1.2 178.80 NOTE
r-release-linux-x86_64 1.2 7.96 65.38 73.34 NOTE
r-release-osx-x86_64-mavericks 1.2 NOTE
r-release-windows-ix86+x86_64 1.2 98.00 244.00 342.00 NOTE
r-oldrel-windows-ix86+x86_64 1.2 186.00 533.00 719.00 NOTE

Check Details

Version: 1.2
Check: dependencies in R code
Result: NOTE
    Package in Depends field not imported from: ‘ROI.plugin.glpk’
     These packages need to be imported from (in the NAMESPACE file)
     for when this namespace is loaded but not attached.
Flavors: r-devel-linux-x86_64-debian-gcc, r-devel-linux-x86_64-fedora-clang, r-devel-linux-x86_64-fedora-gcc, r-devel-osx-x86_64-clang, r-devel-windows-ix86+x86_64, r-patched-linux-x86_64, r-patched-solaris-sparc, r-patched-solaris-x86, r-release-linux-x86_64, r-release-osx-x86_64-mavericks, r-release-windows-ix86+x86_64, r-oldrel-windows-ix86+x86_64

Version: 1.2
Check: R code for possible problems
Result: NOTE
    plot.smaa.acceptabilities: no visible global function definition for
     ‘barplot’
    plot.smaa.acceptabilities: no visible global function definition for
     ‘heat.colors’
    Undefined global functions or variables:
     barplot heat.colors
    Consider adding
     importFrom("grDevices", "heat.colors")
     importFrom("graphics", "barplot")
    to your NAMESPACE file.
Flavors: r-devel-linux-x86_64-debian-gcc, r-devel-linux-x86_64-fedora-clang, r-devel-linux-x86_64-fedora-gcc, r-devel-osx-x86_64-clang, r-devel-windows-ix86+x86_64, r-patched-linux-x86_64, r-patched-solaris-sparc, r-patched-solaris-x86, r-release-linux-x86_64, r-release-windows-ix86+x86_64

Version: 1.2
Check: Rd line widths
Result: NOTE
    Rd file 'utagms.Rd':
     \examples lines wider than 100 characters:
     stopifnot(necrel == matrix(c(TRUE, FALSE, FALSE, TRUE, TRUE, FALSE, TRUE, TRUE, TRUE), ncol=3, byrow=TRUE))
     stopifnot(posrel == matrix(c(TRUE, TRUE, FALSE, TRUE, TRUE, FALSE, TRUE, TRUE, TRUE), ncol=3, byrow=TRUE))
     necrel <- utagms(performances, strongPrefs=NULL, indifPrefs=strongPrefs, necessary=TRUE, strictVF=TRUE)
    
    These lines will be truncated in the PDF manual.
Flavors: r-devel-linux-x86_64-debian-gcc, r-devel-linux-x86_64-fedora-clang, r-devel-linux-x86_64-fedora-gcc, r-patched-linux-x86_64, r-release-linux-x86_64