CRAN Package Check Results for Package ror

Last updated on 2015-07-07 14:48:27.

Flavor Version Tinstall Tcheck Ttotal Status Flags
r-devel-linux-x86_64-debian-clang 1.2 6.78 59.24 66.02 NOTE
r-devel-linux-x86_64-debian-gcc 1.2 8.01 57.90 65.91 NOTE
r-devel-linux-x86_64-fedora-clang 1.2 127.72 NOTE
r-devel-linux-x86_64-fedora-gcc 1.2 121.66 NOTE
r-devel-osx-x86_64-clang 1.2 111.54 NOTE
r-devel-windows-ix86+x86_64 1.2 152.00 199.00 351.00 NOTE
r-patched-linux-x86_64 1.2 6.50 59.50 66.00 NOTE
r-patched-solaris-sparc 1.2 794.30 NOTE
r-patched-solaris-x86 1.2 171.40 NOTE
r-release-linux-x86_64 1.2 6.49 60.10 66.59 NOTE
r-release-osx-x86_64-mavericks 1.2 NOTE
r-release-windows-ix86+x86_64 1.2 96.00 219.00 315.00 NOTE
r-oldrel-windows-ix86+x86_64 1.2 56.00 217.00 273.00 NOTE

Check Details

Version: 1.2
Check: dependencies in R code
Result: NOTE
    Package in Depends field not imported from: ‘ROI.plugin.glpk’
     These packages need to be imported from (in the NAMESPACE file)
     for when this namespace is loaded but not attached.
Flavors: r-devel-linux-x86_64-debian-clang, r-devel-linux-x86_64-debian-gcc, r-devel-linux-x86_64-fedora-clang, r-devel-linux-x86_64-fedora-gcc, r-devel-osx-x86_64-clang, r-devel-windows-ix86+x86_64, r-patched-linux-x86_64, r-patched-solaris-sparc, r-patched-solaris-x86, r-release-linux-x86_64, r-release-osx-x86_64-mavericks, r-release-windows-ix86+x86_64, r-oldrel-windows-ix86+x86_64

Version: 1.2
Check: R code for possible problems
Result: NOTE
    plot.smaa.acceptabilities: no visible global function definition for
     ‘barplot’
    plot.smaa.acceptabilities: no visible global function definition for
     ‘heat.colors’
    Undefined global functions or variables:
     barplot heat.colors
Flavors: r-devel-linux-x86_64-debian-clang, r-devel-linux-x86_64-debian-gcc, r-devel-linux-x86_64-fedora-clang, r-devel-linux-x86_64-fedora-gcc, r-devel-windows-ix86+x86_64

Version: 1.2
Check: Rd line widths
Result: NOTE
    Rd file 'utagms.Rd':
     \examples lines wider than 100 characters:
     stopifnot(necrel == matrix(c(TRUE, FALSE, FALSE, TRUE, TRUE, FALSE, TRUE, TRUE, TRUE), ncol=3, byrow=TRUE))
     stopifnot(posrel == matrix(c(TRUE, TRUE, FALSE, TRUE, TRUE, FALSE, TRUE, TRUE, TRUE), ncol=3, byrow=TRUE))
     necrel <- utagms(performances, strongPrefs=NULL, indifPrefs=strongPrefs, necessary=TRUE, strictVF=TRUE)
    
    These lines will be truncated in the PDF manual.
Flavors: r-devel-linux-x86_64-debian-clang, r-devel-linux-x86_64-debian-gcc, r-devel-linux-x86_64-fedora-clang, r-devel-linux-x86_64-fedora-gcc, r-patched-linux-x86_64, r-release-linux-x86_64