CRAN Package Check Results for Package ror

Last updated on 2015-04-27 17:48:31.

Flavor Version Tinstall Tcheck Ttotal Status Flags
r-devel-linux-x86_64-debian-clang 1.2 4.36 60.48 64.84 NOTE
r-devel-linux-x86_64-debian-gcc 1.2 5.66 59.20 64.86 NOTE
r-devel-linux-x86_64-fedora-clang 1.2 130.80 NOTE
r-devel-linux-x86_64-fedora-gcc 1.2 122.17 NOTE
r-devel-osx-x86_64-clang 1.2 124.76 NOTE
r-devel-windows-ix86+x86_64 1.2 81.00 861.00 942.00 NOTE
r-patched-linux-x86_64 1.2 4.30 59.05 63.34 NOTE
r-patched-solaris-sparc 1.2 752.20 NOTE
r-patched-solaris-x86 1.2 163.60 NOTE
r-release-linux-x86_64 1.2 4.31 58.63 62.94 NOTE
r-release-osx-x86_64-mavericks 1.2 ERROR
r-release-osx-x86_64-snowleopard 1.2 ERROR
r-release-windows-ix86+x86_64 1.2 103.00 371.00 474.00 NOTE
r-oldrel-windows-ix86+x86_64 1.2 32.00 167.00 199.00 NOTE

Check Details

Version: 1.2
Check: dependencies in R code
Result: NOTE
    Package in Depends field not imported from: ‘ROI.plugin.glpk’
     These packages need to be imported from (in the NAMESPACE file)
     for when this namespace is loaded but not attached.
Flavors: r-devel-linux-x86_64-debian-clang, r-devel-linux-x86_64-debian-gcc, r-devel-linux-x86_64-fedora-clang, r-devel-linux-x86_64-fedora-gcc, r-devel-osx-x86_64-clang, r-devel-windows-ix86+x86_64, r-patched-solaris-sparc, r-patched-solaris-x86, r-release-linux-x86_64, r-release-windows-ix86+x86_64, r-oldrel-windows-ix86+x86_64

Version: 1.2
Check: Rd line widths
Result: NOTE
    Rd file 'utagms.Rd':
     \examples lines wider than 100 characters:
     stopifnot(necrel == matrix(c(TRUE, FALSE, FALSE, TRUE, TRUE, FALSE, TRUE, TRUE, TRUE), ncol=3, byrow=TRUE))
     stopifnot(posrel == matrix(c(TRUE, TRUE, FALSE, TRUE, TRUE, FALSE, TRUE, TRUE, TRUE), ncol=3, byrow=TRUE))
     necrel <- utagms(performances, strongPrefs=NULL, indifPrefs=strongPrefs, necessary=TRUE, strictVF=TRUE)
    
    These lines will be truncated in the PDF manual.
Flavors: r-devel-linux-x86_64-debian-clang, r-devel-linux-x86_64-debian-gcc, r-devel-linux-x86_64-fedora-clang, r-devel-linux-x86_64-fedora-gcc, r-release-linux-x86_64

Version: 1.2
Check: package dependencies
Result: ERROR
    Package required but not available: ‘ROI.plugin.glpk’
    
    See section ‘The DESCRIPTION file’ in the ‘Writing R Extensions’
    manual.
Flavor: r-release-osx-x86_64-mavericks

Version: 1.2
Check: package dependencies
Result: ERROR
    Package required but not available: ‘igraph’
    
    See section ‘The DESCRIPTION file’ in the ‘Writing R Extensions’
    manual.
Flavor: r-release-osx-x86_64-snowleopard