CRAN Package Check Results for Package ror

Last updated on 2014-09-18 17:47:00.

Flavor Version Tinstall Tcheck Ttotal Status Flags
r-devel-linux-x86_64-debian-clang 1.2 4.65 61.12 65.78 NOTE
r-devel-linux-x86_64-debian-gcc 1.2 5.38 59.01 64.39 NOTE
r-devel-linux-x86_64-fedora-clang 1.2 134.25 NOTE
r-devel-linux-x86_64-fedora-gcc 1.2 124.85 NOTE
r-devel-osx-x86_64-clang 1.2 120.64 NOTE
r-devel-windows-ix86+x86_64 1.2 72.00 179.00 251.00 NOTE
r-patched-linux-x86_64 1.2 4.97 63.05 68.02 NOTE
r-patched-solaris-sparc 1.2 804.40 NOTE
r-patched-solaris-x86 1.2 173.50 NOTE
r-release-linux-ix86 1.2 25.93 103.06 128.99 NOTE
r-release-linux-x86_64 1.2 4.85 62.15 67.00 NOTE
r-release-osx-x86_64-mavericks 1.2 NOTE
r-release-osx-x86_64-snowleopard 1.2 NOTE
r-release-windows-ix86+x86_64 1.2 72.00 173.00 245.00 NOTE
r-oldrel-windows-ix86+x86_64 1.2 76.00 183.00 259.00 NOTE

Check Details

Version: 1.2
Check: dependencies in R code
Result: NOTE
    Package in Depends field not imported from: ‘ROI.plugin.glpk’
     These packages need to be imported from (in the NAMESPACE file)
     for when this namespace is loaded but not attached.
    See the information on DESCRIPTION files in the chapter ‘Creating R
    packages’ of the ‘Writing R Extensions’ manual.
Flavors: r-devel-linux-x86_64-debian-clang, r-devel-linux-x86_64-debian-gcc, r-devel-linux-x86_64-fedora-clang, r-devel-linux-x86_64-fedora-gcc, r-devel-osx-x86_64-clang, r-devel-windows-ix86+x86_64, r-patched-linux-x86_64, r-patched-solaris-sparc, r-patched-solaris-x86, r-release-linux-ix86, r-release-linux-x86_64, r-release-osx-x86_64-mavericks, r-release-windows-ix86+x86_64, r-oldrel-windows-ix86+x86_64

Version: 1.2
Check: Rd line widths
Result: NOTE
    Rd file 'utagms.Rd':
     \examples lines wider than 100 characters:
     stopifnot(necrel == matrix(c(TRUE, FALSE, FALSE, TRUE, TRUE, FALSE, TRUE, TRUE, TRUE), ncol=3, byrow=TRUE))
     stopifnot(posrel == matrix(c(TRUE, TRUE, FALSE, TRUE, TRUE, FALSE, TRUE, TRUE, TRUE), ncol=3, byrow=TRUE))
     necrel <- utagms(performances, strongPrefs=NULL, indifPrefs=strongPrefs, necessary=TRUE, strictVF=TRUE)
    
    These lines will be truncated in the PDF manual.
Flavors: r-devel-linux-x86_64-debian-clang, r-devel-linux-x86_64-debian-gcc, r-devel-linux-x86_64-fedora-clang, r-devel-linux-x86_64-fedora-gcc, r-patched-linux-x86_64, r-release-linux-x86_64

Version: 1.2
Check: dependencies in R code
Result: NOTE
    Package in Depends field not imported from: 'ROI.plugin.glpk'
     These packages need to be imported from for the case when
     this namespace is loaded but not attached.
    See the information on DESCRIPTION files in the chapter 'Creating R
    packages' of the 'Writing R Extensions' manual.
Flavor: r-release-osx-x86_64-snowleopard