CRAN Package Check Results for Package ror

Last updated on 2015-05-25 08:48:37.

Flavor Version Tinstall Tcheck Ttotal Status Flags
r-devel-linux-x86_64-debian-clang 1.2 5.62 59.88 65.50 NOTE
r-devel-linux-x86_64-debian-gcc 1.2 4.36 59.36 63.72 NOTE
r-devel-linux-x86_64-fedora-clang 1.2 129.25 NOTE
r-devel-linux-x86_64-fedora-gcc 1.2 123.64 NOTE
r-devel-osx-x86_64-clang 1.2 129.09 NOTE
r-devel-windows-ix86+x86_64 1.2 78.00 231.00 309.00 NOTE
r-patched-linux-x86_64 1.2 5.45 59.18 64.64 NOTE
r-patched-solaris-sparc 1.2 794.30 NOTE
r-patched-solaris-x86 1.2 168.10 NOTE
r-release-linux-x86_64 1.2 4.37 61.01 65.38 NOTE
r-release-osx-x86_64-mavericks 1.2 NOTE
r-release-osx-x86_64-snowleopard 1.2 ERROR
r-release-windows-ix86+x86_64 1.2 62.00 209.00 271.00 NOTE
r-oldrel-windows-ix86+x86_64 1.2 78.00 188.00 266.00 NOTE

Check Details

Version: 1.2
Check: dependencies in R code
Result: NOTE
    Package in Depends field not imported from: ‘ROI.plugin.glpk’
     These packages need to be imported from (in the NAMESPACE file)
     for when this namespace is loaded but not attached.
Flavors: r-devel-linux-x86_64-debian-clang, r-devel-linux-x86_64-debian-gcc, r-devel-linux-x86_64-fedora-clang, r-devel-linux-x86_64-fedora-gcc, r-devel-osx-x86_64-clang, r-devel-windows-ix86+x86_64, r-patched-linux-x86_64, r-patched-solaris-sparc, r-patched-solaris-x86, r-release-linux-x86_64, r-release-osx-x86_64-mavericks, r-release-windows-ix86+x86_64, r-oldrel-windows-ix86+x86_64

Version: 1.2
Check: Rd line widths
Result: NOTE
    Rd file 'utagms.Rd':
     \examples lines wider than 100 characters:
     stopifnot(necrel == matrix(c(TRUE, FALSE, FALSE, TRUE, TRUE, FALSE, TRUE, TRUE, TRUE), ncol=3, byrow=TRUE))
     stopifnot(posrel == matrix(c(TRUE, TRUE, FALSE, TRUE, TRUE, FALSE, TRUE, TRUE, TRUE), ncol=3, byrow=TRUE))
     necrel <- utagms(performances, strongPrefs=NULL, indifPrefs=strongPrefs, necessary=TRUE, strictVF=TRUE)
    
    These lines will be truncated in the PDF manual.
Flavors: r-devel-linux-x86_64-debian-clang, r-devel-linux-x86_64-debian-gcc, r-devel-linux-x86_64-fedora-clang, r-devel-linux-x86_64-fedora-gcc, r-patched-linux-x86_64, r-release-linux-x86_64

Version: 1.2
Check: package dependencies
Result: ERROR
    Package required but not available: ‘igraph’
    
    See section ‘The DESCRIPTION file’ in the ‘Writing R Extensions’
    manual.
Flavor: r-release-osx-x86_64-snowleopard