CRAN Package Check Results for Package ror

Last updated on 2016-06-27 15:47:48.

Flavor Version Tinstall Tcheck Ttotal Status Flags
r-devel-linux-x86_64-debian-gcc 1.2 24.79 180.26 205.05 WARN
r-devel-linux-x86_64-fedora-clang 1.2 357.27 WARN
r-devel-linux-x86_64-fedora-gcc 1.2 327.96 WARN
r-devel-osx-x86_64-clang 1.2 270.05 WARN
r-devel-windows-ix86+x86_64 1.2 55.00 233.00 288.00 WARN
r-patched-linux-x86_64 1.2 25.78 183.95 209.74 WARN
r-patched-solaris-sparc 1.2 1926.50 WARN
r-patched-solaris-x86 1.2 325.20 WARN
r-release-linux-x86_64 1.2 25.62 185.66 211.28 WARN
r-release-osx-x86_64-mavericks 1.2 NOTE
r-release-windows-ix86+x86_64 1.2 52.00 246.00 298.00 WARN
r-oldrel-windows-ix86+x86_64 1.2 54.00 339.00 393.00 WARN

Check Details

Version: 1.2
Check: whether package can be installed
Result: WARN
    Found the following significant warnings:
     Warning: replacing previous import ‘rJava::J’ by ‘ROI::J’ when loading ‘ror’
Flavors: r-devel-linux-x86_64-debian-gcc, r-devel-linux-x86_64-fedora-clang, r-devel-linux-x86_64-fedora-gcc, r-devel-osx-x86_64-clang, r-devel-windows-ix86+x86_64, r-patched-linux-x86_64, r-patched-solaris-sparc, r-patched-solaris-x86, r-release-linux-x86_64, r-release-windows-ix86+x86_64, r-oldrel-windows-ix86+x86_64

Version: 1.2
Check: dependencies in R code
Result: NOTE
    Package in Depends field not imported from: ‘ROI.plugin.glpk’
     These packages need to be imported from (in the NAMESPACE file)
     for when this namespace is loaded but not attached.
Flavors: r-devel-linux-x86_64-debian-gcc, r-devel-linux-x86_64-fedora-clang, r-devel-linux-x86_64-fedora-gcc, r-devel-osx-x86_64-clang, r-devel-windows-ix86+x86_64, r-patched-linux-x86_64, r-patched-solaris-sparc, r-patched-solaris-x86, r-release-linux-x86_64, r-release-osx-x86_64-mavericks, r-release-windows-ix86+x86_64, r-oldrel-windows-ix86+x86_64

Version: 1.2
Check: R code for possible problems
Result: NOTE
    plot.smaa.acceptabilities: no visible global function definition for
     ‘barplot’
    plot.smaa.acceptabilities: no visible global function definition for
     ‘heat.colors’
    Undefined global functions or variables:
     barplot heat.colors
    Consider adding
     importFrom("grDevices", "heat.colors")
     importFrom("graphics", "barplot")
    to your NAMESPACE file.
Flavors: r-devel-linux-x86_64-debian-gcc, r-devel-linux-x86_64-fedora-clang, r-devel-linux-x86_64-fedora-gcc, r-devel-osx-x86_64-clang, r-devel-windows-ix86+x86_64, r-patched-linux-x86_64, r-patched-solaris-sparc, r-patched-solaris-x86, r-release-linux-x86_64, r-release-osx-x86_64-mavericks, r-release-windows-ix86+x86_64

Version: 1.2
Check: Rd line widths
Result: NOTE
    Rd file 'utagms.Rd':
     \examples lines wider than 100 characters:
     stopifnot(necrel == matrix(c(TRUE, FALSE, FALSE, TRUE, TRUE, FALSE, TRUE, TRUE, TRUE), ncol=3, byrow=TRUE))
     stopifnot(posrel == matrix(c(TRUE, TRUE, FALSE, TRUE, TRUE, FALSE, TRUE, TRUE, TRUE), ncol=3, byrow=TRUE))
     necrel <- utagms(performances, strongPrefs=NULL, indifPrefs=strongPrefs, necessary=TRUE, strictVF=TRUE)
    
    These lines will be truncated in the PDF manual.
Flavors: r-devel-linux-x86_64-debian-gcc, r-devel-linux-x86_64-fedora-clang, r-devel-linux-x86_64-fedora-gcc, r-patched-linux-x86_64, r-release-linux-x86_64