CRAN Package Check Results for Package rorutadis

Last updated on 2017-06-28 20:48:57.

Flavor Version Tinstall Tcheck Ttotal Status Flags
r-devel-linux-x86_64-debian-clang 0.4.2 1.48 29.47 30.95 OK
r-devel-linux-x86_64-debian-gcc 0.4.2 1.59 28.86 30.45 OK
r-devel-linux-x86_64-fedora-clang 0.4.2 54.88 OK
r-devel-linux-x86_64-fedora-gcc 0.4.2 56.64 OK
r-devel-windows-ix86+x86_64 0.4.2 5.00 59.00 64.00 OK
r-patched-linux-x86_64 0.4.2 1.45 28.90 30.36 OK
r-patched-solaris-sparc 0.4.2 334.20 OK
r-patched-solaris-x86 0.4.2 70.20 OK
r-release-linux-x86_64 0.4.2 1.44 28.72 30.17 OK
r-release-windows-ix86+x86_64 0.4.2 6.00 82.00 88.00 OK
r-release-osx-x86_64 0.4.2 ERROR
r-oldrel-windows-ix86+x86_64 0.4.2 7.00 63.00 70.00 OK
r-oldrel-osx-x86_64 0.4.2 OK

Check Details

Version: 0.4.2
Check: package dependencies
Result: ERROR
    Packages required but not available: ‘Rglpk’ ‘hitandrun’
    
    See section ‘The DESCRIPTION file’ in the ‘Writing R Extensions’
    manual.
Flavor: r-release-osx-x86_64