CRAN Package Check Results for Package rorutadis

Last updated on 2015-05-28 19:47:41.

Flavor Version Tinstall Tcheck Ttotal Status Flags
r-devel-linux-x86_64-debian-clang 0.1.3 1.70 25.73 27.43 OK
r-devel-linux-x86_64-debian-gcc 0.1.3 1.40 24.41 25.82 OK
r-devel-linux-x86_64-fedora-clang 0.1.3 51.68 OK
r-devel-linux-x86_64-fedora-gcc 0.1.3 48.91 OK
r-devel-osx-x86_64-clang 0.1.3 50.27 OK
r-devel-windows-ix86+x86_64 0.1.3 6.00 43.00 49.00 OK
r-patched-linux-x86_64 0.1.3 1.38 24.31 25.69 OK
r-patched-solaris-sparc 0.1.3 322.10 OK
r-patched-solaris-x86 0.1.3 71.40 OK
r-release-linux-x86_64 0.1.3 1.40 24.82 26.22 OK
r-release-osx-x86_64-mavericks 0.1.3 OK
r-release-osx-x86_64-snowleopard 0.1.3 ERROR
r-release-windows-ix86+x86_64 0.1.3 5.00 42.00 47.00 OK
r-oldrel-windows-ix86+x86_64 0.1.3 11.00 63.00 74.00 OK

Check Details

Version: 0.1.3
Check: package dependencies
Result: ERROR
    Packages required but not available: ‘ggplot2’ ‘gridExtra’
    
    See section ‘The DESCRIPTION file’ in the ‘Writing R Extensions’
    manual.
Flavor: r-release-osx-x86_64-snowleopard