CRAN Package Check Results for Package rorutadis

Last updated on 2018-02-23 06:55:09 CET.

Flavor Version Tinstall Tcheck Ttotal Status Flags
r-devel-linux-x86_64-debian-clang 0.4.2 4.03 34.04 38.07 OK
r-devel-linux-x86_64-debian-gcc 0.4.2 3.32 32.21 35.53 OK
r-devel-linux-x86_64-fedora-clang 0.4.2 57.79 OK
r-devel-linux-x86_64-fedora-gcc 0.4.2 52.50 OK
r-devel-windows-ix86+x86_64 0.4.2 10.00 79.00 89.00 OK
r-patched-linux-x86_64 0.4.2 2.10 46.76 48.86 OK
r-patched-solaris-x86 0.4.2 71.80 OK
r-release-linux-x86_64 0.4.2 2.39 47.27 49.66 OK
r-release-windows-ix86+x86_64 0.4.2 9.00 78.00 87.00 OK
r-release-osx-x86_64 0.4.2 ERROR
r-oldrel-windows-ix86+x86_64 0.4.2 5.00 48.00 53.00 OK
r-oldrel-osx-x86_64 0.4.2 OK

Check Details

Version: 0.4.2
Check: package dependencies
Result: ERROR
    Package required but not available: ‘Rglpk’
    
    See section ‘The DESCRIPTION file’ in the ‘Writing R Extensions’
    manual.
Flavor: r-release-osx-x86_64