CRAN Package Check Results for Package rorutadis

Last updated on 2015-08-28 10:49:17.

Flavor Version Tinstall Tcheck Ttotal Status Flags
r-devel-linux-x86_64-debian-clang 0.1.3 1.32 23.74 25.06 NOTE
r-devel-linux-x86_64-debian-gcc 0.1.3 1.27 23.59 24.86 NOTE
r-devel-linux-x86_64-fedora-clang 0.1.3 48.50 NOTE
r-devel-linux-x86_64-fedora-gcc 0.1.3 47.57 NOTE
r-devel-osx-x86_64-clang 0.1.3 44.21 OK
r-devel-windows-ix86+x86_64 0.1.3 9.00 47.00 56.00 NOTE
r-patched-linux-x86_64 0.1.3 1.38 24.55 25.92 OK
r-patched-solaris-sparc 0.1.3 331.30 OK
r-patched-solaris-x86 0.1.3 73.50 OK
r-release-linux-x86_64 0.1.3 1.82 24.35 26.17 OK
r-release-osx-x86_64-mavericks 0.1.3 OK
r-release-windows-ix86+x86_64 0.1.3 8.00 48.00 56.00 OK
r-oldrel-windows-ix86+x86_64 0.1.3 14.00 73.00 87.00 OK

Check Details

Version: 0.1.3
Check: R code for possible problems
Result: NOTE
    explainAssignmentQuickly : <anonymous>: no visible global function
     definition for ‘combn’
    Undefined global functions or variables:
     combn
    Consider adding
     importFrom("utils", "combn")
    to your NAMESPACE.
Flavors: r-devel-linux-x86_64-debian-clang, r-devel-linux-x86_64-debian-gcc, r-devel-linux-x86_64-fedora-clang, r-devel-linux-x86_64-fedora-gcc, r-devel-windows-ix86+x86_64