CRAN Package Check Results for Package rorutadis

Last updated on 2018-06-21 21:50:09 CEST.

Flavor Version Tinstall Tcheck Ttotal Status Flags
r-devel-linux-x86_64-debian-clang 0.4.2 3.48 41.83 45.31 OK
r-devel-linux-x86_64-debian-gcc 0.4.2 3.85 34.10 37.95 OK
r-devel-linux-x86_64-fedora-clang 0.4.2 56.57 OK
r-devel-linux-x86_64-fedora-gcc 0.4.2 53.75 OK
r-devel-windows-ix86+x86_64 0.4.2 12.00 79.00 91.00 OK
r-patched-linux-x86_64 0.4.2 4.30 41.61 45.91 OK
r-patched-solaris-x86 0.4.2 74.30 OK
r-release-linux-x86_64 0.4.2 4.60 40.55 45.15 OK
r-release-windows-ix86+x86_64 0.4.2 7.00 49.00 56.00 OK
r-release-osx-x86_64 0.4.2 ERROR
r-oldrel-windows-ix86+x86_64 0.4.2 5.00 56.00 61.00 OK
r-oldrel-osx-x86_64 0.4.2 ERROR

Check Details

Version: 0.4.2
Check: package dependencies
Result: ERROR
    Package required but not available: ‘Rglpk’
    
    See section ‘The DESCRIPTION file’ in the ‘Writing R Extensions’
    manual.
Flavors: r-release-osx-x86_64, r-oldrel-osx-x86_64