CRAN Package Check Results for Package rorutadis

Last updated on 2018-04-21 16:47:05 CEST.

Flavor Version Tinstall Tcheck Ttotal Status Flags
r-devel-linux-x86_64-debian-clang 0.4.2 3.42 41.94 45.36 OK
r-devel-linux-x86_64-debian-gcc 0.4.2 3.32 32.38 35.70 OK
r-devel-linux-x86_64-fedora-clang 0.4.2 53.60 OK
r-devel-linux-x86_64-fedora-gcc 0.4.2 54.56 OK
r-devel-windows-ix86+x86_64 0.4.2 12.00 53.00 65.00 OK
r-devel-osx-x86_64 0.4.2 ERROR
r-patched-linux-x86_64 0.4.2 3.03 41.79 44.82 OK
r-patched-solaris-x86 0.4.2 74.70 OK
r-release-linux-x86_64 0.4.2 2.17 46.76 48.93 OK
r-release-windows-ix86+x86_64 0.4.2 5.00 78.00 83.00 OK
r-release-osx-x86_64 0.4.2 ERROR
r-oldrel-windows-ix86+x86_64 0.4.2 6.00 51.00 57.00 OK

Check Details

Version: 0.4.2
Check: package dependencies
Result: ERROR
    Package required but not available: ‘Rglpk’
    
    See section ‘The DESCRIPTION file’ in the ‘Writing R Extensions’
    manual.
Flavors: r-devel-osx-x86_64, r-release-osx-x86_64