CRAN Package Check Results for Package rorutadis

Last updated on 2017-10-18 23:48:03.

Flavor Version Tinstall Tcheck Ttotal Status Flags
r-devel-linux-x86_64-debian-clang 0.4.2 1.52 30.79 32.31 OK
r-devel-linux-x86_64-debian-gcc 0.4.2 1.46 33.30 34.76 OK
r-devel-linux-x86_64-fedora-clang 0.4.2 58.47 OK
r-devel-linux-x86_64-fedora-gcc 0.4.2 57.60 OK
r-devel-windows-ix86+x86_64 0.4.2 6.00 79.00 85.00 OK
r-patched-linux-x86_64 0.4.2 1.53 28.85 30.38 OK
r-patched-solaris-x86 0.4.2 72.60 OK
r-release-linux-x86_64 0.4.2 1.54 29.36 30.90 OK
r-release-windows-ix86+x86_64 0.4.2 7.00 73.00 80.00 OK
r-release-osx-x86_64 0.4.2 ERROR
r-oldrel-windows-ix86+x86_64 0.4.2 7.00 64.00 71.00 OK
r-oldrel-osx-x86_64 0.4.2 OK

Check Details

Version: 0.4.2
Check: package dependencies
Result: ERROR
    Package required but not available: ‘Rglpk’
    
    See section ‘The DESCRIPTION file’ in the ‘Writing R Extensions’
    manual.
Flavor: r-release-osx-x86_64