CRAN Package Check Results for Package rorutadis

Last updated on 2015-07-29 23:47:24.

Flavor Version Tinstall Tcheck Ttotal Status Flags
r-devel-linux-x86_64-debian-clang 0.1.3 1.51 26.08 27.58 NOTE
r-devel-linux-x86_64-debian-gcc 0.1.3 1.46 24.70 26.16 NOTE
r-devel-linux-x86_64-fedora-clang 0.1.3 51.77 NOTE
r-devel-linux-x86_64-fedora-gcc 0.1.3 48.39 NOTE
r-devel-osx-x86_64-clang 0.1.3 42.19 OK
r-devel-windows-ix86+x86_64 0.1.3 6.00 42.00 48.00 NOTE
r-patched-linux-x86_64 0.1.3 1.40 24.25 25.65 OK
r-patched-solaris-sparc 0.1.3 331.30 OK
r-patched-solaris-x86 0.1.3 72.80 OK
r-release-linux-x86_64 0.1.3 1.86 24.48 26.35 OK
r-release-osx-x86_64-mavericks 0.1.3 OK
r-release-windows-ix86+x86_64 0.1.3 7.00 41.00 48.00 OK
r-oldrel-windows-ix86+x86_64 0.1.3 11.00 67.00 78.00 OK

Check Details

Version: 0.1.3
Check: R code for possible problems
Result: NOTE
    explainAssignmentQuickly : <anonymous>: no visible global function
     definition for ‘combn’
    Undefined global functions or variables:
     combn
    Consider adding
     importFrom("utils", "combn")
    to your NAMESPACE.
Flavors: r-devel-linux-x86_64-debian-clang, r-devel-linux-x86_64-debian-gcc, r-devel-linux-x86_64-fedora-clang, r-devel-linux-x86_64-fedora-gcc, r-devel-windows-ix86+x86_64