CRAN Package Check Results for Package rorutadis

Last updated on 2017-08-18 00:50:21.

Flavor Version Tinstall Tcheck Ttotal Status Flags
r-devel-linux-x86_64-debian-clang 0.4.2 1.47 30.03 31.50 OK
r-devel-linux-x86_64-debian-gcc 0.4.2 1.73 28.68 30.41 OK
r-devel-linux-x86_64-fedora-clang 0.4.2 57.21 OK
r-devel-linux-x86_64-fedora-gcc 0.4.2 54.28 OK
r-devel-windows-ix86+x86_64 0.4.2 6.00 57.00 63.00 OK
r-patched-linux-x86_64 0.4.2 1.43 30.34 31.78 OK
r-patched-solaris-x86 0.4.2 71.20 OK
r-release-linux-x86_64 0.4.2 1.64 28.84 30.48 OK
r-release-windows-ix86+x86_64 0.4.2 5.00 58.00 63.00 OK
r-release-osx-x86_64 0.4.2 ERROR
r-oldrel-windows-ix86+x86_64 0.4.2 6.00 68.00 74.00 OK
r-oldrel-osx-x86_64 0.4.2 OK

Check Details

Version: 0.4.2
Check: package dependencies
Result: ERROR
    Package required but not available: ‘Rglpk’
    
    See section ‘The DESCRIPTION file’ in the ‘Writing R Extensions’
    manual.
Flavor: r-release-osx-x86_64