CRAN Package Check Results for Package rorutadis

Last updated on 2017-05-24 05:50:23.

Flavor Version Tinstall Tcheck Ttotal Status Flags
r-devel-linux-x86_64-debian-clang 0.4.2 1.55 29.21 30.76 OK
r-devel-linux-x86_64-debian-gcc 0.4.2 1.50 28.97 30.47 OK
r-devel-linux-x86_64-fedora-clang 0.4.2 56.30 OK --no-stop-on-test-error
r-devel-linux-x86_64-fedora-gcc 0.4.2 53.26 OK --no-stop-on-test-error
r-devel-windows-ix86+x86_64 0.4.2 5.00 57.00 62.00 OK
r-patched-linux-x86_64 0.4.2 1.48 29.49 30.97 OK
r-patched-solaris-sparc 0.4.2 334.20 OK
r-patched-solaris-x86 0.4.2 69.90 OK
r-release-linux-x86_64 0.4.2 1.46 28.39 29.85 OK
r-release-windows-ix86+x86_64 0.4.2 6.00 77.00 83.00 OK
r-release-osx-x86_64 0.4.2 ERROR
r-oldrel-windows-ix86+x86_64 0.4.2 7.00 63.00 70.00 OK
r-oldrel-osx-x86_64 0.4.2 OK

Check Details

Version: 0.4.2
Check: package dependencies
Result: ERROR
    Packages required but not available: ‘Rglpk’ ‘hitandrun’
    
    See section ‘The DESCRIPTION file’ in the ‘Writing R Extensions’
    manual.
Flavor: r-release-osx-x86_64