CRAN Package Check Results for Package rorutadis

Last updated on 2017-12-13 20:48:55 CET.

Flavor Version Tinstall Tcheck Ttotal Status Flags
r-devel-linux-x86_64-debian-clang 0.4.2 1.52 46.63 48.15 OK
r-devel-linux-x86_64-debian-gcc 0.4.2 1.44 37.72 39.16 OK
r-devel-linux-x86_64-fedora-clang 0.4.2 55.85 OK
r-devel-linux-x86_64-fedora-gcc 0.4.2 55.51 OK
r-devel-windows-ix86+x86_64 0.4.2 8.00 74.00 82.00 OK
r-patched-linux-x86_64 0.4.2 1.63 46.76 48.39 OK
r-patched-solaris-x86 0.4.2 81.00 OK
r-release-linux-x86_64 0.4.2 2.20 48.97 51.17 OK
r-release-windows-ix86+x86_64 0.4.2 5.00 58.00 63.00 OK
r-release-osx-x86_64 0.4.2 ERROR
r-oldrel-windows-ix86+x86_64 0.4.2 4.00 65.00 69.00 OK
r-oldrel-osx-x86_64 0.4.2 OK

Check Details

Version: 0.4.2
Check: package dependencies
Result: ERROR
    Package required but not available: ‘Rglpk’
    
    See section ‘The DESCRIPTION file’ in the ‘Writing R Extensions’
    manual.
Flavor: r-release-osx-x86_64