CRAN Package Check Results for Package rosetta

Last updated on 2020-08-12 19:50:05 CEST.

Flavor Version Tinstall Tcheck Ttotal Status Flags
r-devel-linux-x86_64-debian-clang 0.2.0 10.22 74.23 84.45 OK
r-devel-linux-x86_64-debian-gcc 0.2.0 9.50 54.01 63.51 OK
r-devel-linux-x86_64-fedora-clang 0.2.0 106.01 NOTE
r-devel-linux-x86_64-fedora-gcc 0.2.0 96.79 NOTE
r-devel-windows-ix86+x86_64 0.2.0 33.00 110.00 143.00 OK
r-patched-linux-x86_64 0.2.0 10.51 69.74 80.25 OK
r-patched-solaris-x86 0.2.0 129.50 NOTE
r-release-linux-x86_64 0.2.0 10.66 72.99 83.65 OK
r-release-macos-x86_64 0.2.0 NOTE
r-release-windows-ix86+x86_64 0.2.0 31.00 114.00 145.00 OK
r-oldrel-macos-x86_64 0.2.0 NOTE
r-oldrel-windows-ix86+x86_64 0.2.0 14.00 74.00 88.00 OK

Check Details

Version: 0.2.0
Check: dependencies in R code
Result: NOTE
    Namespaces in Imports field not imported from:
     ‘gridExtra’ ‘methods’
     All declared Imports should be used.
Flavors: r-devel-linux-x86_64-fedora-clang, r-devel-linux-x86_64-fedora-gcc, r-patched-solaris-x86, r-release-macos-x86_64, r-oldrel-macos-x86_64

Version: 0.2.0
Check: Rd cross-references
Result: NOTE
    Undeclared package ‘userfriendlyscience’ in Rd xrefs
Flavor: r-devel-linux-x86_64-fedora-clang