Last updated on 2022-05-29 12:55:25 CEST.
Flavor | Version | Tinstall | Tcheck | Ttotal | Status | Flags |
---|---|---|---|---|---|---|
r-devel-linux-x86_64-debian-clang | 1.6.3 | 124.25 | 118.59 | 242.84 | OK | |
r-devel-linux-x86_64-debian-gcc | 1.6.3 | 102.84 | 86.98 | 189.82 | OK | |
r-devel-linux-x86_64-fedora-clang | 1.6.3 | 357.21 | NOTE | |||
r-devel-linux-x86_64-fedora-gcc | 1.6.3 | 299.11 | OK | |||
r-devel-windows-x86_64 | 1.6.3 | 155.00 | 204.00 | 359.00 | NOTE | |
r-patched-linux-x86_64 | 1.6.3 | 112.67 | 111.72 | 224.39 | OK | |
r-release-linux-x86_64 | 1.6.3 | 106.92 | 110.00 | 216.92 | OK | |
r-release-macos-arm64 | 1.6.3 | 84.00 | NOTE | |||
r-release-macos-x86_64 | 1.6.3 | 137.00 | NOTE | |||
r-release-windows-x86_64 | 1.6.3 | 157.00 | 216.00 | 373.00 | NOTE | |
r-oldrel-macos-arm64 | 1.6.3 | 97.00 | NOTE | |||
r-oldrel-macos-x86_64 | 1.6.3 | 111.00 | NOTE | |||
r-oldrel-windows-ix86+x86_64 | 1.6.3 | 306.00 | 192.00 | 498.00 | NOTE |
Version: 1.6.3
Check: installed package size
Result: NOTE
installed size is 8.5Mb
sub-directories of 1Mb or more:
R 1.1Mb
data 2.7Mb
libs 4.0Mb
Flavors: r-devel-linux-x86_64-fedora-clang, r-devel-windows-x86_64, r-release-macos-arm64, r-release-macos-x86_64, r-release-windows-x86_64, r-oldrel-macos-arm64, r-oldrel-macos-x86_64, r-oldrel-windows-ix86+x86_64