CRAN Package Check Results for Package rotl

Last updated on 2022-09-29 16:51:39 CEST.

Flavor Version Tinstall Tcheck Ttotal Status Flags
r-devel-linux-x86_64-debian-clang 3.0.12 7.89 76.46 84.35 ERROR
r-devel-linux-x86_64-debian-gcc 3.0.12 6.19 62.60 68.79 OK
r-devel-linux-x86_64-fedora-clang 3.0.12 124.33 OK
r-devel-linux-x86_64-fedora-gcc 3.0.12 115.09 OK
r-devel-windows-x86_64 3.0.12 39.00 159.00 198.00 OK
r-patched-linux-x86_64 3.0.12 7.40 72.24 79.64 ERROR
r-release-linux-x86_64 3.0.12 7.02 77.52 84.54 OK
r-release-macos-arm64 3.0.12 72.00 OK
r-release-macos-x86_64 3.0.12 106.00 OK
r-release-windows-x86_64 3.0.12 51.00 162.00 213.00 OK
r-oldrel-macos-arm64 3.0.12 78.00 OK
r-oldrel-macos-x86_64 3.0.12 89.00 OK
r-oldrel-windows-ix86+x86_64 3.0.12 18.00 117.00 135.00 WARN

Additional issues

MKL

Check Details

Version: 3.0.12
Check: re-building of vignette outputs
Result: ERROR
    Error(s) in re-building vignettes:
     ...
    --- re-building 'data_mashups.Rmd' using rmarkdown
    Quitting from lines 83-84 (data_mashups.Rmd)
    Error: processing vignette 'data_mashups.Rmd' failed with diagnostics:
    HTTP failure: 404
    <!DOCTYPE HTML PUBLIC "-//IETF//DTD HTML 2.0//EN">
    <html><head>
    <title>404 Not Found</title>
    </head><body>
    <h1>Not Found</h1>
    <p>The requested URL was not found on this server.</p>
    <hr>
    <address>Apache/2.4.29 (Ubuntu) Server at otindex.opentreeoflife.org Port 443</address>
    </body></html>
    
    --- failed re-building 'data_mashups.Rmd'
    
    --- re-building 'meta-analysis.Rmd' using rmarkdown
    --- finished re-building 'meta-analysis.Rmd'
    
    --- re-building 'rotl.Rmd' using rmarkdown
    Quitting from lines 191-193 (rotl.Rmd)
    Error: processing vignette 'rotl.Rmd' failed with diagnostics:
    HTTP failure: 404
    <!DOCTYPE HTML PUBLIC "-//IETF//DTD HTML 2.0//EN">
    <html><head>
    <title>404 Not Found</title>
    </head><body>
    <h1>Not Found</h1>
    <p>The requested URL was not found on this server.</p>
    <hr>
    <address>Apache/2.4.29 (Ubuntu) Server at otindex.opentreeoflife.org Port 443</address>
    </body></html>
    
    --- failed re-building 'rotl.Rmd'
    
    SUMMARY: processing the following files failed:
     'data_mashups.Rmd' 'rotl.Rmd'
    
    Error: Vignette re-building failed.
    Execution halted
Flavor: r-devel-linux-x86_64-debian-clang

Version: 3.0.12
Check: re-building of vignette outputs
Result: ERROR
    Error(s) in re-building vignettes:
     ...
    --- re-building ‘data_mashups.Rmd’ using rmarkdown
    Quitting from lines 83-84 (data_mashups.Rmd)
    Error: processing vignette ‘data_mashups.Rmd’ failed with diagnostics:
    HTTP failure: 403
    <!DOCTYPE HTML PUBLIC "-//IETF//DTD HTML 2.0//EN">
    <html><head>
    <title>403 Forbidden</title>
    </head><body>
    <h1>Forbidden</h1>
    <p>You don't have permission to access this resource.</p>
    <hr>
    <address>Apache/2.4.29 (Ubuntu) Server at otindex.opentreeoflife.org Port 443</address>
    </body></html>
    
    --- failed re-building ‘data_mashups.Rmd’
    
    --- re-building ‘meta-analysis.Rmd’ using rmarkdown
    --- finished re-building ‘meta-analysis.Rmd’
    
    --- re-building ‘rotl.Rmd’ using rmarkdown
    Quitting from lines 191-193 (rotl.Rmd)
    Error: processing vignette ‘rotl.Rmd’ failed with diagnostics:
    HTTP failure: 403
    <!DOCTYPE HTML PUBLIC "-//IETF//DTD HTML 2.0//EN">
    <html><head>
    <title>403 Forbidden</title>
    </head><body>
    <h1>Forbidden</h1>
    <p>You don't have permission to access this resource.</p>
    <hr>
    <address>Apache/2.4.29 (Ubuntu) Server at otindex.opentreeoflife.org Port 443</address>
    </body></html>
    
    --- failed re-building ‘rotl.Rmd’
    
    SUMMARY: processing the following files failed:
     ‘data_mashups.Rmd’ ‘rotl.Rmd’
    
    Error: Vignette re-building failed.
    Execution halted
Flavor: r-patched-linux-x86_64

Version: 3.0.12
Check: re-building of vignette outputs
Result: WARN
    Error(s) in re-building vignettes:
    --- re-building 'data_mashups.Rmd' using rmarkdown
    Quitting from lines 83-84 (data_mashups.Rmd)
    Error: processing vignette 'data_mashups.Rmd' failed with diagnostics:
    HTTP failure: 403
    <!DOCTYPE HTML PUBLIC "-//IETF//DTD HTML 2.0//EN">
    <html><head>
    <title>403 Forbidden</title>
    </head><body>
    <h1>Forbidden</h1>
    <p>You don't have permission to access this resource.</p>
    <hr>
    <address>Apache/2.4.29 (Ubuntu) Server at otindex.opentreeoflife.org Port 443</address>
    </body></html>
    
    --- failed re-building 'data_mashups.Rmd'
    
    --- re-building 'meta-analysis.Rmd' using rmarkdown
    --- finished re-building 'meta-analysis.Rmd'
    
    --- re-building 'rotl.Rmd' using rmarkdown
    Quitting from lines 191-193 (rotl.Rmd)
    Error: processing vignette 'rotl.Rmd' failed with diagnostics:
    HTTP failure: 403
    <!DOCTYPE HTML PUBLIC "-//IETF//DTD HTML 2.0//EN">
    <html><head>
    <title>403 Forbidden</title>
    </head><body>
    <h1>Forbidden</h1>
    <p>You don't have permission to access this resource.</p>
    <hr>
    <address>Apache/2.4.29 (Ubuntu) Server at otindex.opentreeoflife.org Port 443</address>
    </body></html>
    
    --- failed re-building 'rotl.Rmd'
    
    SUMMARY: processing the following files failed:
     'data_mashups.Rmd' 'rotl.Rmd'
    
    Error: Vignette re-building failed.
    Execution halted
Flavor: r-oldrel-windows-ix86+x86_64