CRAN Package Check Results for Package rotor

Last updated on 2022-08-12 04:53:34 CEST.

Flavor Version Tinstall Tcheck Ttotal Status Flags
r-devel-linux-x86_64-debian-clang 0.3.5 9.23 51.51 60.74 NOTE
r-devel-linux-x86_64-debian-gcc 0.3.5 5.76 39.05 44.81 NOTE
r-devel-linux-x86_64-fedora-clang 0.3.5 79.74 NOTE
r-devel-linux-x86_64-fedora-gcc 0.3.5 78.46 NOTE
r-devel-windows-x86_64 0.3.5 25.00 84.00 109.00 NOTE
r-patched-linux-x86_64 0.3.5 7.31 47.39 54.70 NOTE
r-release-linux-x86_64 0.3.5 7.05 47.76 54.81 NOTE
r-release-macos-arm64 0.3.5 26.00 NOTE
r-release-macos-x86_64 0.3.5 33.00 NOTE
r-release-windows-x86_64 0.3.5 24.00 88.00 112.00 NOTE
r-oldrel-macos-arm64 0.3.5 24.00 NOTE
r-oldrel-macos-x86_64 0.3.5 45.00 NOTE
r-oldrel-windows-ix86+x86_64 0.3.5 13.00 72.00 85.00 NOTE

Additional issues

M1mac

Check Details

Version: 0.3.5
Check: LazyData
Result: NOTE
     'LazyData' is specified without a 'data' directory
Flavors: r-devel-linux-x86_64-debian-clang, r-devel-linux-x86_64-debian-gcc, r-devel-linux-x86_64-fedora-clang, r-devel-linux-x86_64-fedora-gcc, r-devel-windows-x86_64, r-patched-linux-x86_64, r-release-linux-x86_64, r-release-macos-arm64, r-release-macos-x86_64, r-release-windows-x86_64, r-oldrel-macos-arm64, r-oldrel-macos-x86_64, r-oldrel-windows-ix86+x86_64

Version: 0.3.5
Check: HTML version of manual
Result: NOTE
    Found the following HTML validation problems:
    BackupQueue.html:125:6: Warning: missing </span> before <p>
    BackupQueue.html:125:92: Warning: inserting implicit <span>
    BackupQueue.html:128:6: Warning: missing </span> before <p>
    BackupQueue.html:128:95: Warning: inserting implicit <span>
    BackupQueue.html:125:6: Warning: trimming empty <span>
    BackupQueue.html:128:6: Warning: trimming empty <span>
    BackupQueueDate.html:61:6: Warning: missing </span> before <p>
    BackupQueueDate.html:61:95: Warning: inserting implicit <span>
    BackupQueueDate.html:64:6: Warning: missing </span> before <p>
    BackupQueueDate.html:64:90: Warning: inserting implicit <span>
    BackupQueueDate.html:67:6: Warning: missing </span> before <p>
    BackupQueueDate.html:67:100: Warning: inserting implicit <span>
    BackupQueueDate.html:70:6: Warning: missing </span> before <p>
    BackupQueueDate.html:70:96: Warning: inserting implicit <span>
    BackupQueueDate.html:73:6: Warning: missing </span> before <p>
    BackupQueueDate.html:73:99: Warning: inserting implicit <span>
    BackupQueueDate.html:76:6: Warning: missing </span> before <p>
    BackupQueueDate.html:76:100: Warning: inserting implicit <span>
    BackupQueueDate.html:79:6: Warning: missing </span> before <p>
    BackupQueueDate.html:79:93: Warning: inserting implicit <span>
    BackupQueueDate.html:82:6: Warning: missing </span> before <p>
    BackupQueueDate.html:82:95: Warning: inserting implicit <span>
    BackupQueueDate.html:85:6: Warning: missing </span> before <p>
    BackupQueueDate.html:85:98: Warning: inserting implicit <span>
    BackupQueueDate.html:88:6: Warning: missing </span> before <p>
    BackupQueueDate.html:88:97: Warning: inserting implicit <span>
    BackupQueueDate.html:91:6: Warning: missing </span> before <p>
    BackupQueueDate.html:91:110: Warning: inserting implicit <span>
    BackupQueueDate.html:94:6: Warning: missing </span> before <p>
    BackupQueueDate.html:94:108: Warning: inserting implicit <span>
    BackupQueueDate.html:97:6: Warning: missing </span> before <p>
    BackupQueueDate.html:97:106: Warning: inserting implicit <span>
    BackupQueueDate.html:100:6: Warning: missing </span> before <p>
    BackupQueueDate.html:100:113: Warning: inserting implicit <span>
    BackupQueueDate.html:61:6: Warning: trimming empty <span>
    BackupQueueDate.html:64:6: Warning: trimming empty <span>
    BackupQueueDate.html:67:6: Warning: trimming empty <span>
    BackupQueueDate.html:70:6: Warning: trimming empty <span>
    BackupQueueDate.html:73:6: Warning: trimming empty <span>
    BackupQueueDate.html:76:6: Warning: trimming empty <span>
    BackupQueueDate.html:79:6: Warning: trimming empty <span>
    BackupQueueDate.html:82:6: Warning: trimming empty <span>
    BackupQueueDate.html:85:6: Warning: trimming empty <span>
    BackupQueueDate.html:88:6: Warning: trimming empty <span>
    BackupQueueDate.html:91:6: Warning: trimming empty <span>
    BackupQueueDate.html:94:6: Warning: trimming empty <span>
    BackupQueueDate.html:97:6: Warning: trimming empty <span>
    BackupQueueDate.html:100:6: Warning: trimming empty <span>
    BackupQueueDateTime.html:99:6: Warning: missing </span> before <p>
    BackupQueueDateTime.html:99:95: Warning: inserting implicit <span>
    BackupQueueDateTime.html:102:6: Warning: missing </span> before <p>
    BackupQueueDateTime.html:102:90: Warning: inserting implicit <span>
    BackupQueueDateTime.html:105:6: Warning: missing </span> before <p>
    BackupQueueDateTime.html:105:100: Warning: inserting implicit <span>
    BackupQueueDateTime.html:108:6: Warning: missing </span> before <p>
    BackupQueueDateTime.html:108:96: Warning: inserting implicit <span>
    BackupQueueDateTime.html:111:6: Warning: missing </span> before <p>
    BackupQueueDateTime.html:111:99: Warning: inserting implicit <span>
    BackupQueueDateTime.html:114:6: Warning: missing </span> before <p>
    BackupQueueDateTime.html:114:100: Warning: inserting implicit <span>
    BackupQueueDateTime.html:117:6: Warning: missing </span> before <p>
    BackupQueueDateTime.html:117:93: Warning: inserting implicit <span>
    BackupQueueDateTime.html:120:6: Warning: missing </span> before <p>
    BackupQueueDateTime.html:120:95: Warning: inserting implicit <span>
    BackupQueueDateTime.html:99:6: Warning: trimming empty <span>
    BackupQueueDateTime.html:102:6: Warning: trimming empty <span>
    BackupQueueDateTime.html:105:6: Warning: trimming empty <span>
    BackupQueueDateTime.html:108:6: Warning: trimming empty <span>
    BackupQueueDateTime.html:111:6: Warning: trimming empty <span>
    BackupQueueDateTime.html:114:6: Warning: trimming empty <span>
    BackupQueueDateTime.html:117:6: Warning: trimming empty <span>
    BackupQueueDateTime.html:120:6: Warning: trimming empty <span>
    BackupQueueIndex.html:73:6: Warning: missing </span> before <p>
    BackupQueueIndex.html:73:95: Warning: inserting implicit <span>
    BackupQueueIndex.html:76:6: Warning: missing </span> before <p>
    BackupQueueIndex.html:76:95: Warning: inserting implicit <span>
    BackupQueueIndex.html:79:6: Warning: missing </span> before <p>
    BackupQueueIndex.html:79:90: Warning: inserting implicit <span>
    BackupQueueIndex.html:82:6: Warning: missing </span> before <p>
    BackupQueueIndex.html:82:96: Warning: inserting implicit <span>
    BackupQueueIndex.html:85:6: Warning: missing </span> before <p>
    BackupQueueIndex.html:85:99: Warning: inserting implicit <span>
    BackupQueueIndex.html:88:6: Warning: missing </span> before <p>
    BackupQueueIndex.html:88:100: Warning: inserting implicit <span>
    BackupQueueIndex.html:91:6: Warning: missing </span> before <p>
    BackupQueueIndex.html:91:93: Warning: inserting implicit <span>
    BackupQueueIndex.html:94:6: Warning: missing </span> before <p>
    BackupQueueIndex.html:94:100: Warning: inserting implicit <span>
    BackupQueueIndex.html:97:6: Warning: missing </span> before <p>
    BackupQueueIndex.html:97:95: Warning: inserting implicit <span>
    BackupQueueIndex.html:73:6: Warning: trimming empty <span>
    BackupQueueIndex.html:76:6: Warning: trimming empty <span>
    BackupQueueIndex.html:79:6: Warning: trimming empty <span>
    BackupQueueIndex.html:82:6: Warning: trimming empty <span>
    BackupQueueIndex.html:85:6: Warning: trimming empty <span>
    BackupQueueIndex.html:88:6: Warning: trimming empty <span>
    BackupQueueIndex.html:91:6: Warning: trimming empty <span>
    BackupQueueIndex.html:94:6: Warning: trimming empty <span>
    BackupQueueIndex.html:97:6: Warning: trimming empty <span>
    Cache.html:171:6: Warning: missing </span> before <p>
    Cache.html:171:95: Warning: inserting implicit <span>
    Cache.html:171:6: Warning: trimming empty <span>
Flavors: r-devel-linux-x86_64-debian-clang, r-devel-linux-x86_64-debian-gcc