CRAN Package Check Results for Package roughrf

Last updated on 2019-08-24 22:46:36 CEST.

Flavor Version Tinstall Tcheck Ttotal Status Flags
r-devel-linux-x86_64-debian-clang 1.0 10.12 87.52 97.64 NOTE
r-devel-linux-x86_64-debian-gcc 1.0 9.10 67.24 76.34 NOTE
r-devel-linux-x86_64-fedora-clang 1.0 118.25 NOTE
r-devel-linux-x86_64-fedora-gcc 1.0 112.31 NOTE
r-devel-windows-ix86+x86_64 1.0 24.00 146.00 170.00 NOTE
r-patched-linux-x86_64 1.0 8.84 82.02 90.86 NOTE
r-patched-solaris-x86 1.0 174.40 NOTE
r-release-linux-x86_64 1.0 9.09 82.03 91.12 NOTE
r-release-windows-ix86+x86_64 1.0 40.00 137.00 177.00 NOTE
r-release-osx-x86_64 1.0 NOTE
r-oldrel-windows-ix86+x86_64 1.0 18.00 133.00 151.00 NOTE
r-oldrel-osx-x86_64 1.0 NOTE

Check Details

Version: 1.0
Check: R code for possible problems
Result: NOTE
    mfix : m4m: no visible global function definition for 'median'
    rrfa: no visible global function definition for 'predict'
    rrfb: no visible global function definition for 'predict'
    rrfc1: no visible global function definition for 'predict'
    rrfc2: no visible global function definition for 'predict'
    rrfc3: no visible global function definition for 'predict'
    rrfc4: no visible global function definition for 'predict'
    rrfc5 : regdat: no visible global function definition for 'predict'
    rrfc5 : regdat: no visible global function definition for 'glm'
    rrfc5: no visible global function definition for 'predict'
    rrfc6: no visible global function definition for 'predict'
    rrfc7: no visible global function definition for 'predict'
    rrfd: no visible global function definition for 'predict'
    rrfe : rdms: no visible global function definition for 'rbinom'
    rrfe: no visible global function definition for 'predict'
    Undefined global functions or variables:
     glm median predict rbinom
    Consider adding
     importFrom("stats", "glm", "median", "predict", "rbinom")
    to your NAMESPACE file.
Flavors: r-devel-linux-x86_64-debian-clang, r-devel-linux-x86_64-debian-gcc, r-devel-linux-x86_64-fedora-clang, r-devel-linux-x86_64-fedora-gcc, r-devel-windows-ix86+x86_64, r-patched-linux-x86_64, r-patched-solaris-x86, r-release-linux-x86_64, r-release-windows-ix86+x86_64, r-release-osx-x86_64, r-oldrel-windows-ix86+x86_64, r-oldrel-osx-x86_64