CRAN Package Check Results for Package roxygen

Last updated on 2014-09-19 03:47:25.

Flavor Version Tinstall Tcheck Ttotal Status Flags
r-devel-linux-x86_64-debian-clang 0.1-3 1.52 20.53 22.05 NOTE
r-devel-linux-x86_64-debian-gcc 0.1-3 1.45 19.81 21.26 NOTE
r-devel-linux-x86_64-fedora-clang 0.1-3 40.02 NOTE
r-devel-linux-x86_64-fedora-gcc 0.1-3 37.66 NOTE
r-devel-osx-x86_64-clang 0.1-3 41.39 NOTE
r-devel-windows-ix86+x86_64 0.1-3 5.00 30.00 35.00 NOTE
r-patched-linux-x86_64 0.1-3 1.44 21.32 22.76 NOTE
r-patched-solaris-sparc 0.1-3 239.80 NOTE
r-patched-solaris-x86 0.1-3 57.20 NOTE
r-release-linux-ix86 0.1-3 2.17 32.83 35.00 NOTE
r-release-linux-x86_64 0.1-3 1.57 21.04 22.61 NOTE
r-release-osx-x86_64-mavericks 0.1-3 NOTE
r-release-osx-x86_64-snowleopard 0.1-3 NOTE
r-release-windows-ix86+x86_64 0.1-3 5.00 31.00 36.00 NOTE
r-oldrel-windows-ix86+x86_64 0.1-3 5.00 32.00 37.00 NOTE

Check Details

Version: 0.1-3
Check: dependencies in R code
Result: NOTE
    Packages in Depends field not imported from:
     ‘digest’ ‘gsubfn’
     These packages need to be imported from (in the NAMESPACE file)
     for when this namespace is loaded but not attached.
    Unexported objects imported by ':::' calls:
     ‘tools:::RdTags’ ‘tools:::as.character.Rd’
     See the note in ?`:::` about the use of this operator.
    See the information on DESCRIPTION files in the chapter ‘Creating R
    packages’ of the ‘Writing R Extensions’ manual.
Flavors: r-devel-linux-x86_64-debian-clang, r-devel-linux-x86_64-debian-gcc, r-devel-linux-x86_64-fedora-clang, r-devel-linux-x86_64-fedora-gcc, r-devel-osx-x86_64-clang, r-devel-windows-ix86+x86_64, r-patched-linux-x86_64, r-patched-solaris-sparc, r-patched-solaris-x86, r-release-linux-ix86, r-release-linux-x86_64, r-release-osx-x86_64-mavericks, r-release-windows-ix86+x86_64, r-oldrel-windows-ix86+x86_64

Version: 0.1-3
Check: R code for possible problems
Result: NOTE
    copy.dir: warning in list.files(source, full.name = TRUE, recursive =
     TRUE, all.files = TRUE): partial argument match of ‘full.name’ to
     ‘full.names’
    new_cache : cache_set: warning in assign(key, value, env = cache):
     partial argument match of ‘env’ to ‘envir’
    new_cache : cache_get: warning in get(key, env = cache, inherits =
     FALSE): partial argument match of ‘env’ to ‘envir’
    new_cache : cache_has_key: warning in exists(key, env = cache, inherits
     = FALSE): partial argument match of ‘env’ to ‘envir’
    cached.parse.srcfile: no visible global function definition for
     ‘digest’
    make.Rd.roclet : parse.formals : <anonymous>: no visible global
     function definition for ‘gsubfn’
    make.Rd2.roclet : parse.formals : <anonymous>: no visible global
     function definition for ‘gsubfn’
    make.Rd2.roclet : baseRd: no visible global function definition for
     ‘parse_Rd’
    make.callgraph.roclet : graphviz: no visible global function definition
     for ‘addEdge’
    make.callgraph.roclet : graphviz: no visible global function definition
     for ‘agopenSimple’
    make.callgraph.roclet : graphviz: no visible global function definition
     for ‘graphDataDefaults<-’
    make.callgraph.roclet : graphviz: no visible global function definition
     for ‘nodeDataDefaults<-’
    memoize : <anonymous>: no visible global function definition for
     ‘digest’
    parse.ref.srcref: no visible global function definition for ‘digest’
    translate.questionable.characters: no visible global function
     definition for ‘strapply’
Flavors: r-devel-linux-x86_64-debian-clang, r-devel-linux-x86_64-debian-gcc, r-devel-linux-x86_64-fedora-clang, r-devel-linux-x86_64-fedora-gcc, r-devel-osx-x86_64-clang, r-devel-windows-ix86+x86_64

Version: 0.1-3
Check: installed files from ‘inst/doc’
Result: NOTE
    The following files should probably not be installed:
     ‘GSoC-idea.tex’
    
    Consider the use of a .Rinstignore file: see ‘Writing R Extensions’,
    or move the vignette sources from ‘inst/doc’ to ‘vignettes’.
Flavors: r-devel-linux-x86_64-debian-clang, r-devel-linux-x86_64-debian-gcc, r-devel-linux-x86_64-fedora-clang, r-devel-linux-x86_64-fedora-gcc, r-devel-osx-x86_64-clang, r-devel-windows-ix86+x86_64, r-patched-linux-x86_64, r-patched-solaris-sparc, r-patched-solaris-x86, r-release-linux-ix86, r-release-linux-x86_64, r-release-osx-x86_64-mavericks, r-release-osx-x86_64-snowleopard, r-release-windows-ix86+x86_64, r-oldrel-windows-ix86+x86_64

Version: 0.1-3
Check: for old-style vignette sources
Result: NOTE
    Vignette sources only in ‘inst/doc’:
     ‘roxygen.Rnw’
    A ‘vignettes’ directory is required as from R 3.1.0
    and these will not be indexed nor checked
Flavors: r-devel-linux-x86_64-debian-clang, r-devel-linux-x86_64-debian-gcc, r-devel-linux-x86_64-fedora-clang, r-devel-linux-x86_64-fedora-gcc, r-devel-osx-x86_64-clang, r-devel-windows-ix86+x86_64, r-patched-linux-x86_64, r-patched-solaris-sparc, r-patched-solaris-x86, r-release-linux-ix86, r-release-linux-x86_64, r-release-osx-x86_64-mavericks, r-release-osx-x86_64-snowleopard, r-release-windows-ix86+x86_64

Version: 0.1-3
Check: R code for possible problems
Result: NOTE
    copy.dir: warning in list.files(source, full.name = TRUE, recursive =
     TRUE, all.files = TRUE): partial argument match of ‘full.name’ to
     ‘full.names’
    new_cache : cache_set: warning in assign(key, value, env = cache):
     partial argument match of ‘env’ to ‘envir’
    new_cache : cache_get: warning in get(key, env = cache, inherits =
     FALSE): partial argument match of ‘env’ to ‘envir’
    new_cache : cache_has_key: warning in exists(key, env = cache, inherits
     = FALSE): partial argument match of ‘env’ to ‘envir’
Flavors: r-patched-linux-x86_64, r-patched-solaris-sparc, r-patched-solaris-x86, r-release-linux-ix86, r-release-linux-x86_64, r-release-windows-ix86+x86_64, r-oldrel-windows-ix86+x86_64

Version: 0.1-3
Check: package dependencies
Result: NOTE
    Package suggested but not available for checking: ‘Rgraphviz’
Flavors: r-release-osx-x86_64-mavericks, r-release-osx-x86_64-snowleopard

Version: 0.1-3
Check: R code for possible problems
Result: NOTE
    copy.dir: warning in list.files(source, full.name = TRUE, recursive =
     TRUE, all.files = TRUE): partial argument match of 'full.name' to
     'full.names'
    new_cache : cache_set: warning in assign(key, value, env = cache):
     partial argument match of 'env' to 'envir'
    new_cache : cache_get: warning in get(key, env = cache, inherits =
     FALSE): partial argument match of 'env' to 'envir'
    new_cache : cache_has_key: warning in exists(key, env = cache, inherits
     = FALSE): partial argument match of 'env' to 'envir'
    make.callgraph.roclet : graphviz: no visible global function definition
     for ‘addEdge’
    make.callgraph.roclet : graphviz: no visible global function definition
     for ‘agopenSimple’
    make.callgraph.roclet : graphviz: no visible global function definition
     for ‘graphDataDefaults<-’
    make.callgraph.roclet : graphviz: no visible global function definition
     for ‘nodeDataDefaults<-’
Flavors: r-release-osx-x86_64-mavericks, r-release-osx-x86_64-snowleopard

Version: 0.1-3
Check: dependencies in R code
Result: NOTE
    Unexported objects imported by ':::' calls:
     'tools:::RdTags' 'tools:::as.character.Rd'
     See the note in ?`:::` about the use of this operator.
    See the information on DESCRIPTION files in the chapter 'Creating R
    packages' of the 'Writing R Extensions' manual.
Flavor: r-release-osx-x86_64-snowleopard

Version: 0.1-3
Check: for old-style vignette sources
Result: NOTE
    Vignette sources only in 'inst/doc':
     'roxygen.Rnw'
    A 'vignettes' directory will be required as from R 3.1.0
Flavor: r-oldrel-windows-ix86+x86_64