CRAN Package Check Results for Package roxygen2

Last updated on 2017-04-28 23:52:42.

Flavor Version Tinstall Tcheck Ttotal Status Flags
r-devel-linux-x86_64-debian-clang 6.0.1 19.34 32.21 51.55 NOTE
r-devel-linux-x86_64-debian-gcc 6.0.1 18.48 31.32 49.80 NOTE
r-devel-linux-x86_64-fedora-clang 6.0.1 104.53 NOTE --no-stop-on-test-error
r-devel-linux-x86_64-fedora-gcc 6.0.1 89.37 NOTE --no-stop-on-test-error
r-devel-windows-ix86+x86_64 6.0.1 56.00 115.00 171.00 OK
r-patched-linux-x86_64 6.0.1 15.35 31.51 46.85 NOTE
r-patched-solaris-sparc 6.0.1 506.80 OK
r-patched-solaris-x86 6.0.1 103.50 OK
r-release-linux-x86_64 6.0.1 15.20 31.32 46.52 NOTE
r-release-windows-ix86+x86_64 6.0.1 76.00 118.00 194.00 OK
r-release-osx-x86_64 6.0.1 ERROR
r-oldrel-windows-ix86+x86_64 6.0.1 93.00 97.00 190.00 OK
r-oldrel-osx-x86_64 6.0.1 OK

Check Details

Version: 6.0.1
Check: compiled code
Result: NOTE
    File ‘roxygen2/libs/roxygen2.so’:
     Found no calls to: ‘R_registerRoutines’, ‘R_useDynamicSymbols’
    
    It is good practice to register native routines and to disable symbol
    search.
    
    See ‘Writing portable packages’ in the ‘Writing R Extensions’ manual.
Flavors: r-devel-linux-x86_64-debian-clang, r-devel-linux-x86_64-debian-gcc, r-patched-linux-x86_64, r-release-linux-x86_64

Version: 6.0.1
Flags: --no-stop-on-test-error
Check: compiled code
Result: NOTE
    File ‘roxygen2/libs/roxygen2.so’:
     Found no calls to: ‘R_registerRoutines’, ‘R_useDynamicSymbols’
    
    It is good practice to register native routines and to disable symbol
    search.
    
    See ‘Writing portable packages’ in the ‘Writing R Extensions’ manual.
Flavors: r-devel-linux-x86_64-fedora-clang, r-devel-linux-x86_64-fedora-gcc

Version: 6.0.1
Check: package dependencies
Result: NOTE
    Package suggested but not available for checking: ‘devtools’
Flavor: r-release-osx-x86_64

Version: 6.0.1
Check: Rd cross-references
Result: NOTE
    Package unavailable to check Rd xrefs: ‘devtools’
Flavor: r-release-osx-x86_64

Version: 6.0.1
Check: tests
Result: ERROR
     Running ‘testthat.R’ [9s/14s]
    Running the tests in ‘tests/testthat.R’ failed.
    Last 13 lines of output:
     7: getExportedValue(pkg, name)
     8: asNamespace(ns)
     9: getNamespace(ns)
     10: tryCatch(loadNamespace(name), error = function(e) stop(e))
     11: tryCatchList(expr, classes, parentenv, handlers)
     12: tryCatchOne(expr, names, parentenv, handlers[[1L]])
     13: value[[3L]](cond)
    
     ?testthat results ================================================================
     OK: 484 SKIPPED: 0 FAILED: 2
     1. Error: can document eager data (@test-rd-data.R#7)
     2. Error: can document lazy data (@test-rd-data.R#15)
    
     Error: testthat unit tests failed
     Execution halted
Flavor: r-release-osx-x86_64