CRAN Package Check Results for Package roxygen2

Last updated on 2015-04-20 02:48:45.

Flavor Version Tinstall Tcheck Ttotal Status Flags
r-devel-linux-x86_64-debian-clang 4.1.1 14.60 21.34 35.93 OK
r-devel-linux-x86_64-debian-gcc 4.1.1 14.97 22.32 37.28 OK
r-devel-linux-x86_64-fedora-clang 4.1.1 85.57 OK
r-devel-linux-x86_64-fedora-gcc 4.1.1 68.11 OK
r-devel-osx-x86_64-clang 4.1.1 60.01 OK
r-devel-windows-ix86+x86_64 4.1.0 71.00 69.00 140.00 OK
r-patched-linux-x86_64 4.1.1 15.09 22.89 37.98 OK
r-patched-solaris-sparc 4.1.1 391.00 OK
r-patched-solaris-x86 4.1.1 87.20 OK
r-release-linux-x86_64 4.1.1 15.63 19.64 35.26 OK
r-release-osx-x86_64-mavericks 4.1.1 NOTE
r-release-osx-x86_64-snowleopard 4.1.1 ERROR
r-release-windows-ix86+x86_64 4.1.1 47.00 47.00 94.00 OK
r-oldrel-windows-ix86+x86_64 4.1.1 47.00 56.00 103.00 OK

Check Details

Version: 4.1.1
Check: Rd cross-references
Result: NOTE
    Package unavailable to check Rd xrefs: ‘devtools’
Flavor: r-release-osx-x86_64-mavericks

Version: 4.1.1
Check: package dependencies
Result: ERROR
    Package suggested but not available for checking: ‘knitr’
    
    VignetteBuilder package required for checking but installed: ‘knitr’
    
    See section ‘The DESCRIPTION file’ in the ‘Writing R Extensions’
    manual.
Flavor: r-release-osx-x86_64-snowleopard