CRAN Package Check Results for Package roxygen2

Last updated on 2016-06-30 03:47:13.

Flavor Version Tinstall Tcheck Ttotal Status Flags
r-devel-linux-x86_64-debian-gcc 5.0.1 22.08 25.16 47.23 OK
r-devel-linux-x86_64-fedora-clang 5.0.1 79.17 OK
r-devel-linux-x86_64-fedora-gcc 5.0.1 67.69 OK
r-devel-osx-x86_64-clang 5.0.1 57.28 OK
r-devel-windows-ix86+x86_64 5.0.1 53.00 74.00 127.00 OK
r-patched-linux-x86_64 5.0.1 15.12 23.17 38.29 OK
r-patched-solaris-sparc 5.0.1 399.80 NOTE
r-patched-solaris-x86 5.0.1 81.70 OK
r-release-linux-x86_64 5.0.1 14.31 22.28 36.59 OK
r-release-osx-x86_64-mavericks 5.0.1 OK
r-release-windows-ix86+x86_64 5.0.1 77.00 85.00 162.00 OK
r-oldrel-windows-ix86+x86_64 5.0.1 65.00 75.00 140.00 OK

Check Details

Version: 5.0.1
Check: installed package size
Result: NOTE
     installed size is 5.6Mb
     sub-directories of 1Mb or more:
     libs 5.3Mb
Flavor: r-patched-solaris-sparc