CRAN Package Check Results for Package roxygen2

Last updated on 2017-02-25 03:48:38.

Flavor Version Tinstall Tcheck Ttotal Status Flags
r-devel-linux-x86_64-debian-clang 6.0.1 18.08 32.57 50.64 NOTE
r-devel-linux-x86_64-debian-gcc 6.0.1 18.02 31.93 49.95 NOTE
r-devel-linux-x86_64-fedora-clang 6.0.1 101.41 NOTE --no-stop-on-test-error
r-devel-linux-x86_64-fedora-gcc 6.0.1 90.05 NOTE --no-stop-on-test-error
r-devel-macos-x86_64-clang 6.0.1 73.49 NOTE --no-stop-on-test-error
r-devel-windows-ix86+x86_64 6.0.1 112.00 133.00 245.00 OK
r-patched-linux-x86_64 6.0.1 14.87 27.83 42.70 OK
r-patched-solaris-sparc 6.0.1 442.10 OK
r-patched-solaris-x86 6.0.1 93.80 OK
r-release-linux-x86_64 6.0.1 15.21 29.77 44.98 OK
r-release-osx-x86_64-mavericks 6.0.1 OK
r-release-windows-ix86+x86_64 6.0.1 80.00 109.00 189.00 OK
r-oldrel-windows-ix86+x86_64 6.0.1 115.00 106.00 221.00 OK

Check Details

Version: 6.0.1
Check: compiled code
Result: NOTE
    File ‘roxygen2/libs/roxygen2.so’:
     Found no calls to: ‘R_registerRoutines’, ‘R_useDynamicSymbols’
    
    It is good practice to register native routines and to disable symbol
    search.
    
    See ‘Writing portable packages’ in the ‘Writing R Extensions’ manual.
Flavors: r-devel-linux-x86_64-debian-clang, r-devel-linux-x86_64-debian-gcc

Version: 6.0.1
Flags: --no-stop-on-test-error
Check: compiled code
Result: NOTE
    File ‘roxygen2/libs/roxygen2.so’:
     Found no calls to: ‘R_registerRoutines’, ‘R_useDynamicSymbols’
    
    It is good practice to register native routines and to disable symbol
    search.
    
    See ‘Writing portable packages’ in the ‘Writing R Extensions’ manual.
Flavors: r-devel-linux-x86_64-fedora-clang, r-devel-linux-x86_64-fedora-gcc, r-devel-macos-x86_64-clang