CRAN Package Check Results for Package roxygen2

Last updated on 2014-04-23 12:48:27.

Flavor Version Tinstall Tcheck Ttotal Status Flags
r-devel-linux-x86_64-debian-clang 3.1.0 6.61 22.74 29.35 OK
r-devel-linux-x86_64-debian-gcc 3.1.0 7.31 21.98 29.29 OK
r-devel-linux-x86_64-fedora-clang 3.1.0 58.87 OK
r-devel-linux-x86_64-fedora-gcc 3.1.0 54.53 OK
r-devel-osx-x86_64-clang 3.1.0 53.95 OK
r-devel-osx-x86_64-gcc 3.1.0 NOTE
r-devel-windows-ix86+x86_64 3.1.0 25.00 51.00 76.00 OK
r-patched-linux-x86_64 3.1.0 7.18 21.90 29.08 OK
r-patched-solaris-sparc 3.1.0 319.30 OK
r-patched-solaris-x86 3.1.0 73.10 OK
r-release-linux-ix86 3.1.0 12.00 41.00 53.00 OK
r-release-linux-x86_64 3.1.0 7.03 22.70 29.73 OK
r-release-osx-x86_64-mavericks 3.1.0 OK
r-release-osx-x86_64-snowleopard 3.1.0 OK
r-release-windows-ix86+x86_64 3.1.0 38.00 74.00 112.00 OK
r-oldrel-windows-ix86+x86_64 3.1.0 23.00 53.00 76.00 OK

Check Details

Version: 3.1.0
Check: Rd cross-references
Result: NOTE
    Package unavailable to check Rd xrefs: ‘devtools’
Flavor: r-devel-osx-x86_64-gcc