CRAN Package Check Results for Package roxygen2

Last updated on 2017-06-26 02:47:59.

Flavor Version Tinstall Tcheck Ttotal Status Flags
r-devel-linux-x86_64-debian-clang 6.0.1 19.03 31.73 50.75 NOTE
r-devel-linux-x86_64-debian-gcc 6.0.1 19.25 31.98 51.22 NOTE
r-devel-linux-x86_64-fedora-clang 6.0.1 102.45 NOTE
r-devel-linux-x86_64-fedora-gcc 6.0.1 97.07 NOTE
r-devel-windows-ix86+x86_64 6.0.1 80.00 87.00 167.00 OK
r-patched-linux-x86_64 6.0.1 16.33 31.78 48.10 NOTE
r-patched-solaris-sparc 6.0.1 506.80 OK
r-patched-solaris-x86 6.0.1 104.60 OK
r-release-linux-x86_64 6.0.1 18.85 32.26 51.10 NOTE
r-release-windows-ix86+x86_64 6.0.1 100.00 119.00 219.00 OK
r-release-osx-x86_64 6.0.1 ERROR
r-oldrel-windows-ix86+x86_64 6.0.1 65.00 103.00 168.00 OK
r-oldrel-osx-x86_64 6.0.1 OK

Check Details

Version: 6.0.1
Check: compiled code
Result: NOTE
    File ‘roxygen2/libs/roxygen2.so’:
     Found no calls to: ‘R_registerRoutines’, ‘R_useDynamicSymbols’
    
    It is good practice to register native routines and to disable symbol
    search.
    
    See ‘Writing portable packages’ in the ‘Writing R Extensions’ manual.
Flavors: r-devel-linux-x86_64-debian-clang, r-devel-linux-x86_64-debian-gcc, r-devel-linux-x86_64-fedora-clang, r-devel-linux-x86_64-fedora-gcc, r-patched-linux-x86_64, r-release-linux-x86_64

Version: 6.0.1
Check: package dependencies
Result: NOTE
    Package suggested but not available for checking: ‘devtools’
Flavor: r-release-osx-x86_64

Version: 6.0.1
Check: Rd cross-references
Result: NOTE
    Package unavailable to check Rd xrefs: ‘devtools’
Flavor: r-release-osx-x86_64

Version: 6.0.1
Check: tests
Result: ERROR
     Running ‘testthat.R’ [9s/14s]
    Running the tests in ‘tests/testthat.R’ failed.
    Last 13 lines of output:
     7: getExportedValue(pkg, name)
     8: asNamespace(ns)
     9: getNamespace(ns)
     10: tryCatch(loadNamespace(name), error = function(e) stop(e))
     11: tryCatchList(expr, classes, parentenv, handlers)
     12: tryCatchOne(expr, names, parentenv, handlers[[1L]])
     13: value[[3L]](cond)
    
     ?testthat results ================================================================
     OK: 484 SKIPPED: 0 FAILED: 2
     1. Error: can document eager data (@test-rd-data.R#7)
     2. Error: can document lazy data (@test-rd-data.R#15)
    
     Error: testthat unit tests failed
     Execution halted
Flavor: r-release-osx-x86_64