CRAN Package Check Results for Package roxygen2

Last updated on 2015-05-26 12:47:28.

Flavor Version Tinstall Tcheck Ttotal Status Flags
r-devel-linux-x86_64-debian-clang 4.1.1 14.58 21.66 36.24 OK
r-devel-linux-x86_64-debian-gcc 4.1.1 14.96 21.56 36.52 OK
r-devel-linux-x86_64-fedora-clang 4.1.1 76.35 OK
r-devel-linux-x86_64-fedora-gcc 4.1.1 65.62 OK
r-devel-osx-x86_64-clang 4.1.1 61.20 OK
r-devel-windows-ix86+x86_64 4.1.1 54.00 50.00 104.00 OK
r-patched-linux-x86_64 4.1.1 15.36 20.46 35.81 OK
r-patched-solaris-sparc 4.1.1 457.30 OK
r-patched-solaris-x86 4.1.1 90.00 OK
r-release-linux-x86_64 4.1.1 15.08 20.67 35.75 OK
r-release-osx-x86_64-mavericks 4.1.1 OK
r-release-osx-x86_64-snowleopard 4.1.1 ERROR
r-release-windows-ix86+x86_64 4.1.1 52.00 51.00 103.00 OK
r-oldrel-windows-ix86+x86_64 4.1.1 48.00 65.00 113.00 OK

Check Details

Version: 4.1.1
Check: package dependencies
Result: ERROR
    Package suggested but not available for checking: ‘knitr’
    
    VignetteBuilder package required for checking but not installed: ‘knitr’
    
    See section ‘The DESCRIPTION file’ in the ‘Writing R Extensions’
    manual.
Flavor: r-release-osx-x86_64-snowleopard