CRAN Package Check Results for Package roxygen2

Last updated on 2017-03-27 18:50:12.

Flavor Version Tinstall Tcheck Ttotal Status Flags
r-devel-linux-x86_64-debian-clang 6.0.1 19.43 33.14 52.57 NOTE
r-devel-linux-x86_64-debian-gcc 6.0.1 18.19 31.38 49.57 NOTE
r-devel-linux-x86_64-fedora-clang 6.0.1 101.67 NOTE --no-stop-on-test-error
r-devel-linux-x86_64-fedora-gcc 6.0.1 91.17 NOTE --no-stop-on-test-error
r-devel-macos-x86_64-clang 6.0.1 71.88 NOTE --no-stop-on-test-error
r-devel-windows-ix86+x86_64 6.0.1 51.00 138.00 189.00 OK
r-patched-linux-x86_64 6.0.1 15.27 31.57 46.84 NOTE
r-patched-solaris-sparc 6.0.1 506.80 OK
r-patched-solaris-x86 6.0.1 108.50 OK
r-release-linux-x86_64 6.0.1 15.17 27.42 42.58 OK
r-release-osx-x86_64-mavericks 6.0.1 OK
r-release-windows-ix86+x86_64 6.0.1 79.00 95.00 174.00 OK
r-oldrel-windows-ix86+x86_64 6.0.1 56.00 76.00 132.00 OK

Check Details

Version: 6.0.1
Check: compiled code
Result: NOTE
    File ‘roxygen2/libs/roxygen2.so’:
     Found no calls to: ‘R_registerRoutines’, ‘R_useDynamicSymbols’
    
    It is good practice to register native routines and to disable symbol
    search.
    
    See ‘Writing portable packages’ in the ‘Writing R Extensions’ manual.
Flavors: r-devel-linux-x86_64-debian-clang, r-devel-linux-x86_64-debian-gcc, r-patched-linux-x86_64

Version: 6.0.1
Flags: --no-stop-on-test-error
Check: compiled code
Result: NOTE
    File ‘roxygen2/libs/roxygen2.so’:
     Found no calls to: ‘R_registerRoutines’, ‘R_useDynamicSymbols’
    
    It is good practice to register native routines and to disable symbol
    search.
    
    See ‘Writing portable packages’ in the ‘Writing R Extensions’ manual.
Flavors: r-devel-linux-x86_64-fedora-clang, r-devel-linux-x86_64-fedora-gcc, r-devel-macos-x86_64-clang