CRAN Package Check Results for Package roxygen2

Last updated on 2015-09-01 12:48:29.

Flavor Version Tinstall Tcheck Ttotal Status Flags
r-devel-linux-x86_64-debian-clang 4.1.1 14.84 20.61 35.45 NOTE
r-devel-linux-x86_64-debian-gcc 4.1.1 14.98 21.43 36.40 NOTE
r-devel-linux-x86_64-fedora-clang 4.1.1 75.64 NOTE
r-devel-linux-x86_64-fedora-gcc 4.1.1 65.94 NOTE
r-devel-osx-x86_64-clang 4.1.1 50.30 OK
r-devel-windows-ix86+x86_64 4.1.1 76.00 56.00 132.00 NOTE
r-patched-linux-x86_64 4.1.1 14.87 21.92 36.79 OK
r-patched-solaris-sparc 4.1.1 428.20 OK
r-patched-solaris-x86 4.1.1 91.80 OK
r-release-linux-x86_64 4.1.1 14.82 21.98 36.80 OK
r-release-osx-x86_64-mavericks 4.1.1 OK
r-release-windows-ix86+x86_64 4.1.1 63.00 90.00 153.00 OK
r-oldrel-windows-ix86+x86_64 4.1.1 75.00 71.00 146.00 OK

Check Details

Version: 4.1.1
Check: R code for possible problems
Result: NOTE
    find_object: no visible global function definition for ‘isClass’
    find_object: no visible global function definition for ‘getClass’
    find_params: no visible global function definition for ‘setNames’
    invert: no visible global function definition for ‘unstack’
    invert: no visible global function definition for ‘stack’
    load_options: no visible global function definition for ‘modifyList’
    made_by: no visible global function definition for ‘packageVersion’
    object_defaults.data: no visible global function definition for
     ‘capture.output’
    object_defaults.data: no visible global function definition for ‘str’
    parse_file: no visible global function definition for ‘getSrcref’
    parse_text: no visible global function definition for ‘setPackageName’
    process_methods: no visible global function definition for ‘setNames’
    process_templates: no visible binding for global variable
     ‘type.convert’
    rc_methods: no visible global function definition for ‘is’
    rc_methods : <anonymous>: no visible global function definition for
     ‘getRefClass’
    rd_arguments: no visible global function definition for ‘setNames’
    read.description: no visible global function definition for ‘setNames’
    standardise_obj: no visible global function definition for ‘getClass’
    template_eval: no visible global function definition for
     ‘capture.output’
    Undefined global functions or variables:
     capture.output getClass getRefClass getSrcref is isClass modifyList
     packageVersion setNames setPackageName stack str type.convert unstack
    Consider adding
     importFrom("methods", "getClass", "getRefClass", "is", "isClass",
     "setPackageName")
     importFrom("stats", "setNames")
     importFrom("utils", "capture.output", "getSrcref", "modifyList",
     "packageVersion", "stack", "str", "type.convert", "unstack")
    to your NAMESPACE (and ensure that your DESCRIPTION Imports field
    contains 'methods').
Flavors: r-devel-linux-x86_64-debian-clang, r-devel-linux-x86_64-debian-gcc, r-devel-linux-x86_64-fedora-clang, r-devel-linux-x86_64-fedora-gcc, r-devel-windows-ix86+x86_64