CRAN Package Check Results for Package roxygen2

Last updated on 2019-03-18 22:54:29 CET.

Flavor Version Tinstall Tcheck Ttotal Status Flags
r-devel-linux-x86_64-debian-clang 6.1.1 38.84 64.37 103.21 OK
r-devel-linux-x86_64-debian-gcc 6.1.1 30.55 51.23 81.78 OK
r-devel-linux-x86_64-fedora-clang 6.1.1 138.13 OK
r-devel-linux-x86_64-fedora-gcc 6.1.1 127.14 OK
r-devel-windows-ix86+x86_64 6.1.1 89.00 159.00 248.00 OK
r-patched-linux-x86_64 6.1.1 35.97 56.83 92.80 OK
r-patched-solaris-x86 6.1.1 127.40 NOTE
r-release-linux-x86_64 6.1.1 36.52 57.63 94.15 OK
r-release-windows-ix86+x86_64 6.1.1 89.00 101.00 190.00 OK
r-release-osx-x86_64 6.1.1 OK
r-oldrel-windows-ix86+x86_64 6.1.1 87.00 153.00 240.00 OK
r-oldrel-osx-x86_64 6.1.1 OK

Check Details

Version: 6.1.1
Check: package dependencies
Result: NOTE
    Package suggested but not available for checking: ‘devtools’
Flavor: r-patched-solaris-x86

Version: 6.1.1
Check: Rd cross-references
Result: NOTE
    Package unavailable to check Rd xrefs: ‘devtools’
Flavor: r-patched-solaris-x86