CRAN Package Check Results for Package roxygen2md

Last updated on 2022-12-08 20:49:24 CET.

Flavor Version Tinstall Tcheck Ttotal Status Flags
r-devel-linux-x86_64-debian-clang 1.0.0 3.54 37.39 40.93 NOTE
r-devel-linux-x86_64-debian-gcc 1.0.0 3.54 29.82 33.36 NOTE
r-devel-linux-x86_64-fedora-clang 1.0.0 62.55 NOTE
r-devel-linux-x86_64-fedora-gcc 1.0.0 60.53 NOTE
r-devel-windows-x86_64 1.0.0 22.00 68.00 90.00 NOTE
r-patched-linux-x86_64 1.0.0 4.03 35.77 39.80 NOTE
r-release-linux-x86_64 1.0.0 2.60 35.46 38.06 NOTE
r-release-macos-arm64 1.0.0 18.00 NOTE
r-release-macos-x86_64 1.0.0 31.00 NOTE
r-release-windows-x86_64 1.0.0 32.00 68.00 100.00 NOTE
r-oldrel-macos-arm64 1.0.0 25.00 NOTE
r-oldrel-macos-x86_64 1.0.0 35.00 NOTE
r-oldrel-windows-ix86+x86_64 1.0.0 12.00 61.00 73.00 NOTE

Check Details

Version: 1.0.0
Check: LazyData
Result: NOTE
     'LazyData' is specified without a 'data' directory
Flavors: r-devel-linux-x86_64-debian-clang, r-devel-linux-x86_64-debian-gcc, r-devel-linux-x86_64-fedora-clang, r-devel-linux-x86_64-fedora-gcc, r-devel-windows-x86_64, r-patched-linux-x86_64, r-release-linux-x86_64, r-release-macos-arm64, r-release-macos-x86_64, r-release-windows-x86_64, r-oldrel-macos-arm64, r-oldrel-macos-x86_64, r-oldrel-windows-ix86+x86_64

Version: 1.0.0
Check: dependencies in R code
Result: NOTE
    Namespace in Imports field not imported from: ‘withr’
     All declared Imports should be used.
Flavors: r-devel-linux-x86_64-fedora-clang, r-devel-linux-x86_64-fedora-gcc, r-release-macos-arm64, r-release-macos-x86_64, r-oldrel-macos-arm64, r-oldrel-macos-x86_64