CRAN Package Check Results for Package royston

Last updated on 2014-11-01 11:49:12.

Flavor Version Tinstall Tcheck Ttotal Status Flags
r-devel-linux-x86_64-debian-clang 1.0 0.76 9.92 10.68 NOTE
r-devel-linux-x86_64-debian-gcc 1.0 0.59 9.59 10.18 NOTE
r-devel-linux-x86_64-fedora-clang 1.0 20.67 NOTE
r-devel-linux-x86_64-fedora-gcc 1.0 20.09 NOTE
r-devel-osx-x86_64-clang 1.0 23.70 NOTE
r-devel-windows-ix86+x86_64 1.0 2.00 18.00 20.00 NOTE
r-patched-linux-x86_64 1.0 0.65 9.70 10.35 NOTE
r-patched-solaris-sparc 1.0 118.50 NOTE
r-patched-solaris-x86 1.0 30.40 NOTE
r-release-linux-ix86 1.0 0.88 15.86 16.74 NOTE
r-release-linux-x86_64 1.0 0.56 10.26 10.81 NOTE
r-release-osx-x86_64-mavericks 1.0 NOTE
r-release-osx-x86_64-snowleopard 1.0 NOTE
r-release-windows-ix86+x86_64 1.0 3.00 25.00 28.00 NOTE
r-oldrel-windows-ix86+x86_64 1.0 3.00 27.00 30.00 NOTE

Check Details

Version: 1.0
Check: dependencies in R code
Result: NOTE
    'library' or 'require' calls to packages already attached by Depends:
     ‘moments’ ‘nortest’
     Please remove these calls from your code.
    Packages in Depends field not imported from:
     ‘moments’ ‘nortest’
     These packages need to be imported from (in the NAMESPACE file)
     for when this namespace is loaded but not attached.
    See the information on DESCRIPTION files in the chapter ‘Creating R
    packages’ of the ‘Writing R Extensions’ manual.
Flavors: r-devel-linux-x86_64-debian-clang, r-devel-linux-x86_64-debian-gcc, r-devel-linux-x86_64-fedora-clang, r-devel-linux-x86_64-fedora-gcc, r-devel-osx-x86_64-clang, r-devel-windows-ix86+x86_64, r-patched-linux-x86_64, r-patched-solaris-sparc, r-patched-solaris-x86, r-release-linux-ix86, r-release-linux-x86_64, r-release-osx-x86_64-mavericks, r-release-windows-ix86+x86_64, r-oldrel-windows-ix86+x86_64

Version: 1.0
Check: R code for possible problems
Result: NOTE
    royston.test: no visible global function definition for ‘kurtosis’
    royston.test: no visible global function definition for ‘sf.test’
Flavors: r-devel-linux-x86_64-debian-clang, r-devel-linux-x86_64-debian-gcc, r-devel-linux-x86_64-fedora-clang, r-devel-linux-x86_64-fedora-gcc, r-devel-osx-x86_64-clang, r-devel-windows-ix86+x86_64, r-patched-linux-x86_64, r-patched-solaris-sparc, r-patched-solaris-x86

Version: 1.0
Check: dependencies in R code
Result: NOTE
    'library' or 'require' calls to packages already attached by Depends:
     'moments' 'nortest'
     Please remove these calls from your code.
    See the information on DESCRIPTION files in the chapter 'Creating R
    packages' of the 'Writing R Extensions' manual.
Flavor: r-release-osx-x86_64-snowleopard