CRAN Package Check Results for Package royston

Last updated on 2016-07-26 18:48:31.

Flavor Version Tinstall Tcheck Ttotal Status Flags
r-devel-linux-x86_64-debian-clang 1.2 0.60 10.58 11.18 NOTE
r-devel-linux-x86_64-debian-gcc 1.2 0.47 9.99 10.46 NOTE
r-devel-linux-x86_64-fedora-clang 1.2 14.84 NOTE
r-devel-linux-x86_64-fedora-gcc 1.2 13.44 NOTE
r-devel-osx-x86_64-clang 1.2 13.87 NOTE
r-devel-windows-ix86+x86_64 1.2 2.00 26.00 28.00 NOTE
r-patched-linux-x86_64 1.2 0.54 10.24 10.77 NOTE
r-patched-solaris-sparc 1.2 88.10 NOTE
r-patched-solaris-x86 1.2 20.60 NOTE
r-release-linux-x86_64 1.2 0.75 10.49 11.25 NOTE
r-release-osx-x86_64-mavericks 1.2 NOTE
r-release-windows-ix86+x86_64 1.2 2.00 36.00 38.00 NOTE
r-oldrel-windows-ix86+x86_64 1.2 2.00 31.00 33.00 NOTE

Check Details

Version: 1.2
Check: DESCRIPTION meta-information
Result: NOTE
    Malformed Description field: should contain one or more complete sentences.
Flavors: r-devel-linux-x86_64-debian-clang, r-devel-linux-x86_64-debian-gcc, r-devel-linux-x86_64-fedora-clang, r-devel-linux-x86_64-fedora-gcc, r-devel-osx-x86_64-clang, r-devel-windows-ix86+x86_64, r-patched-linux-x86_64, r-patched-solaris-sparc, r-patched-solaris-x86, r-release-linux-x86_64, r-release-osx-x86_64-mavericks, r-release-windows-ix86+x86_64, r-oldrel-windows-ix86+x86_64

Version: 1.2
Check: R code for possible problems
Result: NOTE
    royston.test: no visible global function definition for ‘shapiro.test’
    royston.test: no visible global function definition for ‘cor’
    royston.test: no visible global function definition for ‘qnorm’
    royston.test: no visible global function definition for ‘pnorm’
    royston.test: no visible global function definition for ‘cov’
    royston.test: no visible global function definition for ‘mahalanobis’
    royston.test: no visible global function definition for ‘qqplot’
    royston.test: no visible global function definition for ‘qchisq’
    royston.test: no visible global function definition for ‘ppoints’
    royston.test: no visible global function definition for ‘abline’
    royston.test: no visible global function definition for ‘pchisq’
    Undefined global functions or variables:
     abline cor cov mahalanobis pchisq pnorm ppoints qchisq qnorm qqplot
     shapiro.test
    Consider adding
     importFrom("graphics", "abline")
     importFrom("stats", "cor", "cov", "mahalanobis", "pchisq", "pnorm",
     "ppoints", "qchisq", "qnorm", "qqplot", "shapiro.test")
    to your NAMESPACE file.
Flavors: r-devel-linux-x86_64-debian-clang, r-devel-linux-x86_64-debian-gcc, r-devel-linux-x86_64-fedora-clang, r-devel-linux-x86_64-fedora-gcc, r-devel-osx-x86_64-clang, r-devel-windows-ix86+x86_64, r-patched-linux-x86_64, r-patched-solaris-sparc, r-patched-solaris-x86, r-release-linux-x86_64, r-release-osx-x86_64-mavericks, r-release-windows-ix86+x86_64