CRAN Package Check Results for Package royston

Last updated on 2015-06-30 19:48:03.

Flavor Version Tinstall Tcheck Ttotal Status Flags
r-devel-linux-x86_64-debian-clang 1.2 0.47 7.83 8.30 NOTE
r-devel-linux-x86_64-debian-gcc 1.2 0.44 7.90 8.34 NOTE
r-devel-linux-x86_64-fedora-clang 1.2 15.68 NOTE
r-devel-linux-x86_64-fedora-gcc 1.2 14.52 NOTE
r-devel-osx-x86_64-clang 1.2 15.82 NOTE
r-devel-windows-ix86+x86_64 1.2 2.00 17.00 19.00 NOTE
r-patched-linux-x86_64 1.2 0.48 8.36 8.84 NOTE
r-patched-solaris-sparc 1.2 117.90 NOTE
r-patched-solaris-x86 1.2 25.70 NOTE
r-release-linux-x86_64 1.2 0.50 8.77 9.27 NOTE
r-release-osx-x86_64-mavericks 1.2 NOTE
r-release-windows-ix86+x86_64 1.2 2.00 17.00 19.00 NOTE
r-oldrel-windows-ix86+x86_64 1.2 4.00 18.00 22.00 OK

Check Details

Version: 1.2
Check: DESCRIPTION meta-information
Result: NOTE
    Malformed Description field: should contain one or more complete sentences.
Flavors: r-devel-linux-x86_64-debian-clang, r-devel-linux-x86_64-debian-gcc, r-devel-linux-x86_64-fedora-clang, r-devel-linux-x86_64-fedora-gcc, r-devel-osx-x86_64-clang, r-devel-windows-ix86+x86_64, r-patched-linux-x86_64, r-patched-solaris-sparc, r-patched-solaris-x86, r-release-linux-x86_64, r-release-osx-x86_64-mavericks, r-release-windows-ix86+x86_64

Version: 1.2
Check: R code for possible problems
Result: NOTE
    royston.test: no visible global function definition for ‘shapiro.test’
    royston.test: no visible global function definition for ‘cor’
    royston.test: no visible global function definition for ‘qnorm’
    royston.test: no visible global function definition for ‘pnorm’
    royston.test: no visible global function definition for ‘cov’
    royston.test: no visible global function definition for ‘mahalanobis’
    royston.test: no visible global function definition for ‘qqplot’
    royston.test: no visible global function definition for ‘qchisq’
    royston.test: no visible global function definition for ‘ppoints’
    royston.test: no visible global function definition for ‘abline’
    royston.test: no visible global function definition for ‘pchisq’
Flavors: r-devel-linux-x86_64-debian-clang, r-devel-linux-x86_64-debian-gcc, r-devel-linux-x86_64-fedora-clang