CRAN Package Check Results for Package royston

Last updated on 2015-05-29 19:47:55.

Flavor Version Tinstall Tcheck Ttotal Status Flags
r-devel-linux-x86_64-debian-clang 1.2 0.54 8.06 8.60 NOTE
r-devel-linux-x86_64-debian-gcc 1.2 0.46 8.76 9.22 NOTE
r-devel-linux-x86_64-fedora-clang 1.2 16.86 NOTE
r-devel-linux-x86_64-fedora-gcc 1.2 15.53 NOTE
r-devel-osx-x86_64-clang 1.2 20.58 NOTE
r-devel-windows-ix86+x86_64 1.2 2.00 16.00 18.00 NOTE
r-patched-linux-x86_64 1.2 0.47 8.22 8.69 NOTE
r-patched-solaris-sparc 1.2 117.90 NOTE
r-patched-solaris-x86 1.2 25.00 NOTE
r-release-linux-x86_64 1.2 0.47 8.46 8.93 NOTE
r-release-osx-x86_64-mavericks 1.2 NOTE
r-release-osx-x86_64-snowleopard 1.2 NOTE
r-release-windows-ix86+x86_64 1.2 2.00 17.00 19.00 NOTE
r-oldrel-windows-ix86+x86_64 1.2 4.00 18.00 22.00 OK

Check Details

Version: 1.2
Check: DESCRIPTION meta-information
Result: NOTE
    Malformed Description field: should contain one or more complete sentences.
Flavors: r-devel-linux-x86_64-debian-clang, r-devel-linux-x86_64-debian-gcc, r-devel-linux-x86_64-fedora-clang, r-devel-linux-x86_64-fedora-gcc, r-devel-osx-x86_64-clang, r-devel-windows-ix86+x86_64, r-patched-linux-x86_64, r-patched-solaris-sparc, r-patched-solaris-x86, r-release-linux-x86_64, r-release-osx-x86_64-mavericks, r-release-osx-x86_64-snowleopard, r-release-windows-ix86+x86_64