CRAN Package Check Results for Package royston

Last updated on 2015-03-28 16:47:21.

Flavor Version Tinstall Tcheck Ttotal Status Flags
r-devel-linux-x86_64-debian-clang 1.2 0.50 8.21 8.71 NOTE
r-devel-linux-x86_64-debian-gcc 1.2 0.48 8.11 8.58 NOTE
r-devel-linux-x86_64-fedora-clang 1.2 17.26 NOTE
r-devel-linux-x86_64-fedora-gcc 1.2 16.52 NOTE
r-devel-osx-x86_64-clang 1.2 23.08 NOTE
r-prerel-windows-ix86+x86_64 1.2 2.00 17.00 19.00 NOTE
r-prerel-linux-x86_64 1.2 0.46 8.28 8.75 NOTE
r-prerel-solaris-sparc 1.2 111.70 NOTE
r-prerel-solaris-x86 1.2 24.90 NOTE
r-release-linux-x86_64 1.2 0.56 9.13 9.70 OK
r-release-osx-x86_64-mavericks 1.2 OK
r-release-osx-x86_64-snowleopard 1.2 OK
r-release-windows-ix86+x86_64 1.2 4.00 18.00 22.00 OK
r-oldrel-windows-ix86+x86_64 1.2 3.00 17.00 20.00 OK

Check Details

Version: 1.2
Check: DESCRIPTION meta-information
Result: NOTE
    Malformed Description field: should contain one or more complete sentences.
Flavors: r-devel-linux-x86_64-debian-clang, r-devel-linux-x86_64-debian-gcc, r-devel-linux-x86_64-fedora-clang, r-devel-linux-x86_64-fedora-gcc, r-devel-osx-x86_64-clang, r-prerel-windows-ix86+x86_64, r-prerel-linux-x86_64, r-prerel-solaris-sparc, r-prerel-solaris-x86