CRAN Package Check Results for Package rpanel

Last updated on 2015-07-02 11:48:39.

Flavor Version Tinstall Tcheck Ttotal Status Flags
r-devel-linux-x86_64-debian-clang 1.1-3 1.53 26.72 28.25 NOTE
r-devel-linux-x86_64-debian-gcc 1.1-3 1.55 26.84 28.39 NOTE
r-devel-linux-x86_64-fedora-clang 1.1-3 52.52 NOTE
r-devel-linux-x86_64-fedora-gcc 1.1-3 48.28 NOTE
r-devel-osx-x86_64-clang 1.1-3 47.32 NOTE
r-devel-windows-ix86+x86_64 1.1-3 7.00 37.00 44.00 NOTE
r-patched-linux-x86_64 1.1-3 1.82 26.69 28.52 NOTE
r-patched-solaris-sparc 1.1-3 359.40 NOTE
r-patched-solaris-x86 1.1-3 71.60 NOTE
r-release-linux-x86_64 1.1-3 1.54 26.86 28.41 NOTE
r-release-osx-x86_64-mavericks 1.1-3 NOTE
r-release-windows-ix86+x86_64 1.1-3 6.00 49.00 55.00 NOTE
r-oldrel-windows-ix86+x86_64 1.1-3 9.00 43.00 52.00 NOTE

Check Details

Version: 1.1-3
Check: DESCRIPTION meta-information
Result: NOTE
    Malformed Title field: should not end in a period.
Flavors: r-devel-linux-x86_64-debian-clang, r-devel-linux-x86_64-debian-gcc, r-devel-linux-x86_64-fedora-clang, r-devel-linux-x86_64-fedora-gcc, r-devel-osx-x86_64-clang, r-devel-windows-ix86+x86_64, r-patched-linux-x86_64, r-patched-solaris-sparc, r-patched-solaris-x86, r-release-linux-x86_64, r-release-osx-x86_64-mavericks, r-release-windows-ix86+x86_64

Version: 1.1-3
Check: dependencies in R code
Result: NOTE
    'library' or 'require' calls in package code:
     ‘MASS’ ‘RandomFields’ ‘akima’ ‘denstrip’ ‘geoR’ ‘lattice’ ‘maps’
     ‘mgcv’ ‘rgl’ ‘sm’ ‘tkrplot’
     Please use :: or requireNamespace() instead.
     See section 'Suggested packages' in the 'Writing R Extensions' manual.
    Package in Depends field not imported from: ‘tcltk’
     These packages need to be imported from (in the NAMESPACE file)
     for when this namespace is loaded but not attached.
Flavors: r-devel-linux-x86_64-debian-clang, r-devel-linux-x86_64-debian-gcc, r-devel-linux-x86_64-fedora-clang, r-devel-linux-x86_64-fedora-gcc, r-devel-osx-x86_64-clang, r-devel-windows-ix86+x86_64, r-patched-linux-x86_64, r-patched-solaris-sparc, r-patched-solaris-x86, r-release-linux-x86_64, r-release-osx-x86_64-mavericks, r-release-windows-ix86+x86_64, r-oldrel-windows-ix86+x86_64

Version: 1.1-3
Check: R code for possible problems
Result: NOTE
    .w.coords: no visible binding for global variable ‘tclvalue’
    .w.coords: no visible binding for global variable ‘tkwinfo’
    .w.tkrplot: no visible global function definition for ‘.make.tkindex’
    .w.tkrplot: no visible binding for global variable ‘.my.tkdev’
    .w.tkrplot: no visible binding for global variable ‘tkimage.create’
    .w.tkrplot: no visible binding for global variable ‘tcl’
    .w.tkrplot: no visible global function definition for ‘par’
    .w.tkrplot: no visible binding for global variable ‘.Tcl’
    .w.tkrplot: no visible binding for global variable ‘tkcanvas’
    .w.tkrplot: no visible binding for global variable ‘tkcreate’
    .w.tkrplot: no visible binding for global variable ‘tkbind’
    .w.tkrplot : <anonymous>: no visible binding for global variable ‘.Tcl’
    rgl.segments: no visible global function definition for ‘rgl.lines’
    rp.ancova.new : rp.ancova.draw: no visible global function definition
     for ‘lm’
    rp.ancova.new : rp.ancova.draw: no visible global function definition
     for ‘as.formula’
    rp.ancova.new : rp.ancova.draw: no visible binding for global variable
     ‘na.exclude’
    rp.ancova.new : rp.ancova.redraw: no visible binding for global
     variable ‘plot’
    rp.ancova.new: no visible binding for global variable ‘plot’
    rp.ancova.old : rp.ancova.redraw: no visible binding for global
     variable ‘plot’
    rp.ancova.old: no visible binding for global variable ‘plot’
    rp.anova : rp.anova.draw: no visible global function definition for
     ‘lm’
    rp.anova : rp.anova.draw: no visible global function definition for
     ‘as.formula’
    rp.anova : rp.anova.draw: no visible binding for global variable
     ‘na.exclude’
    rp.anova : rp.anova.redraw: no visible binding for global variable
     ‘plot’
    rp.anova: no visible binding for global variable ‘plot’
    rp.bubbleplot: no visible global function definition for ‘topo.colors’
    rp.bubbleplot : bubble.redraw: no visible binding for global variable
     ‘plot’
    rp.bubbleplot : key.draw: no visible global function definition for
     ‘par’
    rp.bubbleplot : key.draw: no visible global function definition for
     ‘mtext’
    rp.bubbleplot : bubble.movie.call: no visible binding for global
     variable ‘plot’
    rp.bubbleplot : click: no visible binding for global variable ‘plot’
    rp.bubbleplot : release: no visible binding for global variable ‘plot’
    rp.bubbleplot: no visible binding for global variable ‘plot’
    rp.cartoons : panel.launch : qq.draw: no visible global function
     definition for ‘qqnorm’
    rp.cartoons : panel.launch: no visible global function definition for
     ‘rnorm’
    rp.cartoons : panel.launch: no visible binding for global variable
     ‘gdp’
    rp.cartoons : panel.launch: no visible binding for global variable
     ‘co2.emissions’
    rp.cartoons : panel.launch: no visible binding for global variable
     ‘population’
    rp.cartoons : panel.launch: no visible binding for global variable
     ‘life.expectancy’
    rp.cartoons : panel.launch: no visible binding for global variable
     ‘CofE’
    rp.cartoons : panel.launch: no visible binding for global variable
     ‘rodent’
    rp.cartoons : panel.launch: no visible binding for global variable
     ‘poisons’
    rp.cartoons : panel.launch: no visible binding for global variable
     ‘gullweight’
    rp.cartoons : panel.launch: no visible binding for global variable
     ‘river’
    rp.cartoons : panel.launch: no visible binding for global variable
     ‘luthor’
    rp.cartoons : panel.launch: no visible binding for global variable
     ‘aircond’
    rp.cartoons : panel.launch: no visible global function definition for
     ‘sm.density’
    rp.cartoons : panel.launch: no visible binding for global variable
     ‘tephra’
    rp.cartoons : panel.launch: no visible binding for global variable
     ‘airpc’
    rp.cartoons : panel.launch: no visible binding for global variable
     ‘trawl’
    rp.cartoons : panel.launch: no visible binding for global variable
     ‘quakes’
    rp.cartoons : panel.launch: no visible binding for global variable
     ‘Clyde’
    rp.cartoons : panel.launch: no visible binding for global variable
     ‘SO2’
    rp.cartoons: no visible binding for global variable ‘demo’
    rp.ci : ci.sim: no visible global function definition for ‘rnorm’
    rp.ci : ci.sim: no visible binding for global variable ‘sd’
    rp.ci : ci.sim: no visible global function definition for ‘qt’
    rp.ci : ci.sim: no visible binding for global variable ‘plot’
    rp.ci : ci.plot: no visible global function definition for ‘plot’
    rp.ci : ci.plot: no visible global function definition for ‘segments’
    rp.ci : ci.plot: no visible global function definition for ‘abline’
    rp.ci : ci.plot: no visible global function definition for ‘title’
    rp.ci: no visible binding for global variable ‘plot’
    rp.colour.chart: no visible global function definition for ‘plot’
    rp.colour.chart: no visible global function definition for ‘axis’
    rp.colour.chart: no visible global function definition for ‘rect’
    rp.colour.chart: no visible global function definition for ‘box’
    rp.colour.key: no visible global function definition for ‘par’
    rp.colour.key: no visible global function definition for ‘plot’
    rp.colour.key: no visible global function definition for ‘axis’
    rp.colour.key: no visible global function definition for ‘rect’
    rp.colour.key: no visible global function definition for ‘lines’
    rp.control.resize: no visible binding for global variable
     ‘tkwm.geometry’
    rp.firth: no visible global function definition for ‘heat.colors’
    rp.firth : firth.points: no visible global function definition for
     ‘runif’
    rp.firth : firth.predict: no visible global function definition for
     ‘as.geodata’
    rp.firth : firth.predict: no visible global function definition for
     ‘variog’
    rp.firth : firth.predict: no visible global function definition for
     ‘output.control’
    rp.firth : firth.predict: no visible global function definition for
     ‘likfit’
    rp.firth : firth.predict: no visible global function definition for
     ‘krige.control’
    rp.firth : firth.predict: no visible global function definition for
     ‘krige.conv’
    rp.firth : firth.predict: no visible global function definition for
     ‘variofit’
    rp.firth : firth.samp: no visible global function definition for ‘grf’
    rp.firth : firth.colour.chart: no visible global function definition
     for ‘par’
    rp.firth: no visible global function definition for ‘GaussRF’
    rp.geosim: no visible global function definition for ‘terrain.colors’
    rp.geosim : field.new: no visible global function definition for ‘grf’
    rp.geosim : graphics.update: no visible global function definition for
     ‘rgl.set’
    rp.geosim : graphics.update: no visible global function definition for
     ‘rgl.ids’
    rp.geosim : graphics.update: no visible global function definition for
     ‘pop3d’
    rp.geosim : graphics.update: no visible global function definition for
     ‘points3d’
    rp.geosim : graphics.update: no visible global function definition for
     ‘rgl.surface’
    rp.geosim : graphics.update: no visible global function definition for
     ‘bg3d’
    rp.geosim : graphics.update: no visible global function definition for
     ‘rgl.cur’
    rp.geosim : graphics.update: no visible global function definition for
     ‘rgl.close’
    rp.geosim : cont.update: no visible global function definition for
     ‘par’
    rp.geosim : vario.update: no visible global function definition for
     ‘plot’
    rp.likelihood : rp.loglik2 : loglik2.plot: no visible global function
     definition for ‘optim’
    rp.likelihood : rp.loglik2 : loglik2.plot: no visible global function
     definition for ‘terrain.colors’
    rp.likelihood : rp.loglik2 : loglik2.plot.add: no visible global
     function definition for ‘pop3d’
    rp.likelihood : rp.loglik2: no visible global function definition for
     ‘open3d’
    rp.likelihood : rp.loglik2: no visible global function definition for
     ‘bg3d’
    rp.logistic : replot.logistic: no visible binding for global variable
     ‘plot’
    rp.logistic: no visible global function definition for ‘glm’
    rp.logistic: no visible binding for global variable ‘binomial’
    rp.logistic: no visible global function definition for ‘coef’
    rp.logistic: no visible binding for global variable ‘plot’
    rp.messagebox: no visible global function definition for ‘tcl’
    rp.mururoa: no visible global function definition for ‘heat.colors’
    rp.mururoa : mururoa.points: no visible global function definition for
     ‘runif’
    rp.mururoa : mururoa.predict: no visible global function definition for
     ‘as.geodata’
    rp.mururoa : mururoa.predict: no visible global function definition for
     ‘variog’
    rp.mururoa : mururoa.predict: no visible global function definition for
     ‘variofit’
    rp.mururoa : mururoa.predict: no visible global function definition for
     ‘krige.control’
    rp.mururoa : mururoa.predict: no visible global function definition for
     ‘output.control’
    rp.mururoa : mururoa.predict: no visible global function definition for
     ‘krige.conv’
    rp.mururoa : mururoa.samp: no visible global function definition for
     ‘grf’
    rp.mururoa : mururoa.colour.chart: no visible global function
     definition for ‘par’
    rp.mururoa: no visible global function definition for ‘GaussRF’
    rp.normal : normal.draw: no visible global function definition for ‘sd’
    rp.normal : normal.redraw: no visible binding for global variable
     ‘plot’
    rp.normal: no visible global function definition for ‘hist’
    rp.normal: no visible global function definition for ‘sd’
    rp.normal: no visible global function definition for ‘runif’
    rp.normal: no visible binding for global variable ‘plot’
    rp.plot3d: no visible global function definition for ‘open3d’
    rp.plot3d: no visible global function definition for ‘bg3d’
    rp.plot3d: no visible global function definition for ‘rgl.clear’
    rp.plot3d: no visible global function definition for ‘rgl.viewpoint’
    rp.plot3d: no visible global function definition for ‘rgl.lines’
    rp.plot3d: no visible global function definition for ‘rgl.texts’
    rp.plot3d: no visible global function definition for ‘rgl.points’
    rp.plot4d: no visible global function definition for ‘sd’
    rp.plot4d : draw.key: no visible global function definition for ‘par’
    rp.plot4d : draw.key: no visible global function definition for ‘plot’
    rp.plot4d : draw.key: no visible global function definition for ‘text’
    rp.plot4d : draw.key: no visible global function definition for
     ‘strheight’
    rp.plot4d : draw.key: no visible global function definition for ‘mtext’
    rp.plot4d : click: no visible binding for global variable ‘plot’
    rp.plot4d : drag: no visible binding for global variable ‘plot’
    rp.plot4d : release: no visible binding for global variable ‘plot’
    rp.plot4d : redraw4d: no visible binding for global variable ‘plot’
    rp.plot4d: no visible global function definition for ‘topo.colors’
    rp.plot4d: no visible global function definition for ‘col2rgb’
    rp.plot4d: no visible global function definition for ‘rgb2hsv’
    rp.plot4d: no visible binding for global variable ‘plot’
    rp.power : powerplot.pars: no visible global function definition for
     ‘pnorm’
    rp.power : powerplot.redraw: no visible binding for global variable
     ‘plot’
    rp.power: no visible global function definition for ‘pnorm’
    rp.power: no visible binding for global variable ‘plot’
    rp.regression : rp.regression1 : scatter.draw: no visible global
     function definition for ‘par’
    rp.regression : rp.regression1 : find.pt: no visible binding for global
     variable ‘plot’
    rp.regression : rp.regression1 : drag: no visible binding for global
     variable ‘plot’
    rp.regression : rp.regression1 : release: no visible binding for global
     variable ‘plot’
    rp.regression : rp.regression1 : replot.regression1: no visible binding
     for global variable ‘plot’
    rp.regression : rp.regression1: no visible global function definition
     for ‘runif’
    rp.regression : rp.regression1: no visible binding for global variable
     ‘plot’
    rp.regression2: no visible global function definition for ‘coef’
    rp.regression2: no visible global function definition for ‘lm’
    rp.regression2: no visible global function definition for ‘fitted’
    rp.rmplot : rmplot.table: no visible global function definition for
     ‘plot’
    rp.rmplot : rmplot.table: no visible global function definition for
     ‘lines’
    rp.rmplot : rmplot.table: no visible global function definition for
     ‘points’
    rp.rmplot : rmplot.table: no visible binding for global variable ‘sd’
    rp.rmplot : rmplot.table: no visible global function definition for
     ‘text’
    rp.rmplot : rmplot.table: no visible global function definition for
     ‘polygon’
    rp.rmplot : rmplot.table: no visible global function definition for
     ‘segments’
    rp.rmplot : rmplot.table: no visible global function definition for
     ‘par’
    rp.rmplot : rmplot.table : plot.profile: no visible global function
     definition for ‘lines’
    rp.rmplot : rmplot.table : plot.profile: no visible global function
     definition for ‘title’
    rp.rmplot : rmplot.table: no visible global function definition for
     ‘menu’
    rp.rmplot : rmplot.table: no visible global function definition for
     ‘axis’
    rp.rmplot : rmplot.table: no visible global function definition for
     ‘box’
    rp.rmplot : rmplot.redraw: no visible binding for global variable
     ‘plot’
    rp.rmplot: no visible binding for global variable ‘plot’
    rp.screenresolution: no visible binding for global variable ‘tclvalue’
    rp.screenresolution: no visible binding for global variable
     ‘tkwm.maxsize’
    rp.spacetime: no visible global function definition for ‘sd’
    rp.surface: no visible global function definition for ‘topo.colors’
    rp.surface : col.fn: no visible global function definition for ‘lines’
    rp.surface : rp.surface.redraw: no visible binding for global variable
     ‘plot’
    rp.surface : animate: no visible global function definition for ‘rnorm’
    rp.surface : animate: no visible binding for global variable ‘plot’
    rp.surface : animation.call: no visible global function definition for
     ‘rnorm’
    rp.surface : animation.call: no visible binding for global variable
     ‘plot’
    rp.surface : mouse: no visible binding for global variable ‘plot’
    rp.surface : release: no visible binding for global variable ‘plot’
    rp.surface: no visible binding for global variable ‘plot’
    rp.tables : tables.redraw: no visible binding for global variable
     ‘plot’
    rp.tables: no visible binding for global variable ‘plot’
    rp.timer : dothis: no visible binding for global variable ‘tcl’
    rp.timer: no visible binding for global variable ‘tcl’
    rp.tkrplot: no visible global function definition for ‘par’
    rp.tkrreplot: no visible binding for global variable ‘tkrreplot’
    rp.widget.dispose: no visible binding for global variable ‘tkdestroy’
    w.button: no visible binding for global variable ‘tkbutton’
    w.checkbox : f: no visible binding for global variable ‘tclvalue’
    w.checkbox: no visible binding for global variable ‘tclVar’
    w.checkbox: no visible binding for global variable ‘.Tcl’
    w.checkbox: no visible binding for global variable ‘tkcheckbutton’
    w.clearlines: no visible binding for global variable ‘tkdelete’
    w.combo : f: no visible binding for global variable ‘tcl’
    w.combo: no visible binding for global variable ‘tclRequire’
    w.combo : maxlen: no visible binding for global variable ‘.Tcl’
    w.combo: no visible binding for global variable ‘.Tcl’
    w.combo: no visible binding for global variable ‘tkwidget’
    w.combo: no visible global function definition for ‘tclVar’
    w.createcontainer: no visible binding for global variable ‘tkwidget’
    w.createcontainer: no visible binding for global variable ‘tkframe’
    w.createcontainer: no visible binding for global variable ‘tkpack’
    w.createcontainer: no visible binding for global variable ‘tkplace’
    w.createcontainer: no visible binding for global variable ‘tkgrid’
    w.createcontainer: no visible binding for global variable
     ‘tkgrid.rowconfigure’
    w.createcontainer: no visible binding for global variable
     ‘tkgrid.columnconfigure’
    w.deleteline: no visible binding for global variable ‘tkdelete’
    w.deletelinebyid: no visible binding for global variable ‘tkdelete’
    w.image: no visible binding for global variable ‘tkimage.create’
    w.image: no visible binding for global variable ‘tkcanvas’
    w.image: no visible binding for global variable ‘tcl’
    w.image: no visible binding for global variable ‘tkcreate’
    w.image: no visible binding for global variable ‘tkbind’
    w.layout: no visible binding for global variable ‘tkgrid’
    w.layout: no visible binding for global variable ‘tkgrid.rowconfigure’
    w.layout: no visible binding for global variable
     ‘tkgrid.columnconfigure’
    w.line: no visible binding for global variable ‘tkcreate’
    w.line: no visible binding for global variable ‘tkaddtag’
    w.listbox: no visible binding for global variable ‘tklistbox’
    w.listbox : <anonymous>: no visible binding for global variable ‘tkset’
    w.listbox: no visible binding for global variable ‘tkscrollbar’
    w.listbox : <anonymous>: no visible binding for global variable
     ‘tkyview’
    w.listbox: no visible binding for global variable ‘tkinsert’
    w.listbox: no visible binding for global variable ‘tkselection.set’
    w.listbox : f: no visible binding for global variable ‘tkcurselection’
    w.listbox: no visible binding for global variable ‘tkbind’
    w.menu: no visible binding for global variable ‘tkmenu’
    w.menu: no visible binding for global variable ‘tkconfigure’
    w.menu: no visible binding for global variable ‘tkadd’
    w.notebook: no visible binding for global variable ‘.Tcl’
    w.notebook: no visible binding for global variable ‘tkwidget’
    w.notebook: no visible binding for global variable ‘tkconfigure’
    w.notebook.add: no visible binding for global variable ‘tkinsert’
    w.notebook.add: no visible binding for global variable ‘.Tk.newwin’
    w.notebook.add: no visible binding for global variable ‘tkframe’
    w.notebook.add: no visible binding for global variable ‘tkgrid’
    w.notebook.raise: no visible binding for global variable ‘tcl’
    w.radiogroup: no visible binding for global variable ‘tclVar’
    w.radiogroup : f: no visible binding for global variable ‘tclvalue’
    w.radiogroup: no visible binding for global variable ‘.Tcl’
    w.radiogroup: no visible binding for global variable ‘tkradiobutton’
    w.radiogroup: no visible binding for global variable ‘tkconfigure’
    w.setbackground: no visible binding for global variable ‘tkconfigure’
    w.setfont: no visible binding for global variable ‘tkconfigure’
    w.setforeground: no visible binding for global variable ‘tkconfigure’
    w.slider : f: no visible binding for global variable ‘tclvalue’
    w.slider: no visible binding for global variable ‘tclVar’
    w.slider: no visible binding for global variable ‘.Tcl’
    w.slider: no visible binding for global variable ‘tkscale’
    w.slider: no visible binding for global variable ‘tkbind’
    w.slider.change: no visible global function definition for ‘tclvalue<-’
    w.text: no visible binding for global variable ‘tclVar’
    w.text: no visible binding for global variable ‘tklabel’
    w.text: no visible binding for global variable ‘tclvalue’
    w.text: no visible binding for global variable ‘tkconfigure’
    w.text: no visible binding for global variable ‘tkbind’
    w.text.change: no visible global function definition for ‘tclvalue<-’
    w.textentry : f: no visible binding for global variable ‘tclvalue’
    w.textentry: no visible binding for global variable ‘tclVar’
    w.textentry: no visible binding for global variable ‘.Tcl’
    w.textentry: no visible binding for global variable ‘tkentry’
    w.textentry: no visible binding for global variable ‘tkbind’
    w.timer: no visible binding for global variable ‘tcl’
    w.tkrplot : plotter: no visible global function definition for ‘par’
    w.tkrplot: no visible binding for global variable ‘tkrplot’
    w.tkrplot: no visible binding for global variable ‘tkbind’
    w.tkrplot: no visible binding for global variable ‘tkconfigure’
    w.tkrreplot: no visible binding for global variable ‘tkrreplot’
    w.window: no visible binding for global variable ‘tktoplevel’
    w.window: no visible binding for global variable ‘tkwm.geometry’
    w.window: no visible binding for global variable ‘tkwm.title’
    w.window.dispose: no visible global function definition for ‘tkdestroy’
    w.window.focus: no visible binding for global variable ‘tkfocus’
    w.window.settitle: no visible binding for global variable ‘tkwm.title’
Flavors: r-devel-linux-x86_64-debian-clang, r-devel-linux-x86_64-debian-gcc, r-devel-linux-x86_64-fedora-gcc, r-devel-windows-ix86+x86_64

Version: 1.1-3
Check: R code for possible problems
Result: NOTE
    .w.coords: no visible binding for global variable ‘tclvalue’
    .w.coords: no visible binding for global variable ‘tkwinfo’
    .w.tkrplot: no visible global function definition for ‘.make.tkindex’
    .w.tkrplot: no visible binding for global variable ‘.my.tkdev’
    .w.tkrplot: no visible binding for global variable ‘tkimage.create’
    .w.tkrplot: no visible binding for global variable ‘tcl’
    .w.tkrplot: no visible global function definition for ‘par’
    .w.tkrplot: no visible binding for global variable ‘.Tcl’
    .w.tkrplot: no visible binding for global variable ‘tkcanvas’
    .w.tkrplot: no visible binding for global variable ‘tkcreate’
    .w.tkrplot: no visible binding for global variable ‘tkbind’
    .w.tkrplot : <anonymous>: no visible binding for global variable ‘.Tcl’
    rgl.segments: no visible global function definition for ‘rgl.lines’
    rp.ancova.new : rp.ancova.draw: no visible global function definition
     for ‘lm’
    rp.ancova.new : rp.ancova.draw: no visible global function definition
     for ‘as.formula’
    rp.ancova.new : rp.ancova.draw: no visible binding for global variable
     ‘na.exclude’
    rp.ancova.new : rp.ancova.redraw: no visible binding for global
     variable ‘plot’
    rp.ancova.new: no visible binding for global variable ‘plot’
    rp.ancova.old : rp.ancova.redraw: no visible binding for global
     variable ‘plot’
    rp.ancova.old: no visible binding for global variable ‘plot’
    rp.anova : rp.anova.draw: no visible global function definition for
     ‘lm’
    rp.anova : rp.anova.draw: no visible global function definition for
     ‘as.formula’
    rp.anova : rp.anova.draw: no visible binding for global variable
     ‘na.exclude’
    rp.anova : rp.anova.redraw: no visible binding for global variable
     ‘plot’
    rp.anova: no visible binding for global variable ‘plot’
    rp.bubbleplot: no visible global function definition for ‘topo.colors’
    rp.bubbleplot : bubble.redraw: no visible binding for global variable
     ‘plot’
    rp.bubbleplot : key.draw: no visible global function definition for
     ‘par’
    rp.bubbleplot : key.draw: no visible global function definition for
     ‘mtext’
    rp.bubbleplot : bubble.movie.call: no visible binding for global
     variable ‘plot’
    rp.bubbleplot : click: no visible binding for global variable ‘plot’
    rp.bubbleplot : release: no visible binding for global variable ‘plot’
    rp.bubbleplot: no visible binding for global variable ‘plot’
    rp.cartoons : panel.launch : qq.draw: no visible global function
     definition for ‘qqnorm’
    rp.cartoons : panel.launch: no visible global function definition for
     ‘rnorm’
    rp.cartoons : panel.launch: no visible binding for global variable
     ‘gdp’
    rp.cartoons : panel.launch: no visible binding for global variable
     ‘co2.emissions’
    rp.cartoons : panel.launch: no visible binding for global variable
     ‘population’
    rp.cartoons : panel.launch: no visible binding for global variable
     ‘life.expectancy’
    rp.cartoons : panel.launch: no visible binding for global variable
     ‘CofE’
    rp.cartoons : panel.launch: no visible binding for global variable
     ‘rodent’
    rp.cartoons : panel.launch: no visible binding for global variable
     ‘poisons’
    rp.cartoons : panel.launch: no visible binding for global variable
     ‘gullweight’
    rp.cartoons : panel.launch: no visible binding for global variable
     ‘river’
    rp.cartoons : panel.launch: no visible binding for global variable
     ‘luthor’
    rp.cartoons : panel.launch: no visible binding for global variable
     ‘aircond’
    rp.cartoons : panel.launch: no visible global function definition for
     ‘sm.density’
    rp.cartoons : panel.launch: no visible binding for global variable
     ‘tephra’
    rp.cartoons : panel.launch: no visible binding for global variable
     ‘airpc’
    rp.cartoons : panel.launch: no visible binding for global variable
     ‘trawl’
    rp.cartoons : panel.launch: no visible binding for global variable
     ‘quakes’
    rp.cartoons : panel.launch: no visible binding for global variable
     ‘Clyde’
    rp.cartoons : panel.launch: no visible binding for global variable
     ‘SO2’
    rp.cartoons: no visible binding for global variable ‘demo’
    rp.ci : ci.sim: no visible global function definition for ‘rnorm’
    rp.ci : ci.sim: no visible binding for global variable ‘sd’
    rp.ci : ci.sim: no visible global function definition for ‘qt’
    rp.ci : ci.sim: no visible binding for global variable ‘plot’
    rp.ci : ci.plot: no visible global function definition for ‘plot’
    rp.ci : ci.plot: no visible global function definition for ‘segments’
    rp.ci : ci.plot: no visible global function definition for ‘abline’
    rp.ci : ci.plot: no visible global function definition for ‘title’
    rp.ci: no visible binding for global variable ‘plot’
    rp.colour.chart: no visible global function definition for ‘plot’
    rp.colour.chart: no visible global function definition for ‘axis’
    rp.colour.chart: no visible global function definition for ‘rect’
    rp.colour.chart: no visible global function definition for ‘box’
    rp.colour.key: no visible global function definition for ‘par’
    rp.colour.key: no visible global function definition for ‘plot’
    rp.colour.key: no visible global function definition for ‘axis’
    rp.colour.key: no visible global function definition for ‘rect’
    rp.colour.key: no visible global function definition for ‘lines’
    rp.control.resize: no visible binding for global variable
     ‘tkwm.geometry’
    rp.firth: no visible global function definition for ‘heat.colors’
    rp.firth : firth.points: no visible global function definition for
     ‘runif’
    rp.firth : firth.predict: no visible global function definition for
     ‘as.geodata’
    rp.firth : firth.predict: no visible global function definition for
     ‘variog’
    rp.firth : firth.predict: no visible global function definition for
     ‘output.control’
    rp.firth : firth.predict: no visible global function definition for
     ‘likfit’
    rp.firth : firth.predict: no visible global function definition for
     ‘krige.control’
    rp.firth : firth.predict: no visible global function definition for
     ‘krige.conv’
    rp.firth : firth.predict: no visible global function definition for
     ‘variofit’
    rp.firth : firth.samp: no visible global function definition for ‘grf’
    rp.firth : firth.colour.chart: no visible global function definition
     for ‘par’
    rp.firth: no visible global function definition for ‘GaussRF’
    rp.geosim: no visible global function definition for ‘terrain.colors’
    rp.geosim : field.new: no visible global function definition for ‘grf’
    rp.geosim : graphics.update: no visible global function definition for
     ‘rgl.set’
    rp.geosim : graphics.update: no visible global function definition for
     ‘rgl.ids’
    rp.geosim : graphics.update: no visible global function definition for
     ‘pop3d’
    rp.geosim : graphics.update: no visible global function definition for
     ‘points3d’
    rp.geosim : graphics.update: no visible global function definition for
     ‘rgl.surface’
    rp.geosim : graphics.update: no visible global function definition for
     ‘bg3d’
    rp.geosim : graphics.update: no visible global function definition for
     ‘rgl.cur’
    rp.geosim : graphics.update: no visible global function definition for
     ‘rgl.close’
    rp.geosim : cont.update: no visible global function definition for
     ‘par’
    rp.geosim : vario.update: no visible global function definition for
     ‘plot’
    rp.likelihood : rp.loglik2 : loglik2.plot: no visible global function
     definition for ‘optim’
    rp.likelihood : rp.loglik2 : loglik2.plot: no visible global function
     definition for ‘terrain.colors’
    rp.likelihood : rp.loglik2 : loglik2.plot.add: no visible global
     function definition for ‘pop3d’
    rp.likelihood : rp.loglik2: no visible global function definition for
     ‘open3d’
    rp.likelihood : rp.loglik2: no visible global function definition for
     ‘bg3d’
    rp.logistic : replot.logistic: no visible binding for global variable
     ‘plot’
    rp.logistic: no visible global function definition for ‘glm’
    rp.logistic: no visible binding for global variable ‘binomial’
    rp.logistic: no visible global function definition for ‘coef’
    rp.logistic: no visible binding for global variable ‘plot’
    rp.messagebox: no visible global function definition for ‘tcl’
    rp.mururoa: no visible global function definition for ‘heat.colors’
    rp.mururoa : mururoa.points: no visible global function definition for
     ‘runif’
    rp.mururoa : mururoa.predict: no visible global function definition for
     ‘as.geodata’
    rp.mururoa : mururoa.predict: no visible global function definition for
     ‘variog’
    rp.mururoa : mururoa.predict: no visible global function definition for
     ‘variofit’
    rp.mururoa : mururoa.predict: no visible global function definition for
     ‘krige.control’
    rp.mururoa : mururoa.predict: no visible global function definition for
     ‘output.control’
    rp.mururoa : mururoa.predict: no visible global function definition for
     ‘krige.conv’
    rp.mururoa : mururoa.samp: no visible global function definition for
     ‘grf’
    rp.mururoa : mururoa.colour.chart: no visible global function
     definition for ‘par’
    rp.mururoa: no visible global function definition for ‘GaussRF’
    rp.normal : normal.draw: no visible global function definition for ‘sd’
    rp.normal : normal.redraw: no visible binding for global variable
     ‘plot’
    rp.normal: no visible global function definition for ‘hist’
    rp.normal: no visible global function definition for ‘sd’
    rp.normal: no visible global function definition for ‘runif’
    rp.normal: no visible binding for global variable ‘plot’
    rp.plot3d: no visible global function definition for ‘open3d’
    rp.plot3d: no visible global function definition for ‘bg3d’
    rp.plot3d: no visible global function definition for ‘rgl.clear’
    rp.plot3d: no visible global function definition for ‘rgl.viewpoint’
    rp.plot3d: no visible global function definition for ‘rgl.lines’
    rp.plot3d: no visible global function definition for ‘rgl.texts’
    rp.plot3d: no visible global function definition for ‘rgl.points’
    rp.plot4d: no visible global function definition for ‘sd’
    rp.plot4d : draw.key: no visible global function definition for ‘par’
    rp.plot4d : draw.key: no visible global function definition for ‘plot’
    rp.plot4d : draw.key: no visible global function definition for ‘text’
    rp.plot4d : draw.key: no visible global function definition for
     ‘strheight’
    rp.plot4d : draw.key: no visible global function definition for ‘mtext’
    rp.plot4d : click: no visible binding for global variable ‘plot’
    rp.plot4d : drag: no visible binding for global variable ‘plot’
    rp.plot4d : release: no visible binding for global variable ‘plot’
    rp.plot4d : redraw4d: no visible binding for global variable ‘plot’
    rp.plot4d: no visible global function definition for ‘topo.colors’
    rp.plot4d: no visible global function definition for ‘col2rgb’
    rp.plot4d: no visible global function definition for ‘rgb2hsv’
    rp.plot4d: no visible binding for global variable ‘plot’
    rp.power : powerplot.pars: no visible global function definition for
     ‘pnorm’
    rp.power : powerplot.redraw: no visible binding for global variable
     ‘plot’
    rp.power: no visible global function definition for ‘pnorm’
    rp.power: no visible binding for global variable ‘plot’
    rp.regression : rp.regression1 : scatter.draw: no visible global
     function definition for ‘par’
    rp.regression : rp.regression1 : find.pt: no visible binding for global
     variable ‘plot’
    rp.regression : rp.regression1 : drag: no visible binding for global
     variable ‘plot’
    rp.regression : rp.regression1 : release: no visible binding for global
     variable ‘plot’
    rp.regression : rp.regression1 : replot.regression1: no visible binding
     for global variable ‘plot’
    rp.regression : rp.regression1: no visible global function definition
     for ‘runif’
    rp.regression : rp.regression1: no visible binding for global variable
     ‘plot’
    rp.regression2: no visible global function definition for ‘coef’
    rp.regression2: no visible global function definition for ‘lm’
    rp.regression2: no visible global function definition for ‘fitted’
    rp.rmplot : rmplot.table: no visible global function definition for
     ‘plot’
    rp.rmplot : rmplot.table: no visible global function definition for
     ‘lines’
    rp.rmplot : rmplot.table: no visible global function definition for
     ‘points’
    rp.rmplot : rmplot.table: no visible binding for global variable ‘sd’
    rp.rmplot : rmplot.table: no visible global function definition for
     ‘text’
    rp.rmplot : rmplot.table: no visible global function definition for
     ‘polygon’
    rp.rmplot : rmplot.table: no visible global function definition for
     ‘segments’
    rp.rmplot : rmplot.table: no visible global function definition for
     ‘par’
    rp.rmplot : rmplot.table : plot.profile: no visible global function
     definition for ‘lines’
    rp.rmplot : rmplot.table : plot.profile: no visible global function
     definition for ‘title’
    rp.rmplot : rmplot.table: no visible global function definition for
     ‘menu’
    rp.rmplot : rmplot.table: no visible global function definition for
     ‘axis’
    rp.rmplot : rmplot.table: no visible global function definition for
     ‘box’
    rp.rmplot : rmplot.redraw: no visible binding for global variable
     ‘plot’
    rp.rmplot: no visible binding for global variable ‘plot’
    rp.screenresolution: no visible binding for global variable ‘tclvalue’
    rp.screenresolution: no visible binding for global variable
     ‘tkwm.maxsize’
    rp.spacetime: no visible global function definition for ‘sd’
    rp.surface: no visible global function definition for ‘topo.colors’
    rp.surface : col.fn: no visible global function definition for ‘lines’
    rp.surface : rp.surface.redraw: no visible binding for global variable
     ‘plot’
    rp.surface : animate: no visible global function definition for ‘rnorm’
    rp.surface : animate: no visible binding for global variable ‘plot’
    rp.surface : animation.call: no visible global function definition for
     ‘rnorm’
    rp.surface : animation.call: no visible binding for global variable
     ‘plot’
    rp.surface : mouse: no visible binding for global variable ‘plot’
    rp.surface : release: no visible binding for global variable ‘plot’
    rp.surface: no visible binding for global variable ‘plot’
    rp.tables : tables.redraw: no visible binding for global variable
     ‘plot’
    rp.tables: no visible binding for global variable ‘plot’
    rp.timer : dothis: no visible binding for global variable ‘tcl’
    rp.timer: no visible binding for global variable ‘tcl’
    rp.tkrplot: no visible global function definition for ‘par’
    rp.tkrreplot: no visible binding for global variable ‘tkrreplot’
    rp.widget.dispose: no visible binding for global variable ‘tkdestroy’
    w.button: no visible binding for global variable ‘tkbutton’
    w.checkbox : f: no visible binding for global variable ‘tclvalue’
    w.checkbox: no visible binding for global variable ‘tclVar’
    w.checkbox: no visible binding for global variable ‘.Tcl’
    w.checkbox: no visible binding for global variable ‘tkcheckbutton’
    w.clearlines: no visible binding for global variable ‘tkdelete’
    w.combo : f: no visible binding for global variable ‘tcl’
    w.combo: no visible binding for global variable ‘tclRequire’
    w.combo : maxlen: no visible binding for global variable ‘.Tcl’
    w.combo: no visible binding for global variable ‘.Tcl’
    w.combo: no visible binding for global variable ‘tkwidget’
    w.combo: no visible global function definition for ‘tclVar’
    w.createcontainer: no visible binding for global variable ‘tkwidget’
    w.createcontainer: no visible binding for global variable ‘tkframe’
    w.createcontainer: no visible binding for global variable ‘tkpack’
    w.createcontainer: no visible binding for global variable ‘tkplace’
    w.createcontainer: no visible binding for global variable ‘tkgrid’
    w.createcontainer: no visible binding for global variable
     ‘tkgrid.rowconfigure’
    w.createcontainer: no visible binding for global variable
     ‘tkgrid.columnconfigure’
    w.deleteline: no visible binding for global variable ‘tkdelete’
    w.deletelinebyid: no visible binding for global variable ‘tkdelete’
    w.image: no visible binding for global variable ‘tkimage.create’
    w.image: no visible binding for global variable ‘tkcanvas’
    w.image: no visible binding for global variable ‘tcl’
    w.image: no visible binding for global variable ‘tkcreate’
    w.image: no visible binding for global variable ‘tkbind’
    w.layout: no visible binding for global variable ‘tkgrid’
    w.layout: no visible binding for global variable ‘tkgrid.rowconfigure’
    w.layout: no visible binding for global variable
     ‘tkgrid.columnconfigure’
    w.line: no visible binding for global variable ‘tkcreate’
    w.line: no visible binding for global variable ‘tkaddtag’
    w.listbox: no visible binding for global variable ‘tklistbox’
    w.listbox : <anonymous>: no visible binding for global variable ‘tkset’
    w.listbox: no visible binding for global variable ‘tkscrollbar’
    w.listbox : <anonymous>: no visible binding for global variable
     ‘tkyview’
    w.listbox: no visible binding for global variable ‘tkinsert’
    w.listbox: no visible binding for global variable ‘tkselection.set’
    w.listbox : f: no visible binding for global variable ‘tkcurselection’
    w.listbox: no visible binding for global variable ‘tkbind’
    w.menu: no visible binding for global variable ‘tkmenu’
    w.menu: no visible binding for global variable ‘tkconfigure’
    w.menu: no visible binding for global variable ‘tkadd’
    w.notebook: no visible binding for global variable ‘.Tcl’
    w.notebook: no visible binding for global variable ‘tkwidget’
    w.notebook: no visible binding for global variable ‘tkconfigure’
    w.notebook.add: no visible binding for global variable ‘tkinsert’
    w.notebook.add: no visible binding for global variable ‘.Tk.newwin’
    w.notebook.add: no visible binding for global variable ‘tkframe’
    w.notebook.add: no visible binding for global variable ‘tkgrid’
    w.notebook.raise: no visible binding for global variable ‘tcl’
    w.radiogroup: no visible binding for global variable ‘tclVar’
    w.radiogroup : f: no visible binding for global variable ‘tclvalue’
    w.radiogroup: no visible binding for global variable ‘.Tcl’
    w.radiogroup: no visible binding for global variable ‘tkradiobutton’
    w.radiogroup: no visible binding for global variable ‘tkconfigure’
    w.setbackground: no visible binding for global variable ‘tkconfigure’
    w.setfont: no visible binding for global variable ‘tkconfigure’
    w.setforeground: no visible binding for global variable ‘tkconfigure’
    w.slider : f: no visible binding for global variable ‘tclvalue’
    w.slider: no visible binding for global variable ‘tclVar’
    w.slider: no visible binding for global variable ‘.Tcl’
    w.slider: no visible binding for global variable ‘tkscale’
    w.slider: no visible binding for global variable ‘tkbind’
    w.slider.change: no visible global function definition for ‘tclvalue<-’
    w.text: no visible binding for global variable ‘tclVar’
    w.text: no visible binding for global variable ‘tklabel’
    w.text: no visible binding for global variable ‘tclvalue’
    w.text: no visible binding for global variable ‘tkconfigure’
    w.text: no visible binding for global variable ‘tkbind’
    w.text.change: no visible global function definition for ‘tclvalue<-’
    w.textentry : f: no visible binding for global variable ‘tclvalue’
    w.textentry: no visible binding for global variable ‘tclVar’
    w.textentry: no visible binding for global variable ‘.Tcl’
    w.textentry: no visible binding for global variable ‘tkentry’
    w.textentry: no visible binding for global variable ‘tkbind’
    w.timer: no visible binding for global variable ‘tcl’
    w.tkrplot : plotter: no visible global function definition for ‘par’
    w.tkrplot: no visible binding for global variable ‘tkrplot’
    w.tkrplot: no visible binding for global variable ‘tkbind’
    w.tkrplot: no visible binding for global variable ‘tkconfigure’
    w.tkrreplot: no visible binding for global variable ‘tkrreplot’
    w.window: no visible binding for global variable ‘tktoplevel’
    w.window: no visible binding for global variable ‘tkwm.geometry’
    w.window: no visible binding for global variable ‘tkwm.title’
    w.window.dispose: no visible global function definition for ‘tkdestroy’
    w.window.focus: no visible binding for global variable ‘tkfocus’
    w.window.settitle: no visible binding for global variable ‘tkwm.title’
    Undefined global functions or variables:
     .Tcl .Tk.newwin .make.tkindex .my.tkdev Clyde CofE GaussRF SO2 abline
     aircond airpc as.formula as.geodata axis bg3d binomial box
     co2.emissions coef col2rgb demo fitted gdp glm grf gullweight
     heat.colors hist krige.control krige.conv life.expectancy likfit
     lines lm luthor menu mtext na.exclude open3d optim output.control par
     plot pnorm points points3d poisons polygon pop3d population qqnorm qt
     quakes rect rgb2hsv rgl.clear rgl.close rgl.cur rgl.ids rgl.lines
     rgl.points rgl.set rgl.surface rgl.texts rgl.viewpoint river rnorm
     rodent runif sd segments sm.density strheight tcl tclRequire tclVar
     tclvalue tclvalue<- tephra terrain.colors text title tkadd tkaddtag
     tkbind tkbutton tkcanvas tkcheckbutton tkconfigure tkcreate
     tkcurselection tkdelete tkdestroy tkentry tkfocus tkframe tkgrid
     tkgrid.columnconfigure tkgrid.rowconfigure tkimage.create tkinsert
     tklabel tklistbox tkmenu tkpack tkplace tkradiobutton tkrplot
     tkrreplot tkscale tkscrollbar tkselection.set tkset tktoplevel
     tkwidget tkwinfo tkwm.geometry tkwm.maxsize tkwm.title tkyview
     topo.colors trawl variofit variog
Flavor: r-devel-linux-x86_64-fedora-clang

Version: 1.1-3
Check: R code for possible problems
Result: NOTE
    .w.coords: no visible binding for global variable ‘tclvalue’
    .w.coords: no visible binding for global variable ‘tkwinfo’
    .w.tkrplot: no visible global function definition for ‘.make.tkindex’
    .w.tkrplot: no visible binding for global variable ‘.my.tkdev’
    .w.tkrplot: no visible binding for global variable ‘tkimage.create’
    .w.tkrplot: no visible binding for global variable ‘tcl’
    .w.tkrplot: no visible binding for global variable ‘.Tcl’
    .w.tkrplot: no visible binding for global variable ‘tkcanvas’
    .w.tkrplot: no visible binding for global variable ‘tkcreate’
    .w.tkrplot: no visible binding for global variable ‘tkbind’
    .w.tkrplot : <anonymous>: no visible binding for global variable ‘.Tcl’
    rgl.segments: no visible global function definition for ‘rgl.lines’
    rp.cartoons : panel.launch: no visible binding for global variable
     ‘gdp’
    rp.cartoons : panel.launch: no visible binding for global variable
     ‘co2.emissions’
    rp.cartoons : panel.launch: no visible binding for global variable
     ‘population’
    rp.cartoons : panel.launch: no visible binding for global variable
     ‘life.expectancy’
    rp.cartoons : panel.launch: no visible binding for global variable
     ‘CofE’
    rp.cartoons : panel.launch: no visible binding for global variable
     ‘rodent’
    rp.cartoons : panel.launch: no visible binding for global variable
     ‘poisons’
    rp.cartoons : panel.launch: no visible binding for global variable
     ‘gullweight’
    rp.cartoons : panel.launch: no visible binding for global variable
     ‘river’
    rp.cartoons : panel.launch: no visible binding for global variable
     ‘luthor’
    rp.cartoons : panel.launch: no visible binding for global variable
     ‘aircond’
    rp.cartoons : panel.launch: no visible global function definition for
     ‘sm.density’
    rp.cartoons : panel.launch: no visible binding for global variable
     ‘tephra’
    rp.cartoons : panel.launch: no visible binding for global variable
     ‘airpc’
    rp.cartoons : panel.launch: no visible binding for global variable
     ‘trawl’
    rp.cartoons : panel.launch: no visible binding for global variable
     ‘Clyde’
    rp.cartoons : panel.launch: no visible binding for global variable
     ‘SO2’
    rp.control.resize: no visible binding for global variable
     ‘tkwm.geometry’
    rp.firth : firth.predict: no visible global function definition for
     ‘as.geodata’
    rp.firth : firth.predict: no visible global function definition for
     ‘variog’
    rp.firth : firth.predict: no visible global function definition for
     ‘output.control’
    rp.firth : firth.predict: no visible global function definition for
     ‘likfit’
    rp.firth : firth.predict: no visible global function definition for
     ‘krige.control’
    rp.firth : firth.predict: no visible global function definition for
     ‘krige.conv’
    rp.firth : firth.predict: no visible global function definition for
     ‘variofit’
    rp.firth : firth.samp: no visible global function definition for ‘grf’
    rp.firth: no visible global function definition for ‘GaussRF’
    rp.geosim : field.new: no visible global function definition for ‘grf’
    rp.geosim : graphics.update: no visible global function definition for
     ‘rgl.set’
    rp.geosim : graphics.update: no visible global function definition for
     ‘rgl.ids’
    rp.geosim : graphics.update: no visible global function definition for
     ‘pop3d’
    rp.geosim : graphics.update: no visible global function definition for
     ‘points3d’
    rp.geosim : graphics.update: no visible global function definition for
     ‘rgl.surface’
    rp.geosim : graphics.update: no visible global function definition for
     ‘bg3d’
    rp.geosim : graphics.update: no visible global function definition for
     ‘rgl.cur’
    rp.geosim : graphics.update: no visible global function definition for
     ‘rgl.close’
    rp.likelihood : rp.loglik2 : loglik2.plot.add: no visible global
     function definition for ‘pop3d’
    rp.likelihood : rp.loglik2: no visible global function definition for
     ‘open3d’
    rp.likelihood : rp.loglik2: no visible global function definition for
     ‘bg3d’
    rp.messagebox: no visible global function definition for ‘tcl’
    rp.mururoa : mururoa.predict: no visible global function definition for
     ‘as.geodata’
    rp.mururoa : mururoa.predict: no visible global function definition for
     ‘variog’
    rp.mururoa : mururoa.predict: no visible global function definition for
     ‘variofit’
    rp.mururoa : mururoa.predict: no visible global function definition for
     ‘krige.control’
    rp.mururoa : mururoa.predict: no visible global function definition for
     ‘output.control’
    rp.mururoa : mururoa.predict: no visible global function definition for
     ‘krige.conv’
    rp.mururoa : mururoa.samp: no visible global function definition for
     ‘grf’
    rp.mururoa: no visible global function definition for ‘GaussRF’
    rp.plot3d: no visible global function definition for ‘open3d’
    rp.plot3d: no visible global function definition for ‘bg3d’
    rp.plot3d: no visible global function definition for ‘rgl.clear’
    rp.plot3d: no visible global function definition for ‘rgl.viewpoint’
    rp.plot3d: no visible global function definition for ‘rgl.lines’
    rp.plot3d: no visible global function definition for ‘rgl.texts’
    rp.plot3d: no visible global function definition for ‘rgl.points’
    rp.screenresolution: no visible binding for global variable ‘tclvalue’
    rp.screenresolution: no visible binding for global variable
     ‘tkwm.maxsize’
    rp.timer : dothis: no visible binding for global variable ‘tcl’
    rp.timer: no visible binding for global variable ‘tcl’
    rp.tkrreplot: no visible binding for global variable ‘tkrreplot’
    rp.widget.dispose: no visible binding for global variable ‘tkdestroy’
    w.button: no visible binding for global variable ‘tkbutton’
    w.checkbox : f: no visible binding for global variable ‘tclvalue’
    w.checkbox: no visible binding for global variable ‘tclVar’
    w.checkbox: no visible binding for global variable ‘.Tcl’
    w.checkbox: no visible binding for global variable ‘tkcheckbutton’
    w.clearlines: no visible binding for global variable ‘tkdelete’
    w.combo : f: no visible binding for global variable ‘tcl’
    w.combo: no visible binding for global variable ‘tclRequire’
    w.combo : maxlen: no visible binding for global variable ‘.Tcl’
    w.combo: no visible binding for global variable ‘.Tcl’
    w.combo: no visible binding for global variable ‘tkwidget’
    w.combo: no visible global function definition for ‘tclVar’
    w.createcontainer: no visible binding for global variable ‘tkwidget’
    w.createcontainer: no visible binding for global variable ‘tkframe’
    w.createcontainer: no visible binding for global variable ‘tkpack’
    w.createcontainer: no visible binding for global variable ‘tkplace’
    w.createcontainer: no visible binding for global variable ‘tkgrid’
    w.createcontainer: no visible binding for global variable
     ‘tkgrid.rowconfigure’
    w.createcontainer: no visible binding for global variable
     ‘tkgrid.columnconfigure’
    w.deleteline: no visible binding for global variable ‘tkdelete’
    w.deletelinebyid: no visible binding for global variable ‘tkdelete’
    w.image: no visible binding for global variable ‘tkimage.create’
    w.image: no visible binding for global variable ‘tkcanvas’
    w.image: no visible binding for global variable ‘tcl’
    w.image: no visible binding for global variable ‘tkcreate’
    w.image: no visible binding for global variable ‘tkbind’
    w.layout: no visible binding for global variable ‘tkgrid’
    w.layout: no visible binding for global variable ‘tkgrid.rowconfigure’
    w.layout: no visible binding for global variable
     ‘tkgrid.columnconfigure’
    w.line: no visible binding for global variable ‘tkcreate’
    w.line: no visible binding for global variable ‘tkaddtag’
    w.listbox: no visible binding for global variable ‘tklistbox’
    w.listbox : <anonymous>: no visible binding for global variable ‘tkset’
    w.listbox: no visible binding for global variable ‘tkscrollbar’
    w.listbox : <anonymous>: no visible binding for global variable
     ‘tkyview’
    w.listbox: no visible binding for global variable ‘tkinsert’
    w.listbox: no visible binding for global variable ‘tkselection.set’
    w.listbox : f: no visible binding for global variable ‘tkcurselection’
    w.listbox: no visible binding for global variable ‘tkbind’
    w.menu: no visible binding for global variable ‘tkmenu’
    w.menu: no visible binding for global variable ‘tkconfigure’
    w.menu: no visible binding for global variable ‘tkadd’
    w.notebook: no visible binding for global variable ‘.Tcl’
    w.notebook: no visible binding for global variable ‘tkwidget’
    w.notebook: no visible binding for global variable ‘tkconfigure’
    w.notebook.add: no visible binding for global variable ‘tkinsert’
    w.notebook.add: no visible binding for global variable ‘.Tk.newwin’
    w.notebook.add: no visible binding for global variable ‘tkframe’
    w.notebook.add: no visible binding for global variable ‘tkgrid’
    w.notebook.raise: no visible binding for global variable ‘tcl’
    w.radiogroup: no visible binding for global variable ‘tclVar’
    w.radiogroup : f: no visible binding for global variable ‘tclvalue’
    w.radiogroup: no visible binding for global variable ‘.Tcl’
    w.radiogroup: no visible binding for global variable ‘tkradiobutton’
    w.radiogroup: no visible binding for global variable ‘tkconfigure’
    w.setbackground: no visible binding for global variable ‘tkconfigure’
    w.setfont: no visible binding for global variable ‘tkconfigure’
    w.setforeground: no visible binding for global variable ‘tkconfigure’
    w.slider : f: no visible binding for global variable ‘tclvalue’
    w.slider: no visible binding for global variable ‘tclVar’
    w.slider: no visible binding for global variable ‘.Tcl’
    w.slider: no visible binding for global variable ‘tkscale’
    w.slider: no visible binding for global variable ‘tkbind’
    w.slider.change: no visible global function definition for ‘tclvalue<-’
    w.text: no visible binding for global variable ‘tclVar’
    w.text: no visible binding for global variable ‘tklabel’
    w.text: no visible binding for global variable ‘tclvalue’
    w.text: no visible binding for global variable ‘tkconfigure’
    w.text: no visible binding for global variable ‘tkbind’
    w.text.change: no visible global function definition for ‘tclvalue<-’
    w.textentry : f: no visible binding for global variable ‘tclvalue’
    w.textentry: no visible binding for global variable ‘tclVar’
    w.textentry: no visible binding for global variable ‘.Tcl’
    w.textentry: no visible binding for global variable ‘tkentry’
    w.textentry: no visible binding for global variable ‘tkbind’
    w.timer: no visible binding for global variable ‘tcl’
    w.tkrplot: no visible binding for global variable ‘tkrplot’
    w.tkrplot: no visible binding for global variable ‘tkbind’
    w.tkrplot: no visible binding for global variable ‘tkconfigure’
    w.tkrreplot: no visible binding for global variable ‘tkrreplot’
    w.window: no visible binding for global variable ‘tktoplevel’
    w.window: no visible binding for global variable ‘tkwm.geometry’
    w.window: no visible binding for global variable ‘tkwm.title’
    w.window.dispose: no visible global function definition for ‘tkdestroy’
    w.window.focus: no visible binding for global variable ‘tkfocus’
    w.window.settitle: no visible binding for global variable ‘tkwm.title’
Flavors: r-devel-osx-x86_64-clang, r-patched-linux-x86_64, r-patched-solaris-sparc, r-patched-solaris-x86, r-release-linux-x86_64, r-release-osx-x86_64-mavericks, r-release-windows-ix86+x86_64, r-oldrel-windows-ix86+x86_64