CRAN Package Check Results for Package rpanel

Last updated on 2018-06-19 09:48:07 CEST.

Flavor Version Tinstall Tcheck Ttotal Status Flags
r-devel-linux-x86_64-debian-clang 1.1-4 10.83 51.67 62.50 OK
r-devel-linux-x86_64-debian-gcc 1.1-4 8.69 42.80 51.49 OK
r-devel-linux-x86_64-fedora-clang 1.1-4 77.67 OK
r-devel-linux-x86_64-fedora-gcc 1.1-4 73.21 OK
r-devel-windows-ix86+x86_64 1.1-4 19.00 59.00 78.00 OK
r-patched-linux-x86_64 1.1-4 11.88 53.53 65.41 OK
r-patched-solaris-x86 1.1-4 101.30 OK
r-release-linux-x86_64 1.1-4 11.94 53.06 65.00 OK
r-release-windows-ix86+x86_64 1.1-4 13.00 75.00 88.00 OK
r-release-osx-x86_64 1.1-4 ERROR
r-oldrel-windows-ix86+x86_64 1.1-4 6.00 74.00 80.00 OK
r-oldrel-osx-x86_64 1.1-4 ERROR

Check Details

Version: 1.1-4
Check: whether package can be installed
Result: ERROR
    Installation failed.
Flavors: r-release-osx-x86_64, r-oldrel-osx-x86_64