CRAN Package Check Results for Package rpanel

Last updated on 2014-04-24 07:52:36.

Flavor Version Tinstall Tcheck Ttotal Status Flags
r-devel-linux-x86_64-debian-clang 1.1-3 1.85 34.62 36.48 OK
r-devel-linux-x86_64-debian-gcc 1.1-3 1.67 33.92 35.59 OK
r-devel-linux-x86_64-fedora-clang 1.1-3 66.44 OK
r-devel-linux-x86_64-fedora-gcc 1.1-3 61.60 OK
r-devel-osx-x86_64-clang 1.1-3 65.60 OK
r-devel-osx-x86_64-gcc 1.1-3 NOTE
r-devel-windows-ix86+x86_64 1.1-3 5.00 44.00 49.00 OK
r-patched-linux-x86_64 1.1-3 1.70 34.00 35.70 OK
r-patched-solaris-sparc 1.1-3 410.10 OK
r-patched-solaris-x86 1.1-3 80.60 OK
r-release-linux-ix86 1.1-3 2.00 59.00 61.00 OK
r-release-linux-x86_64 1.1-3 1.83 34.46 36.29 OK
r-release-osx-x86_64-mavericks 1.1-3 WARN
r-release-osx-x86_64-snowleopard 1.1-3 OK
r-release-windows-ix86+x86_64 1.1-3 5.00 46.00 51.00 OK
r-oldrel-windows-ix86+x86_64 1.1-3 5.00 47.00 52.00 OK

Check Details

Version: 1.1-3
Check: package dependencies
Result: NOTE
    Packages suggested but not available for checking:
     ‘sp’ ‘geoR’ ‘RandomFields’ ‘sm’
Flavor: r-devel-osx-x86_64-gcc

Version: 1.1-3
Check: R code for possible problems
Result: NOTE
    rp.cartoons : panel.launch: no visible global function definition for
     ‘sm.density’
    rp.cartoons : panel.launch: no visible binding for global variable
     ‘tephra’
    rp.cartoons : panel.launch: no visible binding for global variable
     ‘airpc’
    rp.cartoons : panel.launch: no visible binding for global variable
     ‘trawl’
    rp.firth : firth.predict: no visible global function definition for
     ‘as.geodata’
    rp.firth : firth.predict: no visible global function definition for
     ‘variog’
    rp.firth : firth.predict: no visible global function definition for
     ‘output.control’
    rp.firth : firth.predict: no visible global function definition for
     ‘likfit’
    rp.firth : firth.predict: no visible global function definition for
     ‘krige.control’
    rp.firth : firth.predict: no visible global function definition for
     ‘krige.conv’
    rp.firth : firth.predict: no visible global function definition for
     ‘variofit’
    rp.firth : firth.samp: no visible global function definition for ‘grf’
    rp.firth: no visible global function definition for ‘GaussRF’
    rp.geosim : field.new: no visible global function definition for ‘grf’
    rp.mururoa : mururoa.predict: no visible global function definition for
     ‘as.geodata’
    rp.mururoa : mururoa.predict: no visible global function definition for
     ‘variog’
    rp.mururoa : mururoa.predict: no visible global function definition for
     ‘variofit’
    rp.mururoa : mururoa.predict: no visible global function definition for
     ‘krige.control’
    rp.mururoa : mururoa.predict: no visible global function definition for
     ‘output.control’
    rp.mururoa : mururoa.predict: no visible global function definition for
     ‘krige.conv’
    rp.mururoa : mururoa.samp: no visible global function definition for
     ‘grf’
    rp.mururoa: no visible global function definition for ‘GaussRF’
Flavor: r-devel-osx-x86_64-gcc

Version: 1.1-3
Check: package dependencies
Result: NOTE
    Package suggested but not available for checking: ‘geoR’
Flavor: r-release-osx-x86_64-mavericks

Version: 1.1-3
Check: R code for possible problems
Result: NOTE
    rp.firth : firth.predict: no visible global function definition for
     ‘as.geodata’
    rp.firth : firth.predict: no visible global function definition for
     ‘variog’
    rp.firth : firth.predict: no visible global function definition for
     ‘output.control’
    rp.firth : firth.predict: no visible global function definition for
     ‘likfit’
    rp.firth : firth.predict: no visible global function definition for
     ‘krige.control’
    rp.firth : firth.predict: no visible global function definition for
     ‘krige.conv’
    rp.firth : firth.predict: no visible global function definition for
     ‘variofit’
    rp.firth : firth.samp: no visible global function definition for ‘grf’
    rp.geosim : field.new: no visible global function definition for ‘grf’
    rp.mururoa : mururoa.predict: no visible global function definition for
     ‘as.geodata’
    rp.mururoa : mururoa.predict: no visible global function definition for
     ‘variog’
    rp.mururoa : mururoa.predict: no visible global function definition for
     ‘variofit’
    rp.mururoa : mururoa.predict: no visible global function definition for
     ‘krige.control’
    rp.mururoa : mururoa.predict: no visible global function definition for
     ‘output.control’
    rp.mururoa : mururoa.predict: no visible global function definition for
     ‘krige.conv’
    rp.mururoa : mururoa.samp: no visible global function definition for
     ‘grf’
Flavor: r-release-osx-x86_64-mavericks

Version: 1.1-3
Check: PDF version of manual
Result: WARNING
    LaTeX errors when creating PDF version.
    This typically indicates Rd problems.
    LaTeX errors found:
    ! LaTeX Error: File `upquote.sty' not found.
    
    Type X to quit or <RETURN> to proceed,
    or enter new name. (Default extension: sty)
    
    766f33c/Rd2.tex:8: ==> Fatal error occurred, no output PDF file produced!
Flavor: r-release-osx-x86_64-mavericks