CRAN Package Check Results for Package rpart.LAD

Last updated on 2022-10-02 21:53:52 CEST.

Flavor Version Tinstall Tcheck Ttotal Status Flags
r-devel-linux-x86_64-debian-clang 0.1.2 25.13 30.96 56.09 NOTE
r-devel-linux-x86_64-debian-gcc 0.1.2 17.37 23.78 41.15 NOTE
r-devel-linux-x86_64-fedora-clang 0.1.2 70.29 NOTE
r-devel-linux-x86_64-fedora-gcc 0.1.2 79.59 NOTE
r-devel-windows-x86_64 0.1.2 30.00 81.00 111.00 NOTE
r-patched-linux-x86_64 0.1.2 21.35 28.66 50.01 NOTE
r-release-linux-x86_64 0.1.2 18.92 29.04 47.96 NOTE
r-release-macos-arm64 0.1.2 22.00 NOTE
r-release-macos-x86_64 0.1.2 32.00 NOTE
r-release-windows-x86_64 0.1.2 29.00 76.00 105.00 NOTE
r-oldrel-macos-arm64 0.1.2 25.00 NOTE
r-oldrel-macos-x86_64 0.1.2 45.00 NOTE
r-oldrel-windows-ix86+x86_64 0.1.2 64.00 77.00 141.00 NOTE

Check Details

Version: 0.1.2
Check: LazyData
Result: NOTE
     'LazyData' is specified without a 'data' directory
Flavors: r-devel-linux-x86_64-debian-clang, r-devel-linux-x86_64-debian-gcc, r-devel-linux-x86_64-fedora-clang, r-devel-linux-x86_64-fedora-gcc, r-devel-windows-x86_64, r-patched-linux-x86_64, r-release-linux-x86_64, r-release-macos-arm64, r-release-macos-x86_64, r-release-windows-x86_64, r-oldrel-macos-arm64, r-oldrel-macos-x86_64, r-oldrel-windows-ix86+x86_64