CRAN Package Check Results for Package rpart

Last updated on 2017-03-24 23:56:08.

Flavor Version Tinstall Tcheck Ttotal Status Flags
r-devel-linux-x86_64-debian-clang 4.1-11 19.31 34.74 54.05 NOTE
r-devel-linux-x86_64-debian-gcc 4.1-11 14.29 35.05 49.34 NOTE
r-devel-linux-x86_64-fedora-clang 4.1-11 81.90 NOTE --no-stop-on-test-error
r-devel-linux-x86_64-fedora-gcc 4.1-11 77.50 NOTE --no-stop-on-test-error
r-devel-macos-x86_64-clang 4.1-11 62.48 OK --no-stop-on-test-error
r-devel-windows-ix86+x86_64 4.1-10 45.00 120.00 165.00 OK
r-patched-linux-x86_64 4.1-10 11.64 32.08 43.71 NOTE
r-patched-solaris-sparc 4.1-11 OK
r-patched-solaris-x86 4.1-11 OK
r-release-linux-x86_64 4.1-10 7.78 32.28 40.06 NOTE
r-release-osx-x86_64-mavericks 4.1-10 OK
r-release-windows-ix86+x86_64 4.1-10 62.00 118.00 180.00 OK
r-oldrel-windows-ix86+x86_64 4.1-10 42.00 109.00 151.00 OK

Check Details

Version: 4.1-11
Check: top-level files
Result: NOTE
    Non-standard file/directory found at top level:
     ‘Changelog.TMT’
Flavors: r-devel-linux-x86_64-debian-clang, r-devel-linux-x86_64-debian-gcc

Version: 4.1-11
Flags: --no-stop-on-test-error
Check: top-level files
Result: NOTE
    Non-standard file/directory found at top level:
     ‘Changelog.TMT’
Flavors: r-devel-linux-x86_64-fedora-clang, r-devel-linux-x86_64-fedora-gcc

Version: 4.1-10
Check: top-level files
Result: NOTE
    Non-standard file/directory found at top level:
     ‘Changelog.TMT’
Flavors: r-patched-linux-x86_64, r-release-linux-x86_64