CRAN Package Check Results for Package rpart

Last updated on 2014-08-23 03:48:14.

Flavor Version Tinstall Tcheck Ttotal Status Flags
r-devel-linux-x86_64-debian-clang 4.1-8 7.53 24.27 31.80 OK
r-devel-linux-x86_64-debian-gcc 4.1-8 12.06 23.86 35.93 OK
r-devel-linux-x86_64-fedora-clang 4.1-8 65.86 NOTE
r-devel-linux-x86_64-fedora-gcc 4.1-8 62.80 NOTE
r-devel-osx-x86_64-clang 4.1-8 59.29 OK
r-patched-linux-x86_64 4.1-8 12.69 24.17 36.86 OK
r-patched-solaris-sparc 4.1-8 OK
r-patched-solaris-x86 4.1-8 OK
r-release-linux-ix86 4.1-8 7.55 38.84 46.39 OK
r-release-linux-x86_64 4.1-8 13.56 24.53 38.09 OK
r-release-osx-x86_64-mavericks 4.1-8 OK
r-release-osx-x86_64-snowleopard 4.1-8 OK
r-release-windows-ix86+x86_64 4.1-8 50.00 70.00 120.00 OK
r-oldrel-windows-ix86+x86_64 4.1-8 32.00 61.00 93.00 OK

Check Details

Version: 4.1-8
Check: top-level files
Result: NOTE
    Non-standard file/directory found at top level:
     ‘Changelog.TMT’
Flavors: r-devel-linux-x86_64-fedora-clang, r-devel-linux-x86_64-fedora-gcc