CRAN Package Check Results for Package rpart

Last updated on 2017-01-19 19:50:24.

Flavor Version Tinstall Tcheck Ttotal Status Flags
r-devel-linux-x86_64-debian-clang 4.1-10 6.75 35.27 42.03 NOTE
r-devel-linux-x86_64-debian-gcc 4.1-10 6.31 34.02 40.33 NOTE
r-devel-linux-x86_64-fedora-clang 4.1-10 80.12 NOTE --no-stop-on-test-error
r-devel-linux-x86_64-fedora-gcc 4.1-10 76.22 NOTE --no-stop-on-test-error
r-devel-macos-x86_64-clang 4.1-10 63.65 OK --no-stop-on-test-error
r-devel-windows-ix86+x86_64 4.1-10 53.00 83.00 136.00 OK
r-patched-linux-x86_64 4.1-10 7.55 31.91 39.46 NOTE
r-patched-solaris-sparc 4.1-10 OK
r-patched-solaris-x86 4.1-10 OK
r-release-linux-x86_64 4.1-10 19.99 32.17 52.15 NOTE
r-release-osx-x86_64-mavericks 4.1-10 OK
r-release-windows-ix86+x86_64 4.1-10 32.00 98.00 130.00 OK
r-oldrel-windows-ix86+x86_64 4.1-10 41.00 107.00 148.00 OK

Check Details

Version: 4.1-10
Check: top-level files
Result: NOTE
    Non-standard file/directory found at top level:
     ‘Changelog.TMT’
Flavors: r-devel-linux-x86_64-debian-clang, r-devel-linux-x86_64-debian-gcc, r-patched-linux-x86_64, r-release-linux-x86_64

Version: 4.1-10
Flags: --no-stop-on-test-error
Check: top-level files
Result: NOTE
    Non-standard file/directory found at top level:
     ‘Changelog.TMT’
Flavors: r-devel-linux-x86_64-fedora-clang, r-devel-linux-x86_64-fedora-gcc