CRAN Package Check Results for Package rpart

Last updated on 2014-07-31 19:48:16.

Flavor Version Tinstall Tcheck Ttotal Status Flags
r-devel-linux-x86_64-debian-clang 4.1-8 6.24 24.17 30.42 OK
r-devel-linux-x86_64-debian-gcc 4.1-8 12.41 24.69 37.10 OK
r-devel-linux-x86_64-fedora-clang 4.1-8 67.48 NOTE
r-devel-linux-x86_64-fedora-gcc 4.1-8 65.30 NOTE
r-devel-osx-x86_64-clang 4.1-8 61.66 OK
r-patched-linux-x86_64 4.1-8 12.15 24.28 36.42 OK
r-patched-solaris-sparc 4.1-8 OK
r-patched-solaris-x86 4.1-8 OK
r-release-linux-ix86 4.1-8 7.60 35.88 43.48 OK
r-release-linux-x86_64 4.1-8 6.60 25.24 31.84 OK
r-release-osx-x86_64-mavericks 4.1-8 OK
r-release-osx-x86_64-snowleopard 4.1-8 OK
r-release-windows-ix86+x86_64 4.1-8 50.00 70.00 120.00 OK
r-oldrel-windows-ix86+x86_64 4.1-8 32.00 61.00 93.00 OK

Check Details

Version: 4.1-8
Check: top-level files
Result: NOTE
    Non-standard file/directory found at top level:
     Changelog.TMT
Flavors: r-devel-linux-x86_64-fedora-clang, r-devel-linux-x86_64-fedora-gcc