CRAN Package Check Results for Package rpart

Last updated on 2016-07-26 07:47:20.

Flavor Version Tinstall Tcheck Ttotal Status Flags
r-devel-linux-x86_64-debian-clang 4.1-10 6.50 37.86 44.36 NOTE
r-devel-linux-x86_64-debian-gcc 4.1-10 10.82 38.24 49.06 NOTE
r-devel-linux-x86_64-fedora-clang 4.1-10 73.14 NOTE
r-devel-linux-x86_64-fedora-gcc 4.1-10 64.87 NOTE
r-devel-osx-x86_64-clang 4.1-10 56.87 OK
r-devel-windows-ix86+x86_64 4.1-10 52.00 102.00 154.00 OK
r-patched-linux-x86_64 4.1-10 6.42 40.31 46.73 NOTE
r-patched-solaris-sparc 4.1-10 OK
r-patched-solaris-x86 4.1-10 OK
r-release-linux-x86_64 4.1-10 9.42 40.11 49.53 NOTE
r-release-osx-x86_64-mavericks 4.1-10 OK
r-release-windows-ix86+x86_64 4.1-10 48.00 107.00 155.00 OK
r-oldrel-windows-ix86+x86_64 4.1-10 62.00 115.00 177.00 OK

Check Details

Version: 4.1-10
Check: top-level files
Result: NOTE
    Non-standard file/directory found at top level:
     ‘Changelog.TMT’
Flavors: r-devel-linux-x86_64-debian-clang, r-devel-linux-x86_64-debian-gcc, r-devel-linux-x86_64-fedora-clang, r-devel-linux-x86_64-fedora-gcc, r-patched-linux-x86_64, r-release-linux-x86_64