CRAN Package Check Results for Package rpart

Last updated on 2016-12-11 06:57:43.

Flavor Version Tinstall Tcheck Ttotal Status Flags
r-devel-linux-x86_64-debian-clang 4.1-10 8.63 35.23 43.86 NOTE
r-devel-linux-x86_64-debian-gcc 4.1-10 6.56 35.04 41.60 NOTE
r-devel-linux-x86_64-fedora-clang 4.1-10 81.85 NOTE --no-stop-on-test-error
r-devel-linux-x86_64-fedora-gcc 4.1-10 76.99 NOTE --no-stop-on-test-error
r-devel-macos-x86_64-clang 4.1-10 63.11 OK --no-stop-on-test-error
r-devel-windows-ix86+x86_64 4.1-10 32.00 106.00 138.00 OK
r-patched-linux-x86_64 4.1-10 17.88 31.59 49.47 NOTE
r-patched-solaris-sparc 4.1-10 OK
r-patched-solaris-x86 4.1-10 OK
r-release-linux-x86_64 4.1-10 7.37 31.47 38.84 NOTE
r-release-osx-x86_64-mavericks 4.1-10 OK
r-release-windows-ix86+x86_64 4.1-10 45.00 75.00 120.00 OK
r-oldrel-windows-ix86+x86_64 4.1-10 57.00 84.00 141.00 OK

Check Details

Version: 4.1-10
Check: top-level files
Result: NOTE
    Non-standard file/directory found at top level:
     ‘Changelog.TMT’
Flavors: r-devel-linux-x86_64-debian-clang, r-devel-linux-x86_64-debian-gcc, r-patched-linux-x86_64, r-release-linux-x86_64

Version: 4.1-10
Flags: --no-stop-on-test-error
Check: top-level files
Result: NOTE
    Non-standard file/directory found at top level:
     ‘Changelog.TMT’
Flavors: r-devel-linux-x86_64-fedora-clang, r-devel-linux-x86_64-fedora-gcc