CRAN Package Check Results for Package rpart

Last updated on 2015-03-04 15:47:04.

Flavor Version Tinstall Tcheck Ttotal Status Flags
r-devel-linux-x86_64-debian-clang 4.1-9 5.16 26.93 32.09 NOTE
r-devel-linux-x86_64-debian-gcc 4.1-9 9.35 26.47 35.82 NOTE
r-devel-linux-x86_64-fedora-clang 4.1-9 61.14 NOTE
r-devel-linux-x86_64-fedora-gcc 4.1-9 57.76 NOTE
r-devel-osx-x86_64-clang 4.1-9 63.55 OK
r-patched-linux-x86_64 4.1-9 5.73 27.56 33.29 NOTE
r-patched-solaris-sparc 4.1-9 OK
r-patched-solaris-x86 4.1-9 OK
r-release-linux-ix86 4.1-9 7.21 48.09 55.30 NOTE
r-release-linux-x86_64 4.1-9 8.99 26.87 35.86 NOTE
r-release-osx-x86_64-mavericks 4.1-9 OK
r-release-osx-x86_64-snowleopard 4.1-9 OK
r-release-windows-ix86+x86_64 4.1-9 40.00 64.00 104.00 OK
r-oldrel-windows-ix86+x86_64 4.1-9 47.00 87.00 134.00 OK

Check Details

Version: 4.1-9
Check: top-level files
Result: NOTE
    Non-standard file/directory found at top level:
     ‘Changelog.TMT’
Flavors: r-devel-linux-x86_64-debian-clang, r-devel-linux-x86_64-debian-gcc, r-devel-linux-x86_64-fedora-clang, r-devel-linux-x86_64-fedora-gcc, r-patched-linux-x86_64, r-release-linux-ix86, r-release-linux-x86_64