CRAN Package Check Results for Package rpart

Last updated on 2016-09-26 23:48:26.

Flavor Version Tinstall Tcheck Ttotal Status Flags
r-devel-linux-x86_64-debian-clang 4.1-10 10.53 31.66 42.19 NOTE
r-devel-linux-x86_64-debian-gcc 4.1-10 6.59 32.82 39.41 NOTE
r-devel-linux-x86_64-fedora-clang 4.1-10 72.91 NOTE
r-devel-linux-x86_64-fedora-gcc 4.1-10 67.51 NOTE
r-devel-macos-x86_64-clang 4.1-10 56.05 OK
r-devel-windows-ix86+x86_64 4.1-10 74.00 95.00 169.00 OK
r-patched-linux-x86_64 4.1-10 9.59 31.42 41.02 NOTE
r-patched-solaris-sparc 4.1-10 OK
r-patched-solaris-x86 4.1-10 OK
r-release-linux-x86_64 4.1-10 5.93 32.59 38.51 NOTE
r-release-osx-x86_64-mavericks 4.1-10 OK
r-release-windows-ix86+x86_64 4.1-10 51.00 105.00 156.00 OK
r-oldrel-windows-ix86+x86_64 4.1-10 97.00 108.00 205.00 OK

Check Details

Version: 4.1-10
Check: top-level files
Result: NOTE
    Non-standard file/directory found at top level:
     ‘Changelog.TMT’
Flavors: r-devel-linux-x86_64-debian-clang, r-devel-linux-x86_64-debian-gcc, r-devel-linux-x86_64-fedora-clang, r-devel-linux-x86_64-fedora-gcc, r-patched-linux-x86_64, r-release-linux-x86_64