CRAN Package Check Results for Package rpart

Last updated on 2014-09-16 03:48:54.

Flavor Version Tinstall Tcheck Ttotal Status Flags
r-devel-linux-x86_64-debian-clang 4.1-8 7.70 26.29 33.99 NOTE
r-devel-linux-x86_64-debian-gcc 4.1-8 11.38 25.85 37.23 NOTE
r-devel-linux-x86_64-fedora-clang 4.1-8 65.32 NOTE
r-devel-linux-x86_64-fedora-gcc 4.1-8 63.72 NOTE
r-devel-osx-x86_64-clang 4.1-8 59.38 OK
r-patched-linux-x86_64 4.1-8 8.66 24.18 32.84 OK
r-patched-solaris-sparc 4.1-8 OK
r-patched-solaris-x86 4.1-8 OK
r-release-linux-ix86 4.1-8 7.77 36.81 44.58 OK
r-release-linux-x86_64 4.1-8 10.98 27.62 38.61 NOTE
r-release-osx-x86_64-mavericks 4.1-8 OK
r-release-osx-x86_64-snowleopard 4.1-8 OK
r-release-windows-ix86+x86_64 4.1-8 50.00 70.00 120.00 OK
r-oldrel-windows-ix86+x86_64 4.1-8 32.00 61.00 93.00 OK

Check Details

Version: 4.1-8
Check: top-level files
Result: NOTE
    Non-standard file/directory found at top level:
     ‘Changelog.TMT’
Flavors: r-devel-linux-x86_64-debian-clang, r-devel-linux-x86_64-debian-gcc, r-devel-linux-x86_64-fedora-clang, r-devel-linux-x86_64-fedora-gcc, r-release-linux-x86_64