CRAN Package Check Results for Package rpart

Last updated on 2015-04-25 10:48:25.

Flavor Version Tinstall Tcheck Ttotal Status Flags
r-devel-linux-x86_64-debian-clang 4.1-9 7.15 26.29 33.44 NOTE
r-devel-linux-x86_64-debian-gcc 4.1-9 12.79 26.05 38.84 NOTE
r-devel-linux-x86_64-fedora-clang 4.1-9 60.76 NOTE
r-devel-linux-x86_64-fedora-gcc 4.1-9 57.60 NOTE
r-devel-osx-x86_64-clang 4.1-9 63.07 OK
r-patched-linux-x86_64 4.1-9 10.69 25.73 36.42 NOTE
r-patched-solaris-sparc 4.1-9 OK
r-patched-solaris-x86 4.1-9 OK
r-release-linux-x86_64 4.1-9 7.42 25.75 33.17 NOTE
r-release-osx-x86_64-mavericks 4.1-9 OK
r-release-osx-x86_64-snowleopard 4.1-9 OK
r-release-windows-ix86+x86_64 4.1-9 30.00 58.00 88.00 OK
r-oldrel-windows-ix86+x86_64 4.1-9 57.00 59.00 116.00 OK

Check Details

Version: 4.1-9
Check: top-level files
Result: NOTE
    Non-standard file/directory found at top level:
     ‘Changelog.TMT’
Flavor: r-patched-linux-x86_64