CRAN Package Check Results for Package rpart

Last updated on 2015-01-26 03:52:35.

Flavor Version Tinstall Tcheck Ttotal Status Flags
r-devel-linux-x86_64-debian-clang 4.1-8 6.23 26.42 32.65 NOTE
r-devel-linux-x86_64-debian-gcc 4.1-8 8.40 26.69 35.10 NOTE
r-devel-linux-x86_64-fedora-clang 4.1-8 66.06 NOTE
r-devel-linux-x86_64-fedora-gcc 4.1-8 62.23 NOTE
r-devel-osx-x86_64-clang 4.1-8 66.11 OK
r-patched-linux-x86_64 4.1-8 10.78 28.34 39.12 NOTE
r-patched-solaris-sparc 4.1-8 OK
r-patched-solaris-x86 4.1-8 OK
r-release-linux-ix86 4.1-8 7.24 35.97 43.21 OK
r-release-linux-x86_64 4.1-8 15.35 27.61 42.96 NOTE
r-release-osx-x86_64-mavericks 4.1-8 OK
r-release-osx-x86_64-snowleopard 4.1-8 OK
r-release-windows-ix86+x86_64 4.1-8 43.00 70.00 113.00 OK
r-oldrel-windows-ix86+x86_64 4.1-8 32.00 61.00 93.00 OK

Check Details

Version: 4.1-8
Check: top-level files
Result: NOTE
    Non-standard file/directory found at top level:
     ‘Changelog.TMT’
Flavors: r-devel-linux-x86_64-debian-clang, r-devel-linux-x86_64-debian-gcc, r-devel-linux-x86_64-fedora-clang, r-devel-linux-x86_64-fedora-gcc, r-patched-linux-x86_64, r-release-linux-x86_64