CRAN Package Check Results for Package rpart

Last updated on 2015-05-27 11:49:33.

Flavor Version Tinstall Tcheck Ttotal Status Flags
r-devel-linux-x86_64-debian-clang 4.1-9 5.49 26.57 32.06 NOTE
r-devel-linux-x86_64-debian-gcc 4.1-9 13.78 26.11 39.88 NOTE
r-devel-linux-x86_64-fedora-clang 4.1-9 61.14 NOTE
r-devel-linux-x86_64-fedora-gcc 4.1-9 58.82 NOTE
r-devel-osx-x86_64-clang 4.1-9 63.41 OK
r-patched-linux-x86_64 4.1-9 14.78 25.88 40.66 NOTE
r-patched-solaris-sparc 4.1-9 OK
r-patched-solaris-x86 4.1-9 OK
r-release-linux-x86_64 4.1-9 5.39 26.05 31.44 NOTE
r-release-osx-x86_64-mavericks 4.1-9 OK
r-release-osx-x86_64-snowleopard 4.1-9 OK
r-release-windows-ix86+x86_64 4.1-9 30.00 58.00 88.00 OK
r-oldrel-windows-ix86+x86_64 4.1-9 57.00 59.00 116.00 OK

Check Details

Version: 4.1-9
Check: top-level files
Result: NOTE
    Non-standard file/directory found at top level:
     ‘Changelog.TMT’
Flavors: r-devel-linux-x86_64-debian-clang, r-devel-linux-x86_64-debian-gcc, r-devel-linux-x86_64-fedora-clang, r-devel-linux-x86_64-fedora-gcc, r-patched-linux-x86_64, r-release-linux-x86_64