CRAN Package Check Results for Package rpart

Last updated on 2014-12-22 14:48:51.

Flavor Version Tinstall Tcheck Ttotal Status Flags
r-devel-linux-x86_64-debian-clang 4.1-8 6.05 27.44 33.50 NOTE
r-devel-linux-x86_64-debian-gcc 4.1-8 11.73 26.72 38.46 NOTE
r-devel-linux-x86_64-fedora-clang 4.1-8 64.84 NOTE
r-devel-linux-x86_64-fedora-gcc 4.1-8 62.05 NOTE
r-devel-osx-x86_64-clang 4.1-8 64.63 OK
r-patched-linux-x86_64 4.1-8 10.60 27.56 38.16 NOTE
r-patched-solaris-sparc 4.1-8 OK
r-patched-solaris-x86 4.1-8 OK
r-release-linux-ix86 4.1-8 7.21 35.59 42.80 OK
r-release-linux-x86_64 4.1-8 7.76 27.16 34.92 NOTE
r-release-osx-x86_64-mavericks 4.1-8 OK
r-release-osx-x86_64-snowleopard 4.1-8 OK
r-release-windows-ix86+x86_64 4.1-8 43.00 70.00 113.00 OK
r-oldrel-windows-ix86+x86_64 4.1-8 32.00 61.00 93.00 OK

Check Details

Version: 4.1-8
Check: top-level files
Result: NOTE
    Non-standard file/directory found at top level:
     ‘Changelog.TMT’
Flavors: r-devel-linux-x86_64-debian-clang, r-devel-linux-x86_64-debian-gcc, r-devel-linux-x86_64-fedora-clang, r-devel-linux-x86_64-fedora-gcc, r-patched-linux-x86_64, r-release-linux-x86_64