CRAN Package Check Results for Package rpart

Last updated on 2014-10-21 03:49:16.

Flavor Version Tinstall Tcheck Ttotal Status Flags
r-devel-linux-x86_64-debian-clang 4.1-8 6.40 27.27 33.67 NOTE
r-devel-linux-x86_64-debian-gcc 4.1-8 13.04 27.36 40.41 NOTE
r-devel-linux-x86_64-fedora-clang 4.1-8 68.71 NOTE
r-devel-linux-x86_64-fedora-gcc 4.1-8 63.78 NOTE
r-devel-osx-x86_64-clang 4.1-8 59.81 OK
r-patched-linux-x86_64 4.1-8 9.59 27.38 36.97 NOTE
r-patched-solaris-sparc 4.1-8 OK
r-patched-solaris-x86 4.1-8 OK
r-release-linux-ix86 4.1-8 7.59 36.45 44.04 OK
r-release-linux-x86_64 4.1-8 14.08 27.04 41.11 NOTE
r-release-osx-x86_64-mavericks 4.1-8 OK
r-release-osx-x86_64-snowleopard 4.1-8 OK
r-release-windows-ix86+x86_64 4.1-8 50.00 70.00 120.00 OK
r-oldrel-windows-ix86+x86_64 4.1-8 32.00 61.00 93.00 OK

Check Details

Version: 4.1-8
Check: top-level files
Result: NOTE
    Non-standard file/directory found at top level:
     ‘Changelog.TMT’
Flavors: r-devel-linux-x86_64-debian-clang, r-devel-linux-x86_64-debian-gcc, r-devel-linux-x86_64-fedora-clang, r-devel-linux-x86_64-fedora-gcc, r-patched-linux-x86_64, r-release-linux-x86_64