CRAN Package Check Results for Package rpart

Last updated on 2016-06-30 23:48:01.

Flavor Version Tinstall Tcheck Ttotal Status Flags
r-devel-linux-x86_64-debian-gcc 4.1-10 14.10 35.53 49.63 NOTE
r-devel-linux-x86_64-fedora-clang 4.1-10 69.63 NOTE
r-devel-linux-x86_64-fedora-gcc 4.1-10 65.34 NOTE
r-devel-osx-x86_64-clang 4.1-10 56.29 OK
r-devel-windows-ix86+x86_64 4.1-10 33.00 100.00 133.00 OK
r-patched-linux-x86_64 4.1-10 8.43 37.87 46.30 NOTE
r-patched-solaris-sparc 4.1-10 OK
r-patched-solaris-x86 4.1-10 OK
r-release-linux-x86_64 4.1-10 5.84 34.94 40.77 NOTE
r-release-osx-x86_64-mavericks 4.1-10 OK
r-release-windows-ix86+x86_64 4.1-10 46.00 79.00 125.00 OK
r-oldrel-windows-ix86+x86_64 4.1-10 63.00 113.00 176.00 OK

Check Details

Version: 4.1-10
Check: top-level files
Result: NOTE
    Non-standard file/directory found at top level:
     ‘Changelog.TMT’
Flavors: r-devel-linux-x86_64-debian-gcc, r-devel-linux-x86_64-fedora-clang, r-devel-linux-x86_64-fedora-gcc, r-patched-linux-x86_64, r-release-linux-x86_64