CRAN Package Check Results for Package rpart

Last updated on 2024-07-16 13:51:26 CEST.

Flavor Version Tinstall Tcheck Ttotal Status Flags
r-devel-linux-x86_64-debian-clang 4.1.23 12.14 75.05 87.19 OK
r-devel-linux-x86_64-debian-gcc 4.1.23 9.01 55.83 64.84 OK
r-devel-linux-x86_64-fedora-clang 4.1.23 110.07 NOTE
r-devel-linux-x86_64-fedora-gcc 4.1.23 117.68 OK
r-devel-windows-x86_64 4.1.23 23.00 107.00 130.00 OK
r-patched-linux-x86_64 4.1.23 11.44 71.55 82.99 OK
r-release-linux-x86_64 4.1.23 9.74 68.99 78.73 OK
r-release-macos-arm64 4.1.23 44.00 OK
r-release-macos-x86_64 4.1.23 68.00 OK
r-release-windows-x86_64 4.1.23 25.00 107.00 132.00 OK
r-oldrel-macos-arm64 4.1.23 73.00 OK
r-oldrel-macos-x86_64 4.1.23 168.00 OK
r-oldrel-windows-x86_64 4.1.23 21.00 109.00 130.00 OK

Check Details

Version: 4.1.23
Check: Rd cross-references
Result: NOTE Undeclared package ‘tree’ in Rd xrefs Flavor: r-devel-linux-x86_64-fedora-clang