CRAN Package Check Results for Package rpart

Last updated on 2014-11-28 03:47:44.

Flavor Version Tinstall Tcheck Ttotal Status Flags
r-devel-linux-x86_64-debian-clang 4.1-8 8.80 27.30 36.10 NOTE
r-devel-linux-x86_64-debian-gcc 4.1-8 10.32 26.88 37.19 NOTE
r-devel-linux-x86_64-fedora-clang 4.1-8 65.61 NOTE
r-devel-linux-x86_64-fedora-gcc 4.1-8 62.22 NOTE
r-devel-osx-x86_64-clang 4.1-8 64.59 OK
r-patched-linux-x86_64 4.1-8 12.22 27.82 40.04 NOTE
r-patched-solaris-sparc 4.1-8 OK
r-patched-solaris-x86 4.1-8 OK
r-release-linux-ix86 4.1-8 7.25 35.68 42.94 OK
r-release-linux-x86_64 4.1-8 9.52 27.14 36.66 NOTE
r-release-osx-x86_64-mavericks 4.1-8 OK
r-release-osx-x86_64-snowleopard 4.1-8 OK
r-release-windows-ix86+x86_64 4.1-8 43.00 70.00 113.00 OK
r-oldrel-windows-ix86+x86_64 4.1-8 32.00 61.00 93.00 OK

Check Details

Version: 4.1-8
Check: top-level files
Result: NOTE
    Non-standard file/directory found at top level:
     ‘Changelog.TMT’
Flavors: r-devel-linux-x86_64-debian-clang, r-devel-linux-x86_64-debian-gcc, r-devel-linux-x86_64-fedora-clang, r-devel-linux-x86_64-fedora-gcc, r-patched-linux-x86_64, r-release-linux-x86_64