CRAN Package Check Results for Package rpart

Last updated on 2016-05-30 23:47:49.

Flavor Version Tinstall Tcheck Ttotal Status Flags
r-devel-linux-x86_64-debian-gcc 4.1-10 18.68 32.65 51.32 NOTE
r-devel-linux-x86_64-fedora-clang 4.1-10 71.54 NOTE
r-devel-linux-x86_64-fedora-gcc 4.1-10 65.04 NOTE
r-devel-osx-x86_64-clang 4.1-10 71.77 OK
r-devel-windows-ix86+x86_64 4.1-10 34.00 81.00 115.00 OK
r-patched-linux-x86_64 4.1-10 14.14 31.92 46.05 NOTE
r-patched-solaris-sparc 4.1-10 OK
r-patched-solaris-x86 4.1-10 OK
r-release-linux-x86_64 4.1-10 13.90 32.40 46.30 NOTE
r-release-osx-x86_64-mavericks 4.1-10 OK
r-release-windows-ix86+x86_64 4.1-10 52.00 79.00 131.00 OK
r-oldrel-windows-ix86+x86_64 4.1-10 46.00 99.00 145.00 OK

Check Details

Version: 4.1-10
Check: top-level files
Result: NOTE
    Non-standard file/directory found at top level:
     ‘Changelog.TMT’
Flavors: r-devel-linux-x86_64-debian-gcc, r-devel-linux-x86_64-fedora-clang, r-devel-linux-x86_64-fedora-gcc, r-patched-linux-x86_64, r-release-linux-x86_64