CRAN Package Check Results for Package rpart

Last updated on 2017-02-24 17:48:52.

Flavor Version Tinstall Tcheck Ttotal Status Flags
r-devel-linux-x86_64-debian-clang 4.1-10 15.06 35.62 50.68 NOTE
r-devel-linux-x86_64-debian-gcc 4.1-10 10.06 35.18 45.25 NOTE
r-devel-linux-x86_64-fedora-clang 4.1-10 85.27 NOTE --no-stop-on-test-error
r-devel-linux-x86_64-fedora-gcc 4.1-10 76.51 NOTE --no-stop-on-test-error
r-devel-macos-x86_64-clang 4.1-10 65.94 OK --no-stop-on-test-error
r-devel-windows-ix86+x86_64 4.1-10 101.00 128.00 229.00 OK
r-patched-linux-x86_64 4.1-10 18.33 31.72 50.05 NOTE
r-patched-solaris-sparc 4.1-10 OK
r-patched-solaris-x86 4.1-10 OK
r-release-linux-x86_64 4.1-10 7.26 32.81 40.07 NOTE
r-release-osx-x86_64-mavericks 4.1-10 OK
r-release-windows-ix86+x86_64 4.1-10 93.00 103.00 196.00 OK
r-oldrel-windows-ix86+x86_64 4.1-10 89.00 193.00 282.00 OK

Check Details

Version: 4.1-10
Check: top-level files
Result: NOTE
    Non-standard file/directory found at top level:
     ‘Changelog.TMT’
Flavors: r-devel-linux-x86_64-debian-clang, r-devel-linux-x86_64-debian-gcc, r-patched-linux-x86_64, r-release-linux-x86_64

Version: 4.1-10
Flags: --no-stop-on-test-error
Check: top-level files
Result: NOTE
    Non-standard file/directory found at top level:
     ‘Changelog.TMT’
Flavors: r-devel-linux-x86_64-fedora-clang, r-devel-linux-x86_64-fedora-gcc