CRAN Package Check Results for Package rpart

Last updated on 2016-02-13 11:54:35.

Flavor Version Tinstall Tcheck Ttotal Status Flags
r-devel-linux-x86_64-debian-gcc 4.1-10 11.83 23.61 35.44 NOTE
r-devel-linux-x86_64-fedora-clang 4.1-10 54.26 NOTE
r-devel-linux-x86_64-fedora-gcc 4.1-10 52.07 NOTE
r-devel-osx-x86_64-clang 4.1-10 57.76 OK
r-devel-windows-ix86+x86_64 4.1-10 63.00 75.00 138.00 OK
r-patched-linux-x86_64 4.1-10 7.35 26.80 34.15 NOTE
r-patched-solaris-sparc 4.1-10 OK
r-patched-solaris-x86 4.1-10 OK
r-release-linux-x86_64 4.1-10 7.82 26.23 34.06 NOTE
r-release-osx-x86_64-mavericks 4.1-10 OK
r-release-windows-ix86+x86_64 4.1-10 43.00 104.00 147.00 OK
r-oldrel-windows-ix86+x86_64 4.1-10 62.00 53.00 115.00 OK

Check Details

Version: 4.1-10
Check: top-level files
Result: NOTE
    Non-standard file/directory found at top level:
     ‘Changelog.TMT’
Flavors: r-devel-linux-x86_64-debian-gcc, r-devel-linux-x86_64-fedora-clang, r-devel-linux-x86_64-fedora-gcc, r-patched-linux-x86_64, r-release-linux-x86_64