CRAN Package Check Results for Package rpart

Last updated on 2015-07-30 13:47:42.

Flavor Version Tinstall Tcheck Ttotal Status Flags
r-devel-linux-x86_64-debian-clang 4.1-10 5.42 25.93 31.36 NOTE
r-devel-linux-x86_64-debian-gcc 4.1-10 18.03 25.21 43.24 NOTE
r-devel-linux-x86_64-fedora-clang 4.1-10 62.15 NOTE
r-devel-linux-x86_64-fedora-gcc 4.1-10 56.63 NOTE
r-devel-osx-x86_64-clang 4.1-10 50.66 OK
r-patched-linux-x86_64 4.1-10 8.76 26.45 35.21 NOTE
r-patched-solaris-sparc 4.1-10 OK
r-patched-solaris-x86 4.1-10 OK
r-release-linux-x86_64 4.1-10 12.70 25.75 38.45 NOTE
r-release-osx-x86_64-mavericks 4.1-10 OK
r-release-windows-ix86+x86_64 4.1-10 60.00 51.00 111.00 OK
r-oldrel-windows-ix86+x86_64 4.1-10 62.00 53.00 115.00 OK

Check Details

Version: 4.1-10
Check: top-level files
Result: NOTE
    Non-standard file/directory found at top level:
     ‘Changelog.TMT’
Flavors: r-devel-linux-x86_64-debian-clang, r-devel-linux-x86_64-debian-gcc, r-devel-linux-x86_64-fedora-clang, r-devel-linux-x86_64-fedora-gcc, r-patched-linux-x86_64, r-release-linux-x86_64