CRAN Package Check Results for Package rpart

Last updated on 2014-04-23 12:48:27.

Flavor Version Tinstall Tcheck Ttotal Status Flags
r-devel-linux-x86_64-debian-clang 4.1-8 7.94 26.64 34.59 OK
r-devel-linux-x86_64-debian-gcc 4.1-8 5.71 26.06 31.77 OK
r-devel-linux-x86_64-fedora-clang 4.1-8 69.21 NOTE
r-devel-linux-x86_64-fedora-gcc 4.1-8 66.74 NOTE
r-devel-osx-x86_64-clang 4.1-8 62.30 OK
r-devel-osx-x86_64-gcc 4.1-8 OK
r-patched-linux-x86_64 4.1-8 14.54 25.90 40.44 OK
r-patched-solaris-sparc 4.1-8 OK
r-patched-solaris-x86 4.1-8 OK
r-release-linux-ix86 4.1-8 10.00 51.00 61.00 OK
r-release-linux-x86_64 4.1-8 14.64 26.11 40.75 OK
r-release-osx-x86_64-mavericks 4.1-8 WARN
r-release-osx-x86_64-snowleopard 4.1-8 OK
r-release-windows-ix86+x86_64 4.1-8 73.00 78.00 151.00 OK
r-oldrel-windows-ix86+x86_64 4.1-8 32.00 61.00 93.00 OK

Check Details

Version: 4.1-8
Check: top-level files
Result: NOTE
    Non-standard file/directory found at top level:
     ‘Changelog.TMT’
Flavors: r-devel-linux-x86_64-fedora-clang, r-devel-linux-x86_64-fedora-gcc

Version: 4.1-8
Check: PDF version of manual
Result: WARNING
    LaTeX errors when creating PDF version.
    This typically indicates Rd problems.
    LaTeX errors found:
    ! LaTeX Error: File `upquote.sty' not found.
    
    Type X to quit or <RETURN> to proceed,
    or enter new name. (Default extension: sty)
    
    5a78d8e1/Rd2.tex:8: ==> Fatal error occurred, no output PDF file produced!
Flavor: r-release-osx-x86_64-mavericks