CRAN Package Check Results for Package rpart

Last updated on 2017-04-24 18:47:41.

Flavor Version Tinstall Tcheck Ttotal Status Flags
r-devel-linux-x86_64-debian-clang 4.1-11 9.54 34.22 43.77 NOTE
r-devel-linux-x86_64-debian-gcc 4.1-11 14.49 34.29 48.78 NOTE
r-devel-linux-x86_64-fedora-clang 4.1-11 84.75 NOTE --no-stop-on-test-error
r-devel-linux-x86_64-fedora-gcc 4.1-11 76.99 NOTE --no-stop-on-test-error
r-devel-windows-ix86+x86_64 4.1-10 61.00 129.00 190.00 OK
r-patched-linux-x86_64 4.1-11 7.67 34.65 42.33 NOTE
r-patched-solaris-sparc 4.1-11 OK
r-patched-solaris-x86 4.1-11 OK
r-release-linux-x86_64 4.1-11 6.19 34.87 41.06 NOTE
r-release-windows-ix86+x86_64 4.1-10 45.00 120.00 165.00 OK
r-release-osx-x86_64 4.1-11 OK
r-oldrel-windows-ix86+x86_64 4.1-11 42.00 71.00 113.00 OK
r-oldrel-osx-x86_64 4.1-11 OK

Check Details

Version: 4.1-11
Check: top-level files
Result: NOTE
    Non-standard file/directory found at top level:
     ‘Changelog.TMT’
Flavors: r-devel-linux-x86_64-debian-clang, r-devel-linux-x86_64-debian-gcc, r-patched-linux-x86_64, r-release-linux-x86_64

Version: 4.1-11
Flags: --no-stop-on-test-error
Check: top-level files
Result: NOTE
    Non-standard file/directory found at top level:
     ‘Changelog.TMT’
Flavors: r-devel-linux-x86_64-fedora-clang, r-devel-linux-x86_64-fedora-gcc