Last updated on 2023-12-04 22:57:53 CET.
Flavor | Version | Tinstall | Tcheck | Ttotal | Status | Flags |
---|---|---|---|---|---|---|
r-devel-linux-x86_64-debian-clang | 3.1.1 | 8.46 | 61.87 | 70.33 | NOTE | |
r-devel-linux-x86_64-debian-gcc | 3.1.1 | 7.67 | 46.37 | 54.04 | NOTE | |
r-devel-linux-x86_64-fedora-clang | 3.1.1 | 93.22 | OK | |||
r-devel-linux-x86_64-fedora-gcc | 3.1.1 | 88.63 | OK | |||
r-devel-windows-x86_64 | 3.1.1 | 9.00 | 61.00 | 70.00 | OK | |
r-patched-linux-x86_64 | 3.1.1 | 10.47 | 59.46 | 69.93 | OK | |
r-release-linux-x86_64 | 3.1.1 | 8.94 | 59.32 | 68.26 | OK | |
r-release-macos-arm64 | 3.1.1 | 27.00 | OK | |||
r-release-macos-x86_64 | 3.1.1 | 43.00 | OK | |||
r-release-windows-x86_64 | 3.1.1 | 15.00 | 68.00 | 83.00 | OK | |
r-oldrel-macos-arm64 | 3.1.1 | 27.00 | OK | |||
r-oldrel-macos-x86_64 | 3.1.1 | 54.00 | OK | |||
r-oldrel-windows-x86_64 | 3.1.1 | 14.00 | 69.00 | 83.00 | OK |
Version: 3.1.1
Check: Rd files
Result: NOTE
checkRd: (-1) prp.Rd:565: Lost braces
565 | The border is by default invisible, see code{split.border.col}.
| ^
Flavors: r-devel-linux-x86_64-debian-clang, r-devel-linux-x86_64-debian-gcc