CRAN Package Check Results for Package rpart.plot

Last updated on 2015-07-03 07:48:16.

Flavor Version Tinstall Tcheck Ttotal Status Flags
r-devel-linux-x86_64-debian-clang 1.5.2 0.67 17.96 18.63 NOTE
r-devel-linux-x86_64-debian-gcc 1.5.2 0.67 18.86 19.53 NOTE
r-devel-linux-x86_64-fedora-clang 1.5.2 34.69 NOTE
r-devel-linux-x86_64-fedora-gcc 1.5.2 32.66 NOTE
r-devel-osx-x86_64-clang 1.5.2 29.13 OK
r-devel-windows-ix86+x86_64 1.5.2 6.00 31.00 37.00 OK
r-patched-linux-x86_64 1.5.2 0.78 18.27 19.06 OK
r-patched-solaris-sparc 1.5.2 225.80 OK
r-patched-solaris-x86 1.5.2 44.60 OK
r-release-linux-x86_64 1.5.2 0.75 18.06 18.81 OK
r-release-osx-x86_64-mavericks 1.5.2 OK
r-release-windows-ix86+x86_64 1.5.2 3.00 31.00 34.00 OK
r-oldrel-windows-ix86+x86_64 1.5.2 5.00 33.00 38.00 OK

Check Details

Version: 1.5.2
Check: R code for possible problems
Result: NOTE
    do.snip : do.mouse.snip : draw.quit.button: no visible global function
     definition for ‘text’
    do.snip : do.mouse.snip : show.branches: no visible global function
     definition for ‘lines’
    do.snip : do.mouse.snip : print.node.info: no visible global function
     definition for ‘flush.console’
    do.snip : do.mouse.snip: no visible global function definition for
     ‘flush.console’
    do.snip : do.mouse.snip: no visible global function definition for
     ‘identify’
    do.snip: no visible global function definition for ‘dev.interactive’
    do.snip: no visible global function definition for ‘dev.cur’
    draw.branches : draw.branch.lines: no visible global function
     definition for ‘lines’
    draw.branches: no visible global function definition for ‘polygon’
    draw.branches: no visible global function definition for ‘lines’
    draw.node.numbers: no visible global function definition for ‘par’
    draw.node.numbers: no visible global function definition for ‘text’
    draw.shadow : lighten: no visible global function definition for ‘par’
    draw.shadow : lighten: no visible global function definition for
     ‘col2rgb’
    draw.shadow: no visible global function definition for ‘dev.cur’
    draw.yes.no: no visible global function definition for ‘text’
    get.boxes: no visible global function definition for ‘par’
    get.layout : get.strheight: no visible global function definition for
     ‘par’
    init.plot: no visible global function definition for ‘par’
    init.plot: no visible global function definition for ‘plot’
    init.plot: no visible global function definition for ‘grid’
    init.plot: no visible global function definition for ‘axis’
    init.plot: no visible global function definition for ‘rect’
    init.plot: no visible global function definition for ‘text’
    my.strheight: no visible global function definition for ‘strheight’
    my.strwidth: no visible global function definition for ‘strwidth’
    prp: no visible binding for global variable ‘text’
    prp : draw.labs : draw.labs1 : draw.under.text: no visible global
     function definition for ‘rect’
    prp : draw.labs : draw.labs1: no visible binding for global variable
     ‘text’
    rounded.rect: no visible global function definition for ‘polygon’
    set.family: no visible global function definition for ‘par’
    Undefined global functions or variables:
     axis col2rgb dev.cur dev.interactive flush.console grid identify
     lines par plot polygon rect strheight strwidth text
Flavors: r-devel-linux-x86_64-debian-clang, r-devel-linux-x86_64-debian-gcc, r-devel-linux-x86_64-fedora-clang, r-devel-linux-x86_64-fedora-gcc