CRAN Package Check Results for Package rpartScore

Last updated on 2016-05-01 11:47:24.

Flavor Version Tinstall Tcheck Ttotal Status Flags
r-devel-linux-x86_64-debian-gcc 1.0-1 0.58 18.38 18.96 NOTE
r-devel-linux-x86_64-fedora-clang 1.0-1 35.97 NOTE
r-devel-linux-x86_64-fedora-gcc 1.0-1 33.00 NOTE
r-devel-osx-x86_64-clang 1.0-1 37.95 NOTE
r-devel-windows-ix86+x86_64 1.0-1 2.00 42.00 44.00 NOTE
r-patched-linux-x86_64 1.0-1 0.61 18.05 18.65 NOTE
r-patched-solaris-sparc 1.0-1 223.30 NOTE
r-patched-solaris-x86 1.0-1 45.70 NOTE
r-release-linux-x86_64 1.0-1 0.59 19.83 20.42 OK
r-release-osx-x86_64-mavericks 1.0-1 OK
r-release-windows-ix86+x86_64 1.0-1 5.00 49.00 54.00 OK
r-oldrel-windows-ix86+x86_64 1.0-1 4.00 41.00 45.00 OK

Check Details

Version: 1.0-1
Check: R code for possible problems
Result: NOTE
    evalMedian: no visible global function definition for ‘xtabs’
    evalMode: no visible global function definition for ‘xtabs’
    rpartScore: no visible global function definition for ‘model.extract’
    rpartScore: no visible global function definition for ‘var’
    rpartScore: no visible binding for global variable ‘var’
    splitAbs: no visible global function definition for ‘xtabs’
    Undefined global functions or variables:
     model.extract var xtabs
    Consider adding
     importFrom("stats", "model.extract", "var", "xtabs")
    to your NAMESPACE file.
Flavors: r-devel-linux-x86_64-debian-gcc, r-devel-linux-x86_64-fedora-clang, r-devel-linux-x86_64-fedora-gcc, r-devel-osx-x86_64-clang, r-devel-windows-ix86+x86_64, r-patched-linux-x86_64, r-patched-solaris-sparc, r-patched-solaris-x86