CRAN Package Check Results for Package rpartScore

Last updated on 2017-04-29 15:48:19.

Flavor Version Tinstall Tcheck Ttotal Status Flags
r-devel-linux-x86_64-debian-clang 1.0-1 0.60 21.53 22.13 NOTE
r-devel-linux-x86_64-debian-gcc 1.0-1 0.67 20.60 21.26 NOTE
r-devel-linux-x86_64-fedora-clang 1.0-1 40.67 NOTE --no-stop-on-test-error
r-devel-linux-x86_64-fedora-gcc 1.0-1 38.36 NOTE --no-stop-on-test-error
r-devel-windows-ix86+x86_64 1.0-1 6.00 57.00 63.00 NOTE
r-patched-linux-x86_64 1.0-1 0.69 20.86 21.54 NOTE
r-patched-solaris-sparc 1.0-1 244.90 NOTE
r-patched-solaris-x86 1.0-1 49.40 NOTE
r-release-linux-x86_64 1.0-1 0.64 20.96 21.60 NOTE
r-release-windows-ix86+x86_64 1.0-1 7.00 57.00 64.00 NOTE
r-release-osx-x86_64 1.0-1 NOTE
r-oldrel-windows-ix86+x86_64 1.0-1 6.00 56.00 62.00 NOTE
r-oldrel-osx-x86_64 1.0-1 NOTE

Check Details

Version: 1.0-1
Check: R code for possible problems
Result: NOTE
    evalMedian: no visible global function definition for ‘xtabs’
    evalMode: no visible global function definition for ‘xtabs’
    rpartScore: no visible global function definition for ‘model.extract’
    rpartScore: no visible global function definition for ‘var’
    rpartScore: no visible binding for global variable ‘var’
    splitAbs: no visible global function definition for ‘xtabs’
    Undefined global functions or variables:
     model.extract var xtabs
    Consider adding
     importFrom("stats", "model.extract", "var", "xtabs")
    to your NAMESPACE file.
Flavors: r-devel-linux-x86_64-debian-clang, r-devel-linux-x86_64-debian-gcc, r-devel-windows-ix86+x86_64, r-patched-linux-x86_64, r-patched-solaris-sparc, r-patched-solaris-x86, r-release-linux-x86_64, r-release-windows-ix86+x86_64, r-release-osx-x86_64, r-oldrel-windows-ix86+x86_64, r-oldrel-osx-x86_64

Version: 1.0-1
Flags: --no-stop-on-test-error
Check: R code for possible problems
Result: NOTE
    evalMedian: no visible global function definition for ‘xtabs’
    evalMode: no visible global function definition for ‘xtabs’
    rpartScore: no visible global function definition for ‘model.extract’
    rpartScore: no visible global function definition for ‘var’
    rpartScore: no visible binding for global variable ‘var’
    splitAbs: no visible global function definition for ‘xtabs’
    Undefined global functions or variables:
     model.extract var xtabs
    Consider adding
     importFrom("stats", "model.extract", "var", "xtabs")
    to your NAMESPACE file.
Flavors: r-devel-linux-x86_64-fedora-clang, r-devel-linux-x86_64-fedora-gcc