CRAN Package Check Results for Package rpartScore

Last updated on 2017-02-21 03:49:47.

Flavor Version Tinstall Tcheck Ttotal Status Flags
r-devel-linux-x86_64-debian-clang 1.0-1 0.59 22.84 23.44 NOTE
r-devel-linux-x86_64-debian-gcc 1.0-1 0.64 21.86 22.50 NOTE
r-devel-linux-x86_64-fedora-clang 1.0-1 39.63 NOTE --no-stop-on-test-error
r-devel-linux-x86_64-fedora-gcc 1.0-1 38.39 NOTE --no-stop-on-test-error
r-devel-macos-x86_64-clang 1.0-1 33.84 NOTE --no-stop-on-test-error
r-devel-windows-ix86+x86_64 1.0-1 3.00 44.00 47.00 NOTE
r-patched-linux-x86_64 1.0-1 0.65 19.59 20.24 NOTE
r-patched-solaris-sparc 1.0-1 222.90 NOTE
r-patched-solaris-x86 1.0-1 44.80 NOTE
r-release-linux-x86_64 1.0-1 0.52 18.43 18.95 NOTE
r-release-osx-x86_64-mavericks 1.0-1 NOTE
r-release-windows-ix86+x86_64 1.0-1 4.00 54.00 58.00 NOTE
r-oldrel-windows-ix86+x86_64 1.0-1 3.00 57.00 60.00 OK

Check Details

Version: 1.0-1
Check: R code for possible problems
Result: NOTE
    evalMedian: no visible global function definition for ‘xtabs’
    evalMode: no visible global function definition for ‘xtabs’
    rpartScore: no visible global function definition for ‘model.extract’
    rpartScore: no visible global function definition for ‘var’
    rpartScore: no visible binding for global variable ‘var’
    splitAbs: no visible global function definition for ‘xtabs’
    Undefined global functions or variables:
     model.extract var xtabs
    Consider adding
     importFrom("stats", "model.extract", "var", "xtabs")
    to your NAMESPACE file.
Flavors: r-devel-linux-x86_64-debian-clang, r-devel-linux-x86_64-debian-gcc, r-devel-windows-ix86+x86_64, r-patched-linux-x86_64, r-patched-solaris-sparc, r-patched-solaris-x86, r-release-linux-x86_64, r-release-osx-x86_64-mavericks, r-release-windows-ix86+x86_64

Version: 1.0-1
Flags: --no-stop-on-test-error
Check: R code for possible problems
Result: NOTE
    evalMedian: no visible global function definition for ‘xtabs’
    evalMode: no visible global function definition for ‘xtabs’
    rpartScore: no visible global function definition for ‘model.extract’
    rpartScore: no visible global function definition for ‘var’
    rpartScore: no visible binding for global variable ‘var’
    splitAbs: no visible global function definition for ‘xtabs’
    Undefined global functions or variables:
     model.extract var xtabs
    Consider adding
     importFrom("stats", "model.extract", "var", "xtabs")
    to your NAMESPACE file.
Flavors: r-devel-linux-x86_64-fedora-clang, r-devel-linux-x86_64-fedora-gcc, r-devel-macos-x86_64-clang