CRAN Package Check Results for Package rpartScore

Last updated on 2016-10-01 06:47:38.

Flavor Version Tinstall Tcheck Ttotal Status Flags
r-devel-linux-x86_64-debian-clang 1.0-1 0.63 20.33 20.96 NOTE
r-devel-linux-x86_64-debian-gcc 1.0-1 0.60 20.44 21.04 NOTE
r-devel-linux-x86_64-fedora-clang 1.0-1 39.25 NOTE
r-devel-linux-x86_64-fedora-gcc 1.0-1 35.01 NOTE
r-devel-macos-x86_64-clang 1.0-1 30.43 NOTE
r-devel-windows-ix86+x86_64 1.0-1 2.00 54.00 56.00 NOTE
r-patched-linux-x86_64 1.0-1 0.62 18.28 18.90 NOTE
r-patched-solaris-sparc 1.0-1 223.40 NOTE
r-patched-solaris-x86 1.0-1 44.80 NOTE
r-release-linux-x86_64 1.0-1 0.65 19.12 19.77 NOTE
r-release-osx-x86_64-mavericks 1.0-1 NOTE
r-release-windows-ix86+x86_64 1.0-1 2.00 57.00 59.00 NOTE
r-oldrel-windows-ix86+x86_64 1.0-1 4.00 52.00 56.00 OK

Check Details

Version: 1.0-1
Check: R code for possible problems
Result: NOTE
    evalMedian: no visible global function definition for ‘xtabs’
    evalMode: no visible global function definition for ‘xtabs’
    rpartScore: no visible global function definition for ‘model.extract’
    rpartScore: no visible global function definition for ‘var’
    rpartScore: no visible binding for global variable ‘var’
    splitAbs: no visible global function definition for ‘xtabs’
    Undefined global functions or variables:
     model.extract var xtabs
    Consider adding
     importFrom("stats", "model.extract", "var", "xtabs")
    to your NAMESPACE file.
Flavors: r-devel-linux-x86_64-debian-clang, r-devel-linux-x86_64-debian-gcc, r-devel-linux-x86_64-fedora-clang, r-devel-linux-x86_64-fedora-gcc, r-devel-macos-x86_64-clang, r-devel-windows-ix86+x86_64, r-patched-linux-x86_64, r-patched-solaris-sparc, r-patched-solaris-x86, r-release-linux-x86_64, r-release-osx-x86_64-mavericks, r-release-windows-ix86+x86_64