CRAN Package Check Results for Package rpartScore

Last updated on 2017-03-24 04:47:51.

Flavor Version Tinstall Tcheck Ttotal Status Flags
r-devel-linux-x86_64-debian-clang 1.0-1 0.63 22.26 22.89 NOTE
r-devel-linux-x86_64-debian-gcc 1.0-1 0.67 21.24 21.91 NOTE
r-devel-linux-x86_64-fedora-clang 1.0-1 40.30 NOTE --no-stop-on-test-error
r-devel-linux-x86_64-fedora-gcc 1.0-1 39.11 NOTE --no-stop-on-test-error
r-devel-macos-x86_64-clang 1.0-1 33.30 NOTE --no-stop-on-test-error
r-devel-windows-ix86+x86_64 1.0-1 2.00 66.00 68.00 NOTE
r-patched-linux-x86_64 1.0-1 0.56 19.43 19.98 NOTE
r-patched-solaris-sparc 1.0-1 244.90 NOTE
r-patched-solaris-x86 1.0-1 50.20 NOTE
r-release-linux-x86_64 1.0-1 0.64 18.17 18.81 NOTE
r-release-osx-x86_64-mavericks 1.0-1 NOTE
r-release-windows-ix86+x86_64 1.0-1 5.00 39.00 44.00 NOTE
r-oldrel-windows-ix86+x86_64 1.0-1 4.00 56.00 60.00 OK

Check Details

Version: 1.0-1
Check: R code for possible problems
Result: NOTE
    evalMedian: no visible global function definition for ‘xtabs’
    evalMode: no visible global function definition for ‘xtabs’
    rpartScore: no visible global function definition for ‘model.extract’
    rpartScore: no visible global function definition for ‘var’
    rpartScore: no visible binding for global variable ‘var’
    splitAbs: no visible global function definition for ‘xtabs’
    Undefined global functions or variables:
     model.extract var xtabs
    Consider adding
     importFrom("stats", "model.extract", "var", "xtabs")
    to your NAMESPACE file.
Flavors: r-devel-linux-x86_64-debian-clang, r-devel-linux-x86_64-debian-gcc, r-devel-windows-ix86+x86_64, r-patched-linux-x86_64, r-patched-solaris-sparc, r-patched-solaris-x86, r-release-linux-x86_64, r-release-osx-x86_64-mavericks, r-release-windows-ix86+x86_64

Version: 1.0-1
Flags: --no-stop-on-test-error
Check: R code for possible problems
Result: NOTE
    evalMedian: no visible global function definition for ‘xtabs’
    evalMode: no visible global function definition for ‘xtabs’
    rpartScore: no visible global function definition for ‘model.extract’
    rpartScore: no visible global function definition for ‘var’
    rpartScore: no visible binding for global variable ‘var’
    splitAbs: no visible global function definition for ‘xtabs’
    Undefined global functions or variables:
     model.extract var xtabs
    Consider adding
     importFrom("stats", "model.extract", "var", "xtabs")
    to your NAMESPACE file.
Flavors: r-devel-linux-x86_64-fedora-clang, r-devel-linux-x86_64-fedora-gcc, r-devel-macos-x86_64-clang