CRAN Package Check Results for Package rpartScore

Last updated on 2017-01-22 23:48:43.

Flavor Version Tinstall Tcheck Ttotal Status Flags
r-devel-linux-x86_64-debian-clang 1.0-1 0.61 22.14 22.75 NOTE
r-devel-linux-x86_64-debian-gcc 1.0-1 0.61 20.51 21.12 NOTE
r-devel-linux-x86_64-fedora-clang 1.0-1 39.43 NOTE --no-stop-on-test-error
r-devel-linux-x86_64-fedora-gcc 1.0-1 39.16 NOTE --no-stop-on-test-error
r-devel-macos-x86_64-clang 1.0-1 32.50 NOTE --no-stop-on-test-error
r-devel-windows-ix86+x86_64 1.0-1 3.00 45.00 48.00 NOTE
r-patched-linux-x86_64 1.0-1 0.58 18.97 19.55 NOTE
r-patched-solaris-sparc 1.0-1 222.90 NOTE
r-patched-solaris-x86 1.0-1 44.60 NOTE
r-release-linux-x86_64 1.0-1 0.60 18.39 18.99 NOTE
r-release-osx-x86_64-mavericks 1.0-1 NOTE
r-release-windows-ix86+x86_64 1.0-1 8.00 45.00 53.00 NOTE
r-oldrel-windows-ix86+x86_64 1.0-1 8.00 54.00 62.00 OK

Check Details

Version: 1.0-1
Check: R code for possible problems
Result: NOTE
    evalMedian: no visible global function definition for ‘xtabs’
    evalMode: no visible global function definition for ‘xtabs’
    rpartScore: no visible global function definition for ‘model.extract’
    rpartScore: no visible global function definition for ‘var’
    rpartScore: no visible binding for global variable ‘var’
    splitAbs: no visible global function definition for ‘xtabs’
    Undefined global functions or variables:
     model.extract var xtabs
    Consider adding
     importFrom("stats", "model.extract", "var", "xtabs")
    to your NAMESPACE file.
Flavors: r-devel-linux-x86_64-debian-clang, r-devel-linux-x86_64-debian-gcc, r-devel-windows-ix86+x86_64, r-patched-linux-x86_64, r-patched-solaris-sparc, r-patched-solaris-x86, r-release-linux-x86_64, r-release-osx-x86_64-mavericks, r-release-windows-ix86+x86_64

Version: 1.0-1
Flags: --no-stop-on-test-error
Check: R code for possible problems
Result: NOTE
    evalMedian: no visible global function definition for ‘xtabs’
    evalMode: no visible global function definition for ‘xtabs’
    rpartScore: no visible global function definition for ‘model.extract’
    rpartScore: no visible global function definition for ‘var’
    rpartScore: no visible binding for global variable ‘var’
    splitAbs: no visible global function definition for ‘xtabs’
    Undefined global functions or variables:
     model.extract var xtabs
    Consider adding
     importFrom("stats", "model.extract", "var", "xtabs")
    to your NAMESPACE file.
Flavors: r-devel-linux-x86_64-fedora-clang, r-devel-linux-x86_64-fedora-gcc, r-devel-macos-x86_64-clang