CRAN Package Check Results for Package rpartScore

Last updated on 2016-06-01 06:49:14.

Flavor Version Tinstall Tcheck Ttotal Status Flags
r-devel-linux-x86_64-debian-gcc 1.0-1 0.54 18.40 18.94 NOTE
r-devel-linux-x86_64-fedora-clang 1.0-1 36.63 NOTE
r-devel-linux-x86_64-fedora-gcc 1.0-1 32.84 NOTE
r-devel-osx-x86_64-clang 1.0-1 38.21 NOTE
r-devel-windows-ix86+x86_64 1.0-1 4.00 41.00 45.00 NOTE
r-patched-linux-x86_64 1.0-1 0.67 18.55 19.22 NOTE
r-patched-solaris-sparc 1.0-1 224.50 NOTE
r-patched-solaris-x86 1.0-1 44.90 NOTE
r-release-linux-x86_64 1.0-1 0.59 18.14 18.73 NOTE
r-release-osx-x86_64-mavericks 1.0-1 NOTE
r-release-windows-ix86+x86_64 1.0-1 4.00 43.00 47.00 NOTE
r-oldrel-windows-ix86+x86_64 1.0-1 3.00 41.00 44.00 OK

Check Details

Version: 1.0-1
Check: R code for possible problems
Result: NOTE
    evalMedian: no visible global function definition for ‘xtabs’
    evalMode: no visible global function definition for ‘xtabs’
    rpartScore: no visible global function definition for ‘model.extract’
    rpartScore: no visible global function definition for ‘var’
    rpartScore: no visible binding for global variable ‘var’
    splitAbs: no visible global function definition for ‘xtabs’
    Undefined global functions or variables:
     model.extract var xtabs
    Consider adding
     importFrom("stats", "model.extract", "var", "xtabs")
    to your NAMESPACE file.
Flavors: r-devel-linux-x86_64-debian-gcc, r-devel-linux-x86_64-fedora-clang, r-devel-linux-x86_64-fedora-gcc, r-devel-osx-x86_64-clang, r-devel-windows-ix86+x86_64, r-patched-linux-x86_64, r-patched-solaris-sparc, r-patched-solaris-x86, r-release-linux-x86_64, r-release-osx-x86_64-mavericks, r-release-windows-ix86+x86_64