CRAN Package Check Results for Package rpartScore

Last updated on 2015-07-30 22:50:07.

Flavor Version Tinstall Tcheck Ttotal Status Flags
r-devel-linux-x86_64-debian-clang 1.0-1 0.59 19.17 19.76 NOTE
r-devel-linux-x86_64-debian-gcc 1.0-1 0.61 18.64 19.26 NOTE
r-devel-linux-x86_64-fedora-clang 1.0-1 41.13 NOTE
r-devel-linux-x86_64-fedora-gcc 1.0-1 37.23 NOTE
r-devel-osx-x86_64-clang 1.0-1 32.64 OK
r-devel-windows-ix86+x86_64 1.0-1 5.00 42.00 47.00 NOTE
r-patched-linux-x86_64 1.0-1 0.69 19.36 20.04 OK
r-patched-solaris-sparc 1.0-1 248.00 OK
r-patched-solaris-x86 1.0-1 49.40 OK
r-release-linux-x86_64 1.0-1 0.59 18.86 19.44 OK
r-release-osx-x86_64-mavericks 1.0-1 OK
r-release-windows-ix86+x86_64 1.0-1 4.00 50.00 54.00 OK
r-oldrel-windows-ix86+x86_64 1.0-1 4.00 55.00 59.00 OK

Check Details

Version: 1.0-1
Check: R code for possible problems
Result: NOTE
    evalMedian: no visible global function definition for ‘xtabs’
    evalMode: no visible global function definition for ‘xtabs’
    rpartScore: no visible global function definition for ‘model.extract’
    rpartScore: no visible global function definition for ‘var’
    rpartScore: no visible binding for global variable ‘var’
    splitAbs: no visible global function definition for ‘xtabs’
    Undefined global functions or variables:
     model.extract var xtabs
    Consider adding
     importFrom("stats", "model.extract", "var", "xtabs")
    to your NAMESPACE.
Flavors: r-devel-linux-x86_64-debian-clang, r-devel-linux-x86_64-debian-gcc, r-devel-linux-x86_64-fedora-clang, r-devel-linux-x86_64-fedora-gcc, r-devel-windows-ix86+x86_64