CRAN Package Check Results for Package rpartScore

Last updated on 2016-12-08 08:47:47.

Flavor Version Tinstall Tcheck Ttotal Status Flags
r-devel-linux-x86_64-debian-clang 1.0-1 0.65 21.97 22.62 NOTE
r-devel-linux-x86_64-debian-gcc 1.0-1 0.61 20.49 21.10 NOTE
r-devel-linux-x86_64-fedora-clang 1.0-1 40.93 NOTE --no-stop-on-test-error
r-devel-linux-x86_64-fedora-gcc 1.0-1 39.75 NOTE --no-stop-on-test-error
r-devel-macos-x86_64-clang 1.0-1 33.37 NOTE
r-devel-windows-ix86+x86_64 1.0-1 3.00 64.00 67.00 NOTE
r-patched-linux-x86_64 1.0-1 0.57 18.65 19.22 NOTE
r-patched-solaris-sparc 1.0-1 223.40 NOTE
r-patched-solaris-x86 1.0-1 45.00 NOTE
r-release-linux-x86_64 1.0-1 0.60 18.49 19.09 NOTE
r-release-osx-x86_64-mavericks 1.0-1 NOTE
r-release-windows-ix86+x86_64 1.0-1 3.00 56.00 59.00 NOTE
r-oldrel-windows-ix86+x86_64 1.0-1 5.00 43.00 48.00 OK

Check Details

Version: 1.0-1
Check: R code for possible problems
Result: NOTE
    evalMedian: no visible global function definition for ‘xtabs’
    evalMode: no visible global function definition for ‘xtabs’
    rpartScore: no visible global function definition for ‘model.extract’
    rpartScore: no visible global function definition for ‘var’
    rpartScore: no visible binding for global variable ‘var’
    splitAbs: no visible global function definition for ‘xtabs’
    Undefined global functions or variables:
     model.extract var xtabs
    Consider adding
     importFrom("stats", "model.extract", "var", "xtabs")
    to your NAMESPACE file.
Flavors: r-devel-linux-x86_64-debian-clang, r-devel-linux-x86_64-debian-gcc, r-devel-macos-x86_64-clang, r-devel-windows-ix86+x86_64, r-patched-linux-x86_64, r-patched-solaris-sparc, r-patched-solaris-x86, r-release-linux-x86_64, r-release-osx-x86_64-mavericks, r-release-windows-ix86+x86_64

Version: 1.0-1
Flags: --no-stop-on-test-error
Check: R code for possible problems
Result: NOTE
    evalMedian: no visible global function definition for ‘xtabs’
    evalMode: no visible global function definition for ‘xtabs’
    rpartScore: no visible global function definition for ‘model.extract’
    rpartScore: no visible global function definition for ‘var’
    rpartScore: no visible binding for global variable ‘var’
    splitAbs: no visible global function definition for ‘xtabs’
    Undefined global functions or variables:
     model.extract var xtabs
    Consider adding
     importFrom("stats", "model.extract", "var", "xtabs")
    to your NAMESPACE file.
Flavors: r-devel-linux-x86_64-fedora-clang, r-devel-linux-x86_64-fedora-gcc