CRAN Package Check Results for Package rpartScore

Last updated on 2018-05-27 02:46:56 CEST.

Flavor Version Tinstall Tcheck Ttotal Status Flags
r-devel-linux-x86_64-debian-clang 1.0-1 1.11 36.57 37.68 NOTE
r-devel-linux-x86_64-debian-gcc 1.0-1 1.02 27.40 28.42 NOTE
r-devel-linux-x86_64-fedora-clang 1.0-1 44.08 NOTE
r-devel-linux-x86_64-fedora-gcc 1.0-1 41.65 NOTE
r-devel-windows-ix86+x86_64 1.0-1 3.00 59.00 62.00 NOTE
r-patched-linux-x86_64 1.0-1 1.03 34.98 36.01 NOTE
r-patched-solaris-x86 1.0-1 58.40 NOTE
r-release-linux-x86_64 1.0-1 1.09 35.27 36.36 NOTE
r-release-windows-ix86+x86_64 1.0-1 4.00 47.00 51.00 NOTE
r-release-osx-x86_64 1.0-1 NOTE
r-oldrel-windows-ix86+x86_64 1.0-1 4.00 48.00 52.00 NOTE
r-oldrel-osx-x86_64 1.0-1 NOTE

Check Details

Version: 1.0-1
Check: R code for possible problems
Result: NOTE
    evalMedian: no visible global function definition for ‘xtabs’
    evalMode: no visible global function definition for ‘xtabs’
    rpartScore: no visible global function definition for ‘model.extract’
    rpartScore: no visible global function definition for ‘var’
    rpartScore: no visible binding for global variable ‘var’
    splitAbs: no visible global function definition for ‘xtabs’
    Undefined global functions or variables:
     model.extract var xtabs
    Consider adding
     importFrom("stats", "model.extract", "var", "xtabs")
    to your NAMESPACE file.
Flavors: r-devel-linux-x86_64-debian-clang, r-devel-linux-x86_64-debian-gcc, r-devel-linux-x86_64-fedora-clang, r-devel-linux-x86_64-fedora-gcc, r-devel-windows-ix86+x86_64, r-patched-linux-x86_64, r-patched-solaris-x86, r-release-linux-x86_64, r-release-windows-ix86+x86_64, r-release-osx-x86_64, r-oldrel-windows-ix86+x86_64, r-oldrel-osx-x86_64