CRAN Package Check Results for Package rpartScore

Last updated on 2015-09-02 19:47:49.

Flavor Version Tinstall Tcheck Ttotal Status Flags
r-devel-linux-x86_64-debian-clang 1.0-1 0.57 18.68 19.25 NOTE
r-devel-linux-x86_64-debian-gcc 1.0-1 0.61 18.16 18.77 NOTE
r-devel-linux-x86_64-fedora-clang 1.0-1 39.46 NOTE
r-devel-linux-x86_64-fedora-gcc 1.0-1 36.63 NOTE
r-devel-osx-x86_64-clang 1.0-1 32.71 OK
r-devel-windows-ix86+x86_64 1.0-1 4.00 50.00 54.00 NOTE
r-patched-linux-x86_64 1.0-1 0.60 19.45 20.05 OK
r-patched-solaris-sparc 1.0-1 248.00 OK
r-patched-solaris-x86 1.0-1 50.00 OK
r-release-linux-x86_64 1.0-1 0.57 18.72 19.29 OK
r-release-osx-x86_64-mavericks 1.0-1 OK
r-release-windows-ix86+x86_64 1.0-1 4.00 53.00 57.00 OK
r-oldrel-windows-ix86+x86_64 1.0-1 4.00 42.00 46.00 OK

Check Details

Version: 1.0-1
Check: R code for possible problems
Result: NOTE
    evalMedian: no visible global function definition for ‘xtabs’
    evalMode: no visible global function definition for ‘xtabs’
    rpartScore: no visible global function definition for ‘model.extract’
    rpartScore: no visible global function definition for ‘var’
    rpartScore: no visible binding for global variable ‘var’
    splitAbs: no visible global function definition for ‘xtabs’
    Undefined global functions or variables:
     model.extract var xtabs
    Consider adding
     importFrom("stats", "model.extract", "var", "xtabs")
    to your NAMESPACE.
Flavors: r-devel-linux-x86_64-debian-clang, r-devel-linux-x86_64-debian-gcc, r-devel-linux-x86_64-fedora-clang, r-devel-linux-x86_64-fedora-gcc, r-devel-windows-ix86+x86_64