CRAN Package Check Results for Package rpartScore

Last updated on 2014-04-24 19:54:07.

Flavor Version Tinstall Tcheck Ttotal Status Flags
r-devel-linux-x86_64-debian-clang 1.0-1 0.62 22.65 23.27 OK
r-devel-linux-x86_64-debian-gcc 1.0-1 0.62 23.18 23.80 OK
r-devel-linux-x86_64-fedora-clang 1.0-1 46.04 OK
r-devel-linux-x86_64-fedora-gcc 1.0-1 41.40 OK
r-devel-osx-x86_64-clang 1.0-1 42.40 OK
r-devel-osx-x86_64-gcc 1.0-1 OK
r-devel-windows-ix86+x86_64 1.0-1 2.00 35.00 37.00 OK
r-patched-linux-x86_64 1.0-1 0.61 21.81 22.42 OK
r-patched-solaris-sparc 1.0-1 255.50 OK
r-patched-solaris-x86 1.0-1 55.20 OK
r-release-linux-ix86 1.0-1 1.00 38.00 39.00 OK
r-release-linux-x86_64 1.0-1 0.60 22.24 22.84 OK
r-release-osx-x86_64-mavericks 1.0-1 WARN
r-release-osx-x86_64-snowleopard 1.0-1 OK
r-release-windows-ix86+x86_64 1.0-1 2.00 32.00 34.00 OK
r-oldrel-windows-ix86+x86_64 1.0-1 3.00 38.00 41.00 OK

Check Details

Version: 1.0-1
Check: PDF version of manual
Result: WARNING
    LaTeX errors when creating PDF version.
    This typically indicates Rd problems.
    LaTeX errors found:
    ! LaTeX Error: File `upquote.sty' not found.
    
    Type X to quit or <RETURN> to proceed,
    or enter new name. (Default extension: sty)
    
    a7a7e90/Rd2.tex:8: ==> Fatal error occurred, no output PDF file produced!
Flavor: r-release-osx-x86_64-mavericks