CRAN Package Check Results for Package rpartScore

Last updated on 2016-07-23 23:48:18.

Flavor Version Tinstall Tcheck Ttotal Status Flags
r-devel-linux-x86_64-debian-clang 1.0-1 0.86 22.82 23.68 NOTE
r-devel-linux-x86_64-debian-gcc 1.0-1 0.78 21.81 22.58 NOTE
r-devel-linux-x86_64-fedora-clang 1.0-1 38.17 NOTE
r-devel-linux-x86_64-fedora-gcc 1.0-1 33.23 NOTE
r-devel-osx-x86_64-clang 1.0-1 30.97 NOTE
r-devel-windows-ix86+x86_64 1.0-1 5.00 54.00 59.00 NOTE
r-patched-linux-x86_64 1.0-1 0.61 21.54 22.14 NOTE
r-patched-solaris-sparc 1.0-1 223.40 NOTE
r-patched-solaris-x86 1.0-1 43.80 NOTE
r-release-linux-x86_64 1.0-1 0.83 21.21 22.04 NOTE
r-release-osx-x86_64-mavericks 1.0-1 NOTE
r-release-windows-ix86+x86_64 1.0-1 3.00 55.00 58.00 NOTE
r-oldrel-windows-ix86+x86_64 1.0-1 4.00 42.00 46.00 OK

Check Details

Version: 1.0-1
Check: R code for possible problems
Result: NOTE
    evalMedian: no visible global function definition for ‘xtabs’
    evalMode: no visible global function definition for ‘xtabs’
    rpartScore: no visible global function definition for ‘model.extract’
    rpartScore: no visible global function definition for ‘var’
    rpartScore: no visible binding for global variable ‘var’
    splitAbs: no visible global function definition for ‘xtabs’
    Undefined global functions or variables:
     model.extract var xtabs
    Consider adding
     importFrom("stats", "model.extract", "var", "xtabs")
    to your NAMESPACE file.
Flavors: r-devel-linux-x86_64-debian-clang, r-devel-linux-x86_64-debian-gcc, r-devel-linux-x86_64-fedora-clang, r-devel-linux-x86_64-fedora-gcc, r-devel-osx-x86_64-clang, r-devel-windows-ix86+x86_64, r-patched-linux-x86_64, r-patched-solaris-sparc, r-patched-solaris-x86, r-release-linux-x86_64, r-release-osx-x86_64-mavericks, r-release-windows-ix86+x86_64