CRAN Package Check Results for Package rpartScore

Last updated on 2016-02-07 03:50:49.

Flavor Version Tinstall Tcheck Ttotal Status Flags
r-devel-linux-x86_64-debian-gcc 1.0-1 0.56 17.25 17.81 NOTE
r-devel-linux-x86_64-fedora-clang 1.0-1 35.47 NOTE
r-devel-linux-x86_64-fedora-gcc 1.0-1 33.88 NOTE
r-devel-osx-x86_64-clang 1.0-1 37.85 NOTE
r-devel-windows-ix86+x86_64 1.0-1 4.00 46.00 50.00 NOTE
r-patched-linux-x86_64 1.0-1 0.64 18.99 19.63 OK
r-patched-solaris-sparc 1.0-1 229.60 OK
r-patched-solaris-x86 1.0-1 45.30 OK
r-release-linux-x86_64 1.0-1 0.58 18.35 18.94 OK
r-release-osx-x86_64-mavericks 1.0-1 OK
r-release-windows-ix86+x86_64 1.0-1 3.00 56.00 59.00 OK
r-oldrel-windows-ix86+x86_64 1.0-1 5.00 45.00 50.00 OK

Check Details

Version: 1.0-1
Check: R code for possible problems
Result: NOTE
    evalMedian: no visible global function definition for ‘xtabs’
    evalMode: no visible global function definition for ‘xtabs’
    rpartScore: no visible global function definition for ‘model.extract’
    rpartScore: no visible global function definition for ‘var’
    rpartScore: no visible binding for global variable ‘var’
    splitAbs: no visible global function definition for ‘xtabs’
    Undefined global functions or variables:
     model.extract var xtabs
    Consider adding
     importFrom("stats", "model.extract", "var", "xtabs")
    to your NAMESPACE file.
Flavors: r-devel-linux-x86_64-debian-gcc, r-devel-linux-x86_64-fedora-clang, r-devel-linux-x86_64-fedora-gcc, r-devel-osx-x86_64-clang, r-devel-windows-ix86+x86_64