CRAN Package Check Results for Package rpartScore

Last updated on 2017-06-25 10:47:33.

Flavor Version Tinstall Tcheck Ttotal Status Flags
r-devel-linux-x86_64-debian-clang 1.0-1 0.69 22.15 22.84 NOTE
r-devel-linux-x86_64-debian-gcc 1.0-1 0.59 20.84 21.42 NOTE
r-devel-linux-x86_64-fedora-clang 1.0-1 40.05 NOTE
r-devel-linux-x86_64-fedora-gcc 1.0-1 38.62 NOTE
r-devel-windows-ix86+x86_64 1.0-1 2.00 57.00 59.00 NOTE
r-patched-linux-x86_64 1.0-1 0.68 21.18 21.86 NOTE
r-patched-solaris-sparc 1.0-1 244.90 NOTE
r-patched-solaris-x86 1.0-1 49.40 NOTE
r-release-linux-x86_64 1.0-1 0.59 22.11 22.70 NOTE
r-release-windows-ix86+x86_64 1.0-1 6.00 59.00 65.00 NOTE
r-release-osx-x86_64 1.0-1 NOTE
r-oldrel-windows-ix86+x86_64 1.0-1 5.00 54.00 59.00 NOTE
r-oldrel-osx-x86_64 1.0-1 NOTE

Check Details

Version: 1.0-1
Check: R code for possible problems
Result: NOTE
    evalMedian: no visible global function definition for ‘xtabs’
    evalMode: no visible global function definition for ‘xtabs’
    rpartScore: no visible global function definition for ‘model.extract’
    rpartScore: no visible global function definition for ‘var’
    rpartScore: no visible binding for global variable ‘var’
    splitAbs: no visible global function definition for ‘xtabs’
    Undefined global functions or variables:
     model.extract var xtabs
    Consider adding
     importFrom("stats", "model.extract", "var", "xtabs")
    to your NAMESPACE file.
Flavors: r-devel-linux-x86_64-debian-clang, r-devel-linux-x86_64-debian-gcc, r-devel-linux-x86_64-fedora-clang, r-devel-linux-x86_64-fedora-gcc, r-devel-windows-ix86+x86_64, r-patched-linux-x86_64, r-patched-solaris-sparc, r-patched-solaris-x86, r-release-linux-x86_64, r-release-windows-ix86+x86_64, r-release-osx-x86_64, r-oldrel-windows-ix86+x86_64, r-oldrel-osx-x86_64