CRAN Package Check Results for Package rpartScore

Last updated on 2017-12-15 04:47:39 CET.

Flavor Version Tinstall Tcheck Ttotal Status Flags
r-devel-linux-x86_64-debian-clang 1.0-1 0.68 31.67 32.35 NOTE
r-devel-linux-x86_64-debian-gcc 1.0-1 0.66 27.82 28.48 NOTE
r-devel-linux-x86_64-fedora-clang 1.0-1 42.49 NOTE
r-devel-linux-x86_64-fedora-gcc 1.0-1 41.66 NOTE
r-devel-windows-ix86+x86_64 1.0-1 5.00 61.00 66.00 NOTE
r-patched-linux-x86_64 1.0-1 0.81 36.93 37.74 NOTE
r-patched-solaris-x86 1.0-1 55.90 NOTE
r-release-linux-x86_64 1.0-1 0.67 35.45 36.12 NOTE
r-release-windows-ix86+x86_64 1.0-1 4.00 64.00 68.00 NOTE
r-release-osx-x86_64 1.0-1 NOTE
r-oldrel-windows-ix86+x86_64 1.0-1 4.00 54.00 58.00 NOTE
r-oldrel-osx-x86_64 1.0-1 NOTE

Check Details

Version: 1.0-1
Check: R code for possible problems
Result: NOTE
    evalMedian: no visible global function definition for ‘xtabs’
    evalMode: no visible global function definition for ‘xtabs’
    rpartScore: no visible global function definition for ‘model.extract’
    rpartScore: no visible global function definition for ‘var’
    rpartScore: no visible binding for global variable ‘var’
    splitAbs: no visible global function definition for ‘xtabs’
    Undefined global functions or variables:
     model.extract var xtabs
    Consider adding
     importFrom("stats", "model.extract", "var", "xtabs")
    to your NAMESPACE file.
Flavors: r-devel-linux-x86_64-debian-clang, r-devel-linux-x86_64-debian-gcc, r-devel-linux-x86_64-fedora-clang, r-devel-linux-x86_64-fedora-gcc, r-devel-windows-ix86+x86_64, r-patched-linux-x86_64, r-patched-solaris-x86, r-release-linux-x86_64, r-release-windows-ix86+x86_64, r-release-osx-x86_64, r-oldrel-windows-ix86+x86_64, r-oldrel-osx-x86_64