CRAN Package Check Results for Package rpartScore

Last updated on 2017-08-18 02:49:24.

Flavor Version Tinstall Tcheck Ttotal Status Flags
r-devel-linux-x86_64-debian-clang 1.0-1 0.72 22.50 23.23 NOTE
r-devel-linux-x86_64-debian-gcc 1.0-1 0.64 20.67 21.31 NOTE
r-devel-linux-x86_64-fedora-clang 1.0-1 41.35 NOTE
r-devel-linux-x86_64-fedora-gcc 1.0-1 38.21 NOTE
r-devel-windows-ix86+x86_64 1.0-1 3.00 45.00 48.00 NOTE
r-patched-linux-x86_64 1.0-1 0.61 21.49 22.10 NOTE
r-patched-solaris-x86 1.0-1 51.50 NOTE
r-release-linux-x86_64 1.0-1 0.68 21.32 22.00 NOTE
r-release-windows-ix86+x86_64 1.0-1 2.00 44.00 46.00 NOTE
r-release-osx-x86_64 1.0-1 NOTE
r-oldrel-windows-ix86+x86_64 1.0-1 2.00 53.00 55.00 NOTE
r-oldrel-osx-x86_64 1.0-1 NOTE

Check Details

Version: 1.0-1
Check: R code for possible problems
Result: NOTE
    evalMedian: no visible global function definition for ‘xtabs’
    evalMode: no visible global function definition for ‘xtabs’
    rpartScore: no visible global function definition for ‘model.extract’
    rpartScore: no visible global function definition for ‘var’
    rpartScore: no visible binding for global variable ‘var’
    splitAbs: no visible global function definition for ‘xtabs’
    Undefined global functions or variables:
     model.extract var xtabs
    Consider adding
     importFrom("stats", "model.extract", "var", "xtabs")
    to your NAMESPACE file.
Flavors: r-devel-linux-x86_64-debian-clang, r-devel-linux-x86_64-debian-gcc, r-devel-linux-x86_64-fedora-clang, r-devel-linux-x86_64-fedora-gcc, r-devel-windows-ix86+x86_64, r-patched-linux-x86_64, r-patched-solaris-x86, r-release-linux-x86_64, r-release-windows-ix86+x86_64, r-release-osx-x86_64, r-oldrel-windows-ix86+x86_64, r-oldrel-osx-x86_64