CRAN Package Check Results for Package rpdo

Last updated on 2022-07-04 16:52:38 CEST.

Flavor Version Tinstall Tcheck Ttotal Status Flags
r-devel-linux-x86_64-debian-clang 0.3.1 1.69 33.62 35.31 OK
r-devel-linux-x86_64-debian-gcc 0.3.1 2.09 26.46 28.55 OK
r-devel-linux-x86_64-fedora-clang 0.3.1 53.92 NOTE
r-devel-linux-x86_64-fedora-gcc 0.3.1 53.80 OK
r-devel-windows-x86_64 0.3.1 10.00 69.00 79.00 OK
r-patched-linux-x86_64 0.3.1 2.29 32.74 35.03 OK
r-release-linux-x86_64 0.3.1 2.68 32.88 35.56 OK
r-release-macos-arm64 0.3.1 20.00 OK
r-release-macos-x86_64 0.3.1 28.00 OK
r-release-windows-x86_64 0.3.1 17.00 62.00 79.00 OK
r-oldrel-macos-arm64 0.3.1 27.00 OK
r-oldrel-macos-x86_64 0.3.1 32.00 OK
r-oldrel-windows-ix86+x86_64 0.3.1 8.00 50.00 58.00 OK

Check Details

Version: 0.3.1
Check: Rd cross-references
Result: NOTE
    Undeclared package ‘rsoi’ in Rd xrefs
Flavor: r-devel-linux-x86_64-fedora-clang