CRAN Package Check Results for Package rpf

Last updated on 2015-04-27 23:47:37.

Flavor Version Tinstall Tcheck Ttotal Status Flags
r-devel-linux-x86_64-debian-clang 0.44 14.50 33.35 47.84 NOTE
r-devel-linux-x86_64-debian-gcc 0.44 15.00 33.01 48.01 NOTE
r-devel-linux-x86_64-fedora-clang 0.44 107.25 NOTE
r-devel-linux-x86_64-fedora-gcc 0.44 95.69 NOTE
r-devel-osx-x86_64-clang 0.44 84.83 OK
r-devel-windows-ix86+x86_64 0.44 49.00 94.00 143.00 OK
r-patched-linux-x86_64 0.44 15.09 32.18 47.27 NOTE
r-patched-solaris-sparc 0.44 719.90 NOTE
r-patched-solaris-x86 0.44 133.30 NOTE
r-release-linux-x86_64 0.44 15.18 31.95 47.13 NOTE
r-release-osx-x86_64-mavericks 0.44 NOTE
r-release-osx-x86_64-snowleopard 0.44 ERROR
r-release-windows-ix86+x86_64 0.44 57.00 119.00 176.00 OK
r-oldrel-windows-ix86+x86_64 0.44 38.00 100.00 138.00 OK

Check Details

Version: 0.44
Check: installed package size
Result: NOTE
     installed size is 8.2Mb
     sub-directories of 1Mb or more:
     libs 7.5Mb
Flavors: r-devel-linux-x86_64-debian-clang, r-devel-linux-x86_64-debian-gcc, r-devel-linux-x86_64-fedora-clang, r-devel-linux-x86_64-fedora-gcc, r-patched-solaris-sparc, r-patched-solaris-x86, r-release-linux-x86_64, r-release-osx-x86_64-mavericks

Version: 0.44
Check: package dependencies
Result: ERROR
    Packages suggested but not available for checking:
     ‘ggplot2’ ‘gridExtra’ ‘knitr’
    
    VignetteBuilder package required for checking but not installed: ‘knitr’
    
    See section ‘The DESCRIPTION file’ in the ‘Writing R Extensions’
    manual.
Flavor: r-release-osx-x86_64-snowleopard