CRAN Package Check Results for Package rpf

Last updated on 2018-04-22 23:50:38 CEST.

Flavor Version Tinstall Tcheck Ttotal Status Flags
r-devel-linux-x86_64-debian-clang 0.56.1 36.73 53.47 90.20 OK
r-devel-linux-x86_64-debian-gcc 0.56.1 27.73 45.09 72.82 OK
r-devel-linux-x86_64-fedora-clang 0.56.1 125.81 NOTE
r-devel-linux-x86_64-fedora-gcc 0.56.1 107.87 NOTE
r-devel-windows-ix86+x86_64 0.56.1 78.00 86.00 164.00 OK
r-devel-osx-x86_64 0.56.1 NOTE
r-patched-linux-x86_64 0.56.1 34.17 56.71 90.88 OK
r-patched-solaris-x86 0.56.1 125.60 OK
r-release-linux-x86_64 0.56.1 30.60 63.28 93.88 OK
r-release-windows-ix86+x86_64 0.56.1 63.00 89.00 152.00 OK
r-release-osx-x86_64 0.56.1 NOTE
r-oldrel-windows-ix86+x86_64 0.56.1 74.00 75.00 149.00 OK

Check Details

Version: 0.56.1
Check: installed package size
Result: NOTE
     installed size is 8.9Mb
     sub-directories of 1Mb or more:
     libs 8.1Mb
Flavors: r-devel-linux-x86_64-fedora-clang, r-devel-linux-x86_64-fedora-gcc, r-devel-osx-x86_64, r-release-osx-x86_64