CRAN Package Check Results for Package rpf

Last updated on 2015-05-22 13:47:02.

Flavor Version Tinstall Tcheck Ttotal Status Flags
r-devel-linux-x86_64-debian-clang 0.44 14.34 33.24 47.59 NOTE
r-devel-linux-x86_64-debian-gcc 0.44 15.27 32.53 47.80 NOTE
r-devel-linux-x86_64-fedora-gcc 0.44 95.81 NOTE
r-devel-osx-x86_64-clang 0.44 88.43 OK
r-devel-windows-ix86+x86_64 0.44 65.00 95.00 160.00 OK
r-patched-linux-x86_64 0.44 15.56 31.70 47.26 NOTE
r-patched-solaris-sparc 0.44 719.90 NOTE
r-patched-solaris-x86 0.44 134.10 NOTE
r-release-linux-x86_64 0.44 14.92 33.06 47.99 NOTE
r-release-osx-x86_64-mavericks 0.44 NOTE
r-release-osx-x86_64-snowleopard 0.44 ERROR
r-release-windows-ix86+x86_64 0.44 49.00 96.00 145.00 OK
r-oldrel-windows-ix86+x86_64 0.44 46.00 94.00 140.00 OK

Check Details

Version: 0.44
Check: installed package size
Result: NOTE
     installed size is 8.2Mb
     sub-directories of 1Mb or more:
     libs 7.5Mb
Flavors: r-devel-linux-x86_64-debian-clang, r-devel-linux-x86_64-debian-gcc, r-devel-linux-x86_64-fedora-gcc, r-patched-linux-x86_64, r-patched-solaris-sparc, r-patched-solaris-x86, r-release-linux-x86_64, r-release-osx-x86_64-mavericks

Version: 0.44
Check: package dependencies
Result: ERROR
    Packages suggested but not available for checking:
     ‘ggplot2’ ‘gridExtra’ ‘knitr’
    
    VignetteBuilder package required for checking but not installed: ‘knitr’
    
    See section ‘The DESCRIPTION file’ in the ‘Writing R Extensions’
    manual.
Flavor: r-release-osx-x86_64-snowleopard