CRAN Package Check Results for Package rpf

Last updated on 2016-09-25 03:47:25.

Flavor Version Tinstall Tcheck Ttotal Status Flags
r-devel-linux-x86_64-debian-clang 0.53 20.60 31.71 52.31 NOTE
r-devel-linux-x86_64-debian-gcc 0.53 18.33 30.10 48.43 NOTE
r-devel-linux-x86_64-fedora-clang 0.53 100.84 NOTE
r-devel-linux-x86_64-fedora-gcc 0.53 86.17 NOTE
r-devel-macos-x86_64-clang 0.53 76.31 OK
r-devel-windows-ix86+x86_64 0.53 62.00 68.00 130.00 OK
r-patched-linux-x86_64 0.53 17.99 30.38 48.37 NOTE
r-patched-solaris-sparc 0.53 487.90 ERROR
r-patched-solaris-x86 0.53 100.20 OK
r-release-linux-x86_64 0.53 16.00 31.41 47.41 NOTE
r-release-osx-x86_64-mavericks 0.53 NOTE
r-release-windows-ix86+x86_64 0.53 46.00 66.00 112.00 OK
r-oldrel-windows-ix86+x86_64 0.53 67.00 102.00 169.00 OK

Check Details

Version: 0.53
Check: installed package size
Result: NOTE
     installed size is 8.9Mb
     sub-directories of 1Mb or more:
     libs 8.2Mb
Flavors: r-devel-linux-x86_64-debian-clang, r-devel-linux-x86_64-debian-gcc, r-devel-linux-x86_64-fedora-clang, r-devel-linux-x86_64-fedora-gcc, r-patched-linux-x86_64, r-release-linux-x86_64, r-release-osx-x86_64-mavericks

Version: 0.53
Check: tests
Result: ERROR
    Running the tests in ‘tests/testthat.R’ failed.
    Last 13 lines of output:
     [5] -315.94 - -7.92e-02 == -315.87
     [6] -315.94 - 7.57e+01 == -391.65
     [7] -315.94 - -1.55e-01 == -315.79
     [8] -315.94 - -6.32e+02 == 315.59
     [9] -315.94 - -1.07e-03 == -315.94
     ...
     testthat results ================================================================
     OK: 361 SKIPPED: 0 FAILED: 2
     1. Failure: tpbw1995-table2 (@test-score.R#26)
     2. Failure: tpbw1995-table2 (@test-score.R#27)
    
     Error: testthat unit tests failed
     Execution halted
Flavor: r-patched-solaris-sparc