CRAN Package Check Results for Package rpf

Last updated on 2014-04-23 12:48:27.

Flavor Version Tinstall Tcheck Ttotal Status Flags
r-devel-linux-x86_64-debian-clang 0.28 2.39 41.19 43.58 OK
r-devel-linux-x86_64-debian-gcc 0.28 3.02 41.07 44.09 OK
r-devel-linux-x86_64-fedora-clang 0.28 86.03 OK
r-devel-linux-x86_64-fedora-gcc 0.28 84.98 OK
r-devel-osx-x86_64-clang 0.28 80.60 OK
r-devel-osx-x86_64-gcc 0.28 NOTE
r-devel-windows-ix86+x86_64 0.28 11.00 86.00 97.00 OK
r-patched-linux-x86_64 0.28 2.88 40.24 43.11 OK
r-patched-solaris-sparc 0.28 596.70 OK
r-patched-solaris-x86 0.28 121.70 OK
r-release-linux-ix86 0.28 5.00 69.00 74.00 OK
r-release-linux-x86_64 0.28 3.11 40.43 43.54 OK
r-release-osx-x86_64-mavericks 0.28 WARN
r-release-osx-x86_64-snowleopard 0.28 OK
r-release-windows-ix86+x86_64 0.28 10.00 84.00 94.00 OK
r-oldrel-windows-ix86+x86_64 0.28 11.00 88.00 99.00 OK

Check Details

Version: 0.28
Check: package dependencies
Result: NOTE
    Packages suggested but not available for checking:
     ‘ggplot2’ ‘gridExtra’ ‘knitr’
    
    Files named as vignettes but with no recognized vignette engine:
     ‘inst/doc/flexmirt-plots.Rnw’
    (Is a VignetteBuilder field missing?)
Flavor: r-devel-osx-x86_64-gcc

Version: 0.28
Check: PDF version of manual
Result: WARNING
    LaTeX errors when creating PDF version.
    This typically indicates Rd problems.
    LaTeX errors found:
    ! LaTeX Error: File `upquote.sty' not found.
    
    Type X to quit or <RETURN> to proceed,
    or enter new name. (Default extension: sty)
    
    /private/tmp/RtmpVSZOup/Rd2pdf967a14e2c262/Rd2.tex:8: ==> Fatal error occurred
    , no output PDF file produced!
Flavor: r-release-osx-x86_64-mavericks