CRAN Package Check Results for Package rpf

Last updated on 2017-06-23 14:47:31.

Flavor Version Tinstall Tcheck Ttotal Status Flags
r-devel-linux-x86_64-debian-clang 0.53 22.36 36.74 59.10 ERROR
r-devel-linux-x86_64-debian-gcc 0.53 19.60 37.39 57.00 NOTE
r-devel-linux-x86_64-fedora-clang 0.53 122.67 NOTE
r-devel-linux-x86_64-fedora-gcc 0.53 110.86 NOTE
r-devel-windows-ix86+x86_64 0.53 77.00 115.00 192.00 OK
r-patched-linux-x86_64 0.53 17.68 38.21 55.89 NOTE
r-patched-solaris-sparc 0.53 599.70 ERROR
r-patched-solaris-x86 0.53 129.40 OK
r-release-linux-x86_64 0.53 17.85 37.66 55.52 NOTE
r-release-windows-ix86+x86_64 0.53 55.00 125.00 180.00 OK
r-release-osx-x86_64 0.53 NOTE
r-oldrel-windows-ix86+x86_64 0.53 84.00 92.00 176.00 OK
r-oldrel-osx-x86_64 0.53 NOTE

Additional issues

rchk

Check Details

Version: 0.53
Check: compiled code
Result: NOTE
    File ‘rpf/libs/rpf.so’:
     Found no call to: ‘R_useDynamicSymbols’
    
    It is good practice to register native routines and to disable symbol
    search.
    
    See ‘Writing portable packages’ in the ‘Writing R Extensions’ manual.
Flavors: r-devel-linux-x86_64-debian-clang, r-devel-linux-x86_64-debian-gcc, r-devel-linux-x86_64-fedora-clang, r-devel-linux-x86_64-fedora-gcc, r-patched-linux-x86_64, r-release-linux-x86_64

Version: 0.53
Check: examples
Result: ERROR
    Running examples in ‘rpf-Ex.R’ failed
    The error most likely occurred in:
    
    > base::assign(".ptime", proc.time(), pos = "CheckExEnv")
    > ### Name: EAPscores
    > ### Title: Compute EAP scores
    > ### Aliases: EAPscores
    >
    > ### ** Examples
    >
    > spec <- list()
    > spec[1:3] <- rpf.grm(outcomes=3)
    Warning in `[<-`(`*tmp*`, 1:3, value = <S4 object of class "rpf.mdim.grm">) :
     implicit list embedding of S4 objects is deprecated
    > param <- sapply(spec, rpf.rparam)
    > data <- rpf.sample(5, spec, param)
    > colnames(param) <- colnames(data)
    > grp <- list(spec=spec, param=param, data=data, minItemsPerScore=1L)
    > EAPscores(grp)
    *** invalid %N$ use detected ***
    Aborted
Flavor: r-devel-linux-x86_64-debian-clang

Version: 0.53
Check: tests
Result: ERROR
     Running ‘testthat.R’ [5s/4s]
    Running the tests in ‘tests/testthat.R’ failed.
    Complete output:
     > library(testthat)
     > library(rpf)
     Loading required package: parallel
     >
     > test_check("rpf")
     Loading required package: stats4
     Loading required package: lattice
     *** invalid %N$ use detected ***
     Aborted
Flavor: r-devel-linux-x86_64-debian-clang

Version: 0.53
Check: installed package size
Result: NOTE
     installed size is 8.6Mb
     sub-directories of 1Mb or more:
     libs 7.9Mb
Flavors: r-devel-linux-x86_64-fedora-clang, r-devel-linux-x86_64-fedora-gcc, r-release-osx-x86_64, r-oldrel-osx-x86_64

Version: 0.53
Check: tests
Result: ERROR
     Running ‘testthat.R’ [100s/78s]
    Running the tests in ‘tests/testthat.R’ failed.
    Complete output:
     > library(testthat)
     > library(rpf)
     Loading required package: parallel
     >
     > test_check("rpf")
     Loading required package: stats4
     Loading required package: lattice
     1. Failure: tpbw1995-table2 (@test-score.R#26) ---------------------------------
     scores[, 1] not equal to c(0.084, -0.154).
     1/2 mismatches
     [1] 1.68 - 0.084 == 1.6
    
    
     2. Failure: tpbw1995-table2 (@test-score.R#27) ---------------------------------
     scores[, 2] not equal to c(0.539, 0.572).
     1/2 mismatches
     [1] 1.61 - 0.539 == 1.07
    
    
     Error: grp1$score[, 1] not equal to grp2$score[, 1].
     723/1000 mismatches (average diff: 107)
     [1] -1.24 - -1.21e+00 == -0.0309
     [2] -1.24 - -7.04e+01 == 69.1270
     [3] -1.24 - -2.15e-01 == -1.0230
     [4] 51.28 - -3.55e+01 == 86.8167
     [5] 51.28 - -2.23e-11 == 51.2829
     [6] 51.28 - -2.22e+02 == 273.3388
     [7] 51.28 - -4.57e+01 == 96.9400
     [8] 51.28 - -8.80e+01 == 139.2795
     [9] 51.28 - 0.00e+00 == 51.2829
     ...
     testthat results ================================================================
     OK: 361 SKIPPED: 0 FAILED: 2
     1. Failure: tpbw1995-table2 (@test-score.R#26)
     2. Failure: tpbw1995-table2 (@test-score.R#27)
    
     Error: testthat unit tests failed
     Execution halted
Flavor: r-patched-solaris-sparc