CRAN Package Check Results for Package rpf

Last updated on 2014-12-19 07:47:49.

Flavor Version Tinstall Tcheck Ttotal Status Flags
r-devel-linux-x86_64-debian-clang 0.44 14.12 38.06 52.18 NOTE
r-devel-linux-x86_64-debian-gcc 0.44 15.84 37.78 53.62 NOTE
r-devel-linux-x86_64-fedora-clang 0.44 124.67 NOTE
r-devel-linux-x86_64-fedora-gcc 0.44 106.76 NOTE
r-devel-osx-x86_64-clang 0.44 97.31 OK
r-devel-windows-ix86+x86_64 0.44 47.00 96.00 143.00 OK
r-patched-linux-x86_64 0.44 15.54 40.00 55.54 NOTE
r-patched-solaris-sparc 0.44 807.50 NOTE
r-patched-solaris-x86 0.44 165.10 NOTE
r-release-linux-ix86 0.44 18.14 60.22 78.36 NOTE
r-release-linux-x86_64 0.44 15.23 39.39 54.62 NOTE
r-release-osx-x86_64-mavericks 0.44 NOTE
r-release-osx-x86_64-snowleopard 0.44 NOTE
r-release-windows-ix86+x86_64 0.44 44.00 106.00 150.00 OK
r-oldrel-windows-ix86+x86_64 0.44 45.00 117.00 162.00 OK

Check Details

Version: 0.44
Check: installed package size
Result: NOTE
     installed size is 8.3Mb
     sub-directories of 1Mb or more:
     libs 7.6Mb
Flavors: r-devel-linux-x86_64-debian-clang, r-devel-linux-x86_64-debian-gcc, r-devel-linux-x86_64-fedora-clang, r-devel-linux-x86_64-fedora-gcc, r-patched-linux-x86_64, r-patched-solaris-sparc, r-patched-solaris-x86, r-release-linux-ix86, r-release-linux-x86_64, r-release-osx-x86_64-mavericks, r-release-osx-x86_64-snowleopard