CRAN Package Check Results for Package rpf

Last updated on 2017-10-19 11:47:48.

Flavor Version Tinstall Tcheck Ttotal Status Flags
r-devel-linux-x86_64-debian-clang 0.55 20.92 37.82 58.74 ERROR
r-devel-linux-x86_64-debian-gcc 0.55 20.97 39.94 60.90 OK
r-devel-linux-x86_64-fedora-clang 0.55 123.38 NOTE
r-devel-linux-x86_64-fedora-gcc 0.55 120.50 NOTE
r-devel-windows-ix86+x86_64 0.55 48.00 81.00 129.00 ERROR
r-patched-linux-x86_64 0.55 20.18 39.10 59.28 OK
r-patched-solaris-x86 0.55 105.80 ERROR
r-release-linux-x86_64 0.55 20.19 38.04 58.22 OK
r-release-windows-ix86+x86_64 0.55 78.00 113.00 191.00 OK
r-release-osx-x86_64 0.55 NOTE
r-oldrel-windows-ix86+x86_64 0.55 69.00 79.00 148.00 ERROR
r-oldrel-osx-x86_64 0.55 NOTE

Additional issues

clang-ASAN gcc-ASAN rchk

Check Details

Version: 0.55
Check: examples
Result: ERROR
    Running examples in ‘rpf-Ex.R’ failed
    The error most likely occurred in:
    
    > base::assign(".ptime", proc.time(), pos = "CheckExEnv")
    > ### Name: EAPscores
    > ### Title: Compute EAP scores
    > ### Aliases: EAPscores
    >
    > ### ** Examples
    >
    > spec <- list()
    > spec[1:3] <- list(rpf.grm(outcomes=3))
    > param <- sapply(spec, rpf.rparam)
    > data <- rpf.sample(5, spec, param)
    > colnames(param) <- colnames(data)
    > grp <- list(spec=spec, param=param, data=data, minItemsPerScore=1L)
    > EAPscores(grp)
    *** invalid %N$ use detected ***
    Aborted
Flavor: r-devel-linux-x86_64-debian-clang

Version: 0.55
Check: tests
Result: ERROR
     Running ‘testthat.R’ [5s/4s]
    Running the tests in ‘tests/testthat.R’ failed.
    Complete output:
     > library(testthat)
     > library(rpf)
     Loading required package: parallel
     >
     > test_check("rpf")
     Loading required package: stats4
     Loading required package: lattice
     *** invalid %N$ use detected ***
     Aborted
Flavor: r-devel-linux-x86_64-debian-clang

Version: 0.55
Check: installed package size
Result: NOTE
     installed size is 8.8Mb
     sub-directories of 1Mb or more:
     libs 8.1Mb
Flavors: r-devel-linux-x86_64-fedora-clang, r-devel-linux-x86_64-fedora-gcc, r-release-osx-x86_64, r-oldrel-osx-x86_64

Version: 0.55
Check: running tests for arch ‘i386’
Result: ERROR
     Running 'testthat.R' [6s]
    Running the tests in 'tests/testthat.R' failed.
    Complete output:
     > library(testthat)
     > library(rpf)
     Loading required package: parallel
     RPF is not compiled to take advantage of computers with multiple cores.
     >
     > test_check("rpf")
     Loading required package: stats4
     Loading required package: lattice
Flavor: r-devel-windows-ix86+x86_64

Version: 0.55
Check: tests
Result: ERROR
     Running ‘testthat.R’ [12s/11s]
    Running the tests in ‘tests/testthat.R’ failed.
    Complete output:
     > library(testthat)
     > library(rpf)
     Loading required package: parallel
     >
     > test_check("rpf")
     Loading required package: stats4
     Loading required package: lattice
     1. Failure: tpbw1995-table2 (@test-score.R#26) ---------------------------------
     scores[, 1] not equal to c(0.084, -0.154).
     1/2 mismatches
     [1] -23.9 - 0.084 == -24
    
    
     2. Failure: tpbw1995-table2 (@test-score.R#27) ---------------------------------
     scores[, 2] not equal to c(0.539, 0.572).
     1/2 mismatches
     [1] NaN - 0.539 == NaN
    
    
     Error: grp1$score[, 1] not equal to grp2$score[, 1].
     930/1000 mismatches (average diff: 74.5)
     [1] -4.322 - -2.462 == -1.860
     [2] -4.322 - -1.488 == -2.835
     [3] -4.322 - -0.877 == -3.445
     [4] -0.719 - -54.294 == 53.575
     [5] -0.719 - -1.064 == 0.345
     [6] -0.719 - 4.456 == -5.175
     [7] -0.719 - -5.864 == 5.145
     [8] -0.719 - -6.308 == 5.589
     [9] -0.719 - -1.796 == 1.077
     ...
     testthat results ================================================================
     OK: 361 SKIPPED: 0 FAILED: 2
     1. Failure: tpbw1995-table2 (@test-score.R#26)
     2. Failure: tpbw1995-table2 (@test-score.R#27)
    
     Error: testthat unit tests failed
     Execution halted
Flavor: r-patched-solaris-x86

Version: 0.55
Check: running tests for arch ‘i386’
Result: ERROR
     Running 'testthat.R' [4s]
    Running the tests in 'tests/testthat.R' failed.
    Complete output:
     > library(testthat)
     > library(rpf)
     Loading required package: parallel
     RPF is not compiled to take advantage of computers with multiple cores.
     >
     > test_check("rpf")
     Loading required package: stats4
     Loading required package: lattice
Flavor: r-oldrel-windows-ix86+x86_64