CRAN Package Check Results for Package rpf

Last updated on 2014-11-26 23:48:51.

Flavor Version Tinstall Tcheck Ttotal Status Flags
r-devel-linux-x86_64-debian-clang 0.43 14.10 38.12 52.22 NOTE
r-devel-linux-x86_64-debian-gcc 0.43 15.33 37.34 52.67 NOTE
r-devel-linux-x86_64-fedora-clang 0.43 123.33 NOTE
r-devel-linux-x86_64-fedora-gcc 0.43 113.26 NOTE
r-devel-osx-x86_64-clang 0.43 101.41 OK
r-devel-windows-ix86+x86_64 0.43 47.00 96.00 143.00 OK
r-patched-linux-x86_64 0.43 15.90 40.30 56.20 NOTE
r-patched-solaris-sparc 0.43 811.50 NOTE
r-patched-solaris-x86 0.43 162.60 NOTE
r-release-linux-ix86 0.43 18.04 60.90 78.94 NOTE
r-release-linux-x86_64 0.43 15.84 41.02 56.86 NOTE
r-release-osx-x86_64-mavericks 0.43 NOTE
r-release-osx-x86_64-snowleopard 0.43 NOTE
r-release-windows-ix86+x86_64 0.43 41.00 104.00 145.00 OK
r-oldrel-windows-ix86+x86_64 0.43 41.00 108.00 149.00 OK

Check Details

Version: 0.43
Check: installed package size
Result: NOTE
     installed size is 8.3Mb
     sub-directories of 1Mb or more:
     libs 7.6Mb
Flavors: r-devel-linux-x86_64-debian-clang, r-devel-linux-x86_64-debian-gcc, r-devel-linux-x86_64-fedora-clang, r-devel-linux-x86_64-fedora-gcc, r-patched-linux-x86_64, r-patched-solaris-sparc, r-patched-solaris-x86, r-release-linux-ix86, r-release-linux-x86_64, r-release-osx-x86_64-mavericks, r-release-osx-x86_64-snowleopard