CRAN Package Check Results for Package rpf

Last updated on 2016-02-06 07:48:07.

Flavor Version Tinstall Tcheck Ttotal Status Flags
r-devel-linux-x86_64-debian-gcc 0.51 15.93 30.56 46.50 NOTE
r-devel-linux-x86_64-fedora-clang 0.51 97.28 NOTE
r-devel-linux-x86_64-fedora-gcc 0.51 87.37 NOTE
r-devel-osx-x86_64-clang 0.51 93.77 OK
r-devel-windows-ix86+x86_64 0.51 61.00 78.00 139.00 OK
r-patched-linux-x86_64 0.51 16.01 32.58 48.59 NOTE
r-patched-solaris-sparc 0.51 517.70 OK
r-patched-solaris-x86 0.51 102.50 OK
r-release-linux-x86_64 0.51 16.13 32.99 49.11 NOTE
r-release-osx-x86_64-mavericks 0.51 NOTE
r-release-windows-ix86+x86_64 0.51 62.00 75.00 137.00 OK
r-oldrel-windows-ix86+x86_64 0.51 58.00 89.00 147.00 OK

Check Details

Version: 0.51
Check: installed package size
Result: NOTE
     installed size is 9.4Mb
     sub-directories of 1Mb or more:
     libs 8.7Mb
Flavors: r-devel-linux-x86_64-debian-gcc, r-devel-linux-x86_64-fedora-clang, r-devel-linux-x86_64-fedora-gcc, r-patched-linux-x86_64, r-release-linux-x86_64, r-release-osx-x86_64-mavericks