CRAN Package Check Results for Package rpf

Last updated on 2018-06-25 00:49:49 CEST.

Flavor Version Tinstall Tcheck Ttotal Status Flags
r-devel-linux-x86_64-debian-clang 0.59 37.87 55.80 93.67 OK
r-devel-linux-x86_64-debian-gcc 0.59 29.03 46.62 75.65 OK
r-devel-linux-x86_64-fedora-clang 0.59 124.86 NOTE
r-devel-linux-x86_64-fedora-gcc 0.59 109.62 OK
r-devel-windows-ix86+x86_64 0.59 79.00 99.00 178.00 OK
r-patched-linux-x86_64 0.59 34.20 56.94 91.14 OK
r-patched-solaris-x86 0.59 126.80 ERROR
r-release-linux-x86_64 0.59 35.08 57.10 92.18 OK
r-release-windows-ix86+x86_64 0.59 79.00 130.00 209.00 OK
r-release-osx-x86_64 0.59 NOTE
r-oldrel-windows-ix86+x86_64 0.59 73.00 122.00 195.00 OK
r-oldrel-osx-x86_64 0.59 NOTE

Additional issues

rchk

Check Details

Version: 0.59
Check: installed package size
Result: NOTE
     installed size is 8.9Mb
     sub-directories of 1Mb or more:
     libs 8.1Mb
Flavors: r-devel-linux-x86_64-fedora-clang, r-release-osx-x86_64, r-oldrel-osx-x86_64

Version: 0.59
Check: tests
Result: ERROR
     Running ‘testthat.R’ [16s/18s]
    Running the tests in ‘tests/testthat.R’ failed.
    Complete output:
     > library(testthat)
     > library(rpf)
     Loading required package: parallel
     >
     > test_check("rpf")
     ── 1. Failure: (unknown) (@test-weightColumn.R#30) ────────────────────────────
     grp1$score[, 1] not equal to grp2$score[, 1].
     790/1000 mismatches (average diff: 42.8)
     [1] -0.0141 - -2.22e+01 == 22.16733
     [2] -0.0141 - -5.34e-03 == -0.00873
     [3] -0.0141 - -1.24e+00 == 1.22963
     [4] 0.0148 - -6.08e-01 == 0.62234
     [5] 0.0148 - -1.70e+00 == 1.71027
     [6] 0.0148 - -2.64e-01 == 0.27906
     [7] 0.0148 - -4.00e+00 == 4.01074
     [8] 0.0148 - -1.30e-06 == 0.01479
     [9] 0.0148 - -5.73e+00 == 5.74533
     ...
    
     ══ testthat results ═══════════════════════════════════════════════════════════
     OK: 375 SKIPPED: 0 FAILED: 1
     1. Failure: (unknown) (@test-weightColumn.R#30)
    
     Error: testthat unit tests failed
     Execution halted
Flavor: r-patched-solaris-x86