CRAN Package Check Results for Package rpf

Last updated on 2016-07-28 06:47:34.

Flavor Version Tinstall Tcheck Ttotal Status Flags
r-devel-linux-x86_64-debian-clang 0.53 25.88 36.09 61.97 NOTE
r-devel-linux-x86_64-debian-gcc 0.53 22.12 34.60 56.72 NOTE
r-devel-linux-x86_64-fedora-clang 0.53 102.46 NOTE
r-devel-linux-x86_64-fedora-gcc 0.53 82.31 NOTE
r-devel-osx-x86_64-clang 0.53 79.33 OK
r-devel-windows-ix86+x86_64 0.53 63.00 93.00 156.00 OK
r-patched-linux-x86_64 0.53 18.26 34.00 52.26 NOTE
r-patched-solaris-sparc 0.53 487.90 ERROR
r-patched-solaris-x86 0.53 99.10 ERROR
r-release-linux-x86_64 0.53 18.06 34.72 52.78 NOTE
r-release-osx-x86_64-mavericks 0.53 NOTE
r-release-windows-ix86+x86_64 0.53 65.00 95.00 160.00 OK
r-oldrel-windows-ix86+x86_64 0.53 60.00 74.00 134.00 OK

Check Details

Version: 0.53
Check: installed package size
Result: NOTE
     installed size is 8.9Mb
     sub-directories of 1Mb or more:
     libs 8.2Mb
Flavors: r-devel-linux-x86_64-debian-clang, r-devel-linux-x86_64-debian-gcc, r-devel-linux-x86_64-fedora-clang, r-devel-linux-x86_64-fedora-gcc, r-patched-linux-x86_64, r-release-linux-x86_64, r-release-osx-x86_64-mavericks

Version: 0.53
Check: tests
Result: ERROR
    Running the tests in ‘tests/testthat.R’ failed.
    Last 13 lines of output:
     [5] -315.94 - -7.92e-02 == -315.87
     [6] -315.94 - 7.57e+01 == -391.65
     [7] -315.94 - -1.55e-01 == -315.79
     [8] -315.94 - -6.32e+02 == 315.59
     [9] -315.94 - -1.07e-03 == -315.94
     ...
     testthat results ================================================================
     OK: 361 SKIPPED: 0 FAILED: 2
     1. Failure: tpbw1995-table2 (@test-score.R#26)
     2. Failure: tpbw1995-table2 (@test-score.R#27)
    
     Error: testthat unit tests failed
     Execution halted
Flavor: r-patched-solaris-sparc

Version: 0.53
Check: tests
Result: ERROR
    Running the tests in ‘tests/testthat.R’ failed.
    Last 13 lines of output:
     [1] -1.238 - 7.77677 == -9.015
     [2] -1.238 - -2.61566 == 1.377
     [6] -0.719 - -18.64037 == 17.922
     [7] -0.719 - -0.00255 == -0.716
     [8] -0.719 - -0.34515 == -0.374
     [9] -0.719 - -60.41013 == 59.691
     [10] -0.719 - -6.46133 == 5.743
     [11] -0.719 - -0.13120 == -0.588
     [12] -0.236 - -0.00526 == -0.230
     ...
     testthat results ================================================================
     OK: 363 SKIPPED: 0 FAILED: 0
     Execution halted
Flavor: r-patched-solaris-x86