CRAN Package Check Results for Package rpf

Last updated on 2015-07-30 09:47:42.

Flavor Version Tinstall Tcheck Ttotal Status Flags
r-devel-linux-x86_64-debian-clang 0.45 14.75 33.37 48.12 NOTE
r-devel-linux-x86_64-debian-gcc 0.45 15.90 33.24 49.14 NOTE
r-devel-linux-x86_64-fedora-clang 0.45 110.46 NOTE
r-devel-linux-x86_64-fedora-gcc 0.45 96.63 NOTE
r-devel-osx-x86_64-clang 0.45 78.40 OK
r-devel-windows-ix86+x86_64 0.45 66.00 104.00 170.00 NOTE
r-patched-linux-x86_64 0.45 15.68 33.21 48.89 NOTE
r-patched-solaris-sparc 0.45 667.70 OK
r-patched-solaris-x86 0.45 129.70 OK
r-release-linux-x86_64 0.45 16.21 32.56 48.78 NOTE
r-release-osx-x86_64-mavericks 0.45 NOTE
r-release-windows-ix86+x86_64 0.45 63.00 97.00 160.00 OK
r-oldrel-windows-ix86+x86_64 0.45 51.00 112.00 163.00 OK

Check Details

Version: 0.45
Check: installed package size
Result: NOTE
     installed size is 9.0Mb
     sub-directories of 1Mb or more:
     libs 8.3Mb
Flavors: r-devel-linux-x86_64-debian-clang, r-devel-linux-x86_64-debian-gcc, r-devel-linux-x86_64-fedora-clang, r-devel-linux-x86_64-fedora-gcc, r-patched-linux-x86_64, r-release-linux-x86_64, r-release-osx-x86_64-mavericks

Version: 0.45
Check: R code for possible problems
Result: NOTE
    CT1997Internal2: no visible global function definition for ‘pchisq’
    SitemFit1Internal: no visible global function definition for ‘pchisq’
    build.T: no visible global function definition for ‘rnorm’
    collapseCells: no visible global function definition for ‘na.omit’
    multinomialFit: no visible global function definition for ‘pchisq’
    pChiSqFun: no visible global function definition for ‘pchisq’
    ptw2011.gof.test: no visible global function definition for ‘integrate’
    read.flexmirt: no visible global function definition for ‘count.fields’
    read.flexmirt: no visible global function definition for ‘read.delim’
    rmseaConfidenceIntervalHelper: no visible global function definition
     for ‘pchisq’
    rmseaConfidenceIntervalHelper: no visible global function definition
     for ‘uniroot’
    sumScoreEAPTestInternal: no visible global function definition for
     ‘pchisq’
    rpf.rparam,rpf.1dim.drm: no visible global function definition for
     ‘rlnorm’
    rpf.rparam,rpf.1dim.drm: no visible global function definition for
     ‘rnorm’
    rpf.rparam,rpf.1dim.drm: no visible global function definition for
     ‘rbeta’
    rpf.rparam,rpf.mdim.drm: no visible global function definition for
     ‘rnorm’
    rpf.rparam,rpf.mdim.drm: no visible global function definition for
     ‘rlnorm’
    rpf.rparam,rpf.mdim.drm: no visible global function definition for
     ‘rbeta’
    rpf.rparam,rpf.mdim.graded: no visible global function definition for
     ‘rnorm’
    rpf.rparam,rpf.mdim.graded: no visible global function definition for
     ‘rlnorm’
    rpf.rparam,rpf.mdim.graded: no visible global function definition for
     ‘runif’
    rpf.rparam,rpf.mdim.mcm: no visible global function definition for
     ‘rlnorm’
    rpf.rparam,rpf.mdim.mcm: no visible global function definition for
     ‘rnorm’
    rpf.rparam,rpf.mdim.mcm: no visible global function definition for
     ‘rbeta’
    rpf.rparam,rpf.mdim.nrm: no visible global function definition for
     ‘rnorm’
    rpf.rparam,rpf.mdim.nrm: no visible global function definition for
     ‘rlnorm’
    Undefined global functions or variables:
     count.fields integrate na.omit pchisq rbeta read.delim rlnorm rnorm
     runif uniroot
    Consider adding
     importFrom("stats", "integrate", "na.omit", "pchisq", "rbeta",
     "rlnorm", "rnorm", "runif", "uniroot")
     importFrom("utils", "count.fields", "read.delim")
    to your NAMESPACE.
Flavors: r-devel-linux-x86_64-debian-clang, r-devel-linux-x86_64-debian-gcc, r-devel-linux-x86_64-fedora-clang, r-devel-linux-x86_64-fedora-gcc, r-devel-windows-ix86+x86_64