CRAN Package Check Results for Package rpf

Last updated on 2014-07-31 08:47:08.

Flavor Version Tinstall Tcheck Ttotal Status Flags
r-devel-linux-x86_64-debian-clang 0.36 13.03 40.52 53.55 NOTE
r-devel-linux-x86_64-debian-gcc 0.36 15.41 39.14 54.55 NOTE
r-devel-linux-x86_64-fedora-clang 0.36 68.83 NOTE
r-devel-linux-x86_64-fedora-gcc 0.36 63.74 NOTE
r-devel-osx-x86_64-clang 0.36 98.68 OK
r-devel-windows-ix86+x86_64 0.36 45.00 105.00 150.00 OK
r-patched-linux-x86_64 0.36 15.34 39.52 54.86 NOTE
r-patched-solaris-sparc 0.36 723.70 NOTE
r-patched-solaris-x86 0.36 154.00 NOTE
r-release-linux-ix86 0.35 18.23 63.28 81.52 NOTE
r-release-linux-x86_64 0.36 15.10 41.45 56.55 NOTE
r-release-osx-x86_64-mavericks 0.35 NOTE
r-release-osx-x86_64-snowleopard 0.36 NOTE
r-release-windows-ix86+x86_64 0.36 69.00 138.00 207.00 OK
r-oldrel-windows-ix86+x86_64 0.36 65.00 142.00 207.00 OK

Check Details

Version: 0.36
Check: installed package size
Result: NOTE
     installed size is 7.8Mb
     sub-directories of 1Mb or more:
     libs 7.1Mb
Flavors: r-devel-linux-x86_64-debian-clang, r-devel-linux-x86_64-debian-gcc, r-devel-linux-x86_64-fedora-clang, r-devel-linux-x86_64-fedora-gcc, r-patched-linux-x86_64, r-patched-solaris-sparc, r-patched-solaris-x86, r-release-linux-x86_64, r-release-osx-x86_64-snowleopard

Version: 0.35
Check: installed package size
Result: NOTE
     installed size is 7.5Mb
     sub-directories of 1Mb or more:
     libs 6.8Mb
Flavors: r-release-linux-ix86, r-release-osx-x86_64-mavericks