CRAN Package Check Results for Package rpf

Last updated on 2017-12-11 17:49:15 CET.

Flavor Version Tinstall Tcheck Ttotal Status Flags
r-devel-linux-x86_64-debian-clang 0.56 27.28 50.91 78.19 ERROR
r-devel-linux-x86_64-debian-gcc 0.56 24.74 51.40 76.14 OK
r-devel-linux-x86_64-fedora-clang 0.56 121.25 NOTE
r-devel-linux-x86_64-fedora-gcc 0.56 109.86 NOTE
r-devel-windows-ix86+x86_64 0.56 67.00 86.00 153.00 OK
r-patched-linux-x86_64 0.56 26.72 65.98 92.70 OK
r-patched-solaris-x86 0.56 4.10 ERROR
r-release-linux-x86_64 0.56 28.41 65.89 94.30 OK
r-release-windows-ix86+x86_64 0.56 49.00 84.00 133.00 OK
r-release-osx-x86_64 0.56 NOTE
r-oldrel-windows-ix86+x86_64 0.56 70.00 100.00 170.00 OK
r-oldrel-osx-x86_64 0.56 NOTE

Additional issues

rchk

Check Details

Version: 0.56
Check: examples
Result: ERROR
    Running examples in ‘rpf-Ex.R’ failed
    The error most likely occurred in:
    
    > base::assign(".ptime", proc.time(), pos = "CheckExEnv")
    > ### Name: EAPscores
    > ### Title: Compute EAP scores
    > ### Aliases: EAPscores
    >
    > ### ** Examples
    >
    > spec <- list()
    > spec[1:3] <- list(rpf.grm(outcomes=3))
    > param <- sapply(spec, rpf.rparam)
    > data <- rpf.sample(5, spec, param)
    > colnames(param) <- colnames(data)
    > grp <- list(spec=spec, param=param, data=data, minItemsPerScore=1L)
    > EAPscores(grp)
    *** invalid %N$ use detected ***
    Aborted
Flavor: r-devel-linux-x86_64-debian-clang

Version: 0.56
Check: tests
Result: ERROR
     Running ‘testthat.R’ [7s/6s]
    Running the tests in ‘tests/testthat.R’ failed.
    Complete output:
     > library(testthat)
     > library(rpf)
     Loading required package: parallel
     >
     > test_check("rpf")
     Loading required package: stats4
     Loading required package: lattice
     *** invalid %N$ use detected ***
     Aborted
Flavor: r-devel-linux-x86_64-debian-clang

Version: 0.56
Check: installed package size
Result: NOTE
     installed size is 8.8Mb
     sub-directories of 1Mb or more:
     libs 8.1Mb
Flavors: r-devel-linux-x86_64-fedora-clang, r-devel-linux-x86_64-fedora-gcc, r-release-osx-x86_64, r-oldrel-osx-x86_64

Version: 0.56
Check: whether package can be installed
Result: ERROR
    Installation failed.
Flavor: r-patched-solaris-x86