CRAN Package Check Results for Package rpf

Last updated on 2014-08-21 22:47:20.

Flavor Version Tinstall Tcheck Ttotal Status Flags
r-devel-linux-x86_64-debian-clang 0.36 12.62 37.77 50.39 NOTE
r-devel-linux-x86_64-debian-gcc 0.36 15.84 37.54 53.38 NOTE
r-devel-linux-x86_64-fedora-clang 0.36 115.36 NOTE
r-devel-linux-x86_64-fedora-gcc 0.36 110.33 NOTE
r-devel-osx-x86_64-clang 0.36 90.78 NOTE
r-devel-windows-ix86+x86_64 0.36 48.00 100.00 148.00 NOTE
r-patched-linux-x86_64 0.36 15.86 39.65 55.51 NOTE
r-patched-solaris-sparc 0.36 891.20 NOTE
r-patched-solaris-x86 0.36 162.20 NOTE
r-release-linux-ix86 0.36 18.66 66.01 84.67 NOTE
r-release-linux-x86_64 0.36 16.17 40.17 56.34 NOTE
r-release-osx-x86_64-mavericks 0.36 NOTE
r-release-osx-x86_64-snowleopard 0.36 NOTE
r-release-windows-ix86+x86_64 0.36 42.00 102.00 144.00 OK
r-oldrel-windows-ix86+x86_64 0.36 42.00 104.00 146.00 OK

Check Details

Version: 0.36
Check: installed package size
Result: NOTE
     installed size is 7.8Mb
     sub-directories of 1Mb or more:
     libs 7.1Mb
Flavors: r-devel-linux-x86_64-debian-clang, r-devel-linux-x86_64-debian-gcc, r-devel-linux-x86_64-fedora-clang, r-devel-linux-x86_64-fedora-gcc, r-patched-linux-x86_64, r-patched-solaris-sparc, r-patched-solaris-x86, r-release-linux-ix86, r-release-linux-x86_64, r-release-osx-x86_64-mavericks, r-release-osx-x86_64-snowleopard

Version: 0.36
Check: dependencies in R code
Result: NOTE
    Package in Depends field not imported from: ‘parallel’
     These packages need to be imported from (in the NAMESPACE file)
     for when this namespace is loaded but not attached.
    See the information on DESCRIPTION files in the chapter ‘Creating R
    packages’ of the ‘Writing R Extensions’ manual.
Flavors: r-devel-linux-x86_64-debian-clang, r-devel-linux-x86_64-debian-gcc, r-devel-linux-x86_64-fedora-clang, r-devel-linux-x86_64-fedora-gcc, r-devel-osx-x86_64-clang, r-devel-windows-ix86+x86_64, r-patched-linux-x86_64, r-patched-solaris-sparc, r-patched-solaris-x86

Version: 0.36
Check: R code for possible problems
Result: NOTE
    .onLoad: no visible global function definition for ‘detectCores’
    ChenThissen1997: no visible global function definition for ‘mclapply’
    SitemFit: no visible global function definition for ‘mclapply’
    chen.thissen.1997: no visible global function definition for ‘mclapply’
Flavors: r-devel-linux-x86_64-fedora-clang, r-devel-linux-x86_64-fedora-gcc, r-devel-osx-x86_64-clang