CRAN Package Check Results for Package rpf

Last updated on 2014-09-02 15:49:07.

Flavor Version Tinstall Tcheck Ttotal Status Flags
r-devel-linux-x86_64-debian-clang 0.36 12.74 36.72 49.45 NOTE
r-devel-linux-x86_64-debian-gcc 0.36 15.15 37.05 52.20 NOTE
r-devel-linux-x86_64-fedora-clang 0.36 118.96 NOTE
r-devel-linux-x86_64-fedora-gcc 0.36 109.45 NOTE
r-devel-osx-x86_64-clang 0.36 91.26 NOTE
r-devel-windows-ix86+x86_64 0.36 44.00 101.00 145.00 NOTE
r-patched-linux-x86_64 0.36 15.68 40.91 56.59 NOTE
r-patched-solaris-sparc 0.36 891.20 NOTE
r-patched-solaris-x86 0.36 161.40 NOTE
r-release-linux-ix86 0.36 18.59 63.06 81.65 NOTE
r-release-linux-x86_64 0.36 15.43 40.26 55.68 NOTE
r-release-osx-x86_64-mavericks 0.36 NOTE
r-release-osx-x86_64-snowleopard 0.36 NOTE
r-release-windows-ix86+x86_64 0.36 42.00 108.00 150.00 OK
r-oldrel-windows-ix86+x86_64 0.36 44.00 103.00 147.00 OK

Check Details

Version: 0.36
Check: installed package size
Result: NOTE
     installed size is 7.8Mb
     sub-directories of 1Mb or more:
     libs 7.1Mb
Flavors: r-devel-linux-x86_64-debian-clang, r-devel-linux-x86_64-debian-gcc, r-devel-linux-x86_64-fedora-clang, r-devel-linux-x86_64-fedora-gcc, r-patched-linux-x86_64, r-patched-solaris-sparc, r-patched-solaris-x86, r-release-linux-ix86, r-release-linux-x86_64, r-release-osx-x86_64-mavericks, r-release-osx-x86_64-snowleopard

Version: 0.36
Check: dependencies in R code
Result: NOTE
    Package in Depends field not imported from: ‘parallel’
     These packages need to be imported from (in the NAMESPACE file)
     for when this namespace is loaded but not attached.
    See the information on DESCRIPTION files in the chapter ‘Creating R
    packages’ of the ‘Writing R Extensions’ manual.
Flavors: r-devel-linux-x86_64-debian-clang, r-devel-linux-x86_64-debian-gcc, r-devel-linux-x86_64-fedora-clang, r-devel-linux-x86_64-fedora-gcc, r-devel-osx-x86_64-clang, r-devel-windows-ix86+x86_64, r-patched-linux-x86_64, r-patched-solaris-sparc, r-patched-solaris-x86

Version: 0.36
Check: R code for possible problems
Result: NOTE
    .onLoad: no visible global function definition for ‘detectCores’
    ChenThissen1997: no visible global function definition for ‘mclapply’
    SitemFit: no visible global function definition for ‘mclapply’
    chen.thissen.1997: no visible global function definition for ‘mclapply’
Flavors: r-devel-linux-x86_64-debian-clang, r-devel-linux-x86_64-debian-gcc, r-devel-linux-x86_64-fedora-clang, r-devel-linux-x86_64-fedora-gcc, r-devel-osx-x86_64-clang, r-devel-windows-ix86+x86_64

Version: 0.36
Check: compiled code
Result: NOTE
    File ‘/home/hornik/tmp/R.check/r-devel-clang/Work/build/Packages/rpf/libs/rpf.so’:
     Found ‘rand’, possibly from ‘rand’ (C)
     Object: ‘diagnose.o’
    
    Compiled code should not call entry points which might terminate R nor
    write to stdout/stderr instead of to the console, nor the C RNG.
    
    See ‘Writing portable packages’ in the ‘Writing R Extensions’ manual.
Flavor: r-devel-linux-x86_64-debian-clang

Version: 0.36
Check: compiled code
Result: NOTE
    File ‘/home/hornik/tmp/R.check/r-devel-gcc/Work/build/Packages/rpf/libs/rpf.so’:
     Found ‘rand’, possibly from ‘rand’ (C)
     Object: ‘diagnose.o’
    
    Compiled code should not call entry points which might terminate R nor
    write to stdout/stderr instead of to the console, nor the C RNG.
    
    See ‘Writing portable packages’ in the ‘Writing R Extensions’ manual.
Flavor: r-devel-linux-x86_64-debian-gcc

Version: 0.36
Check: compiled code
Result: NOTE
    File ‘/data/gannet/ripley/R/packages/tests-clang/rpf.Rcheck/rpf/libs/rpf.so’:
     Found ‘rand’, possibly from ‘rand’ (C)
     Object: ‘diagnose.o’
    
    Compiled code should not call entry points which might terminate R nor
    write to stdout/stderr instead of to the console, nor the C RNG.
    
    See ‘Writing portable packages’ in the ‘Writing R Extensions’ manual.
Flavor: r-devel-linux-x86_64-fedora-clang

Version: 0.36
Check: compiled code
Result: NOTE
    File ‘/data/gannet/ripley/R/packages/tests-devel/rpf.Rcheck/rpf/libs/rpf.so’:
     Found ‘rand’, possibly from ‘rand’ (C)
     Object: ‘diagnose.o’
    
    Compiled code should not call entry points which might terminate R nor
    write to stdout/stderr instead of to the console, nor the C RNG.
    
    See ‘Writing portable packages’ in the ‘Writing R Extensions’ manual.
Flavor: r-devel-linux-x86_64-fedora-gcc

Version: 0.36
Check: compiled code
Result: NOTE
    File ‘/Users/ripley/R/packages/tests-devel/rpf.Rcheck/rpf/libs/rpf.so’:
     Found ‘_rand’, possibly from ‘rand’ (C)
     Object: ‘diagnose.o’
    
    Compiled code should not call entry points which might terminate R nor
    write to stdout/stderr instead of to the console, nor the C RNG.
    
    See ‘Writing portable packages’ in the ‘Writing R Extensions’ manual.
Flavor: r-devel-osx-x86_64-clang

Version: 0.36
Check: compiled code
Result: NOTE
    File 'd:/Rcompile/CRANpkg/lib/3.2/rpf/libs/i386/rpf.dll':
     Found 'rand', possibly from 'rand' (C)
     Object: 'diagnose.o'
    File 'd:/Rcompile/CRANpkg/lib/3.2/rpf/libs/x64/rpf.dll':
     Found 'rand', possibly from 'rand' (C)
     Object: 'diagnose.o'
    
    Compiled code should not call entry points which might terminate R nor
    write to stdout/stderr instead of to the console, nor the C RNG.
    
    See 'Writing portable packages' in the 'Writing R Extensions' manual.
Flavor: r-devel-windows-ix86+x86_64