CRAN Package Check Results for Package rpf

Last updated on 2016-08-30 10:49:26.

Flavor Version Tinstall Tcheck Ttotal Status Flags
r-devel-linux-x86_64-debian-clang 0.53 20.74 31.75 52.49 NOTE
r-devel-linux-x86_64-debian-gcc 0.53 18.31 30.69 49.00 NOTE
r-devel-linux-x86_64-fedora-clang 0.53 99.52 NOTE
r-devel-linux-x86_64-fedora-gcc 0.53 85.48 NOTE
r-devel-osx-x86_64-clang 0.53 79.54 OK
r-devel-windows-ix86+x86_64 0.53 62.00 64.00 126.00 OK
r-patched-linux-x86_64 0.53 16.26 30.55 46.81 NOTE
r-patched-solaris-sparc 0.53 487.90 ERROR
r-patched-solaris-x86 0.53 100.20 ERROR
r-release-linux-x86_64 0.53 16.20 30.12 46.32 NOTE
r-release-osx-x86_64-mavericks 0.53 NOTE
r-release-windows-ix86+x86_64 0.53 45.00 63.00 108.00 OK
r-oldrel-windows-ix86+x86_64 0.53 57.00 91.00 148.00 OK

Check Details

Version: 0.53
Check: installed package size
Result: NOTE
     installed size is 8.9Mb
     sub-directories of 1Mb or more:
     libs 8.2Mb
Flavors: r-devel-linux-x86_64-debian-clang, r-devel-linux-x86_64-debian-gcc, r-devel-linux-x86_64-fedora-clang, r-devel-linux-x86_64-fedora-gcc, r-patched-linux-x86_64, r-release-linux-x86_64, r-release-osx-x86_64-mavericks

Version: 0.53
Check: tests
Result: ERROR
    Running the tests in ‘tests/testthat.R’ failed.
    Last 13 lines of output:
     [5] -315.94 - -7.92e-02 == -315.87
     [6] -315.94 - 7.57e+01 == -391.65
     [7] -315.94 - -1.55e-01 == -315.79
     [8] -315.94 - -6.32e+02 == 315.59
     [9] -315.94 - -1.07e-03 == -315.94
     ...
     testthat results ================================================================
     OK: 361 SKIPPED: 0 FAILED: 2
     1. Failure: tpbw1995-table2 (@test-score.R#26)
     2. Failure: tpbw1995-table2 (@test-score.R#27)
    
     Error: testthat unit tests failed
     Execution halted
Flavor: r-patched-solaris-sparc

Version: 0.53
Check: tests
Result: ERROR
    Running the tests in ‘tests/testthat.R’ failed.
    Last 13 lines of output:
     [8] -0.207 - -2.42e-01 == 0.0354
     [9] -0.207 - 7.62e-04 == -0.2074
     [10] -0.459 - -8.37e+01 == 83.2491
     [11] -0.459 - -1.32e-01 == -0.3271
     [12] -0.236 - -1.81e-01 == -0.0546
     ...
     testthat results ================================================================
     OK: 361 SKIPPED: 0 FAILED: 2
     1. Failure: tpbw1995-table2 (@test-score.R#26)
     2. Failure: tpbw1995-table2 (@test-score.R#27)
    
     Error: testthat unit tests failed
     Execution halted
Flavor: r-patched-solaris-x86