CRAN Package Check Results for Package rpf

Last updated on 2017-02-21 20:49:28.

Flavor Version Tinstall Tcheck Ttotal Status Flags
r-devel-linux-x86_64-debian-clang 0.53 20.21 39.62 59.83 ERROR
r-devel-linux-x86_64-debian-gcc 0.53 18.39 40.05 58.44 NOTE
r-devel-linux-x86_64-fedora-clang 0.53 123.69 NOTE --no-stop-on-test-error
r-devel-linux-x86_64-fedora-gcc 0.53 112.23 NOTE --no-stop-on-test-error
r-devel-macos-x86_64-clang 0.53 97.46 NOTE --no-stop-on-test-error
r-devel-windows-ix86+x86_64 0.53 80.00 122.00 202.00 OK
r-patched-linux-x86_64 0.53 16.13 31.06 47.19 OK
r-patched-solaris-sparc 0.53 498.30 ERROR
r-patched-solaris-x86 0.53 103.00 OK
r-release-linux-x86_64 0.53 15.80 31.09 46.89 OK
r-release-osx-x86_64-mavericks 0.53 NOTE
r-release-windows-ix86+x86_64 0.53 61.00 77.00 138.00 OK
r-oldrel-windows-ix86+x86_64 0.53 58.00 103.00 161.00 OK

Check Details

Version: 0.53
Check: compiled code
Result: NOTE
    File ‘rpf/libs/rpf.so’:
     Found no call to: ‘R_useDynamicSymbols’
    
    It is good practice to register native routines and to disable symbol
    search.
    
    See ‘Writing portable packages’ in the ‘Writing R Extensions’ manual.
Flavors: r-devel-linux-x86_64-debian-clang, r-devel-linux-x86_64-debian-gcc

Version: 0.53
Check: examples
Result: ERROR
    Running examples in ‘rpf-Ex.R’ failed
    The error most likely occurred in:
    
    > base::assign(".ptime", proc.time(), pos = "CheckExEnv")
    > ### Name: EAPscores
    > ### Title: Compute EAP scores
    > ### Aliases: EAPscores
    >
    > ### ** Examples
    >
    > spec <- list()
    > spec[1:3] <- rpf.grm(outcomes=3)
    Warning in `[<-`(`*tmp*`, 1:3, value = <S4 object of class "rpf.mdim.grm">) :
     implicit list embedding of S4 objects is deprecated
    > param <- sapply(spec, rpf.rparam)
    > data <- rpf.sample(5, spec, param)
    > colnames(param) <- colnames(data)
    > grp <- list(spec=spec, param=param, data=data, minItemsPerScore=1L)
    > EAPscores(grp)
    *** invalid %N$ use detected ***
    Aborted
Flavor: r-devel-linux-x86_64-debian-clang

Version: 0.53
Check: tests
Result: ERROR
     Running ‘testthat.R’ [8s/6s]
    Running the tests in ‘tests/testthat.R’ failed.
    Complete output:
     > library(testthat)
     > library(rpf)
     Loading required package: parallel
     >
     > test_check("rpf")
     Loading required package: stats4
     Loading required package: lattice
     *** invalid %N$ use detected ***
     Aborted
Flavor: r-devel-linux-x86_64-debian-clang

Version: 0.53
Flags: --no-stop-on-test-error
Check: installed package size
Result: NOTE
     installed size is 9.0Mb
     sub-directories of 1Mb or more:
     libs 8.3Mb
Flavors: r-devel-linux-x86_64-fedora-clang, r-devel-linux-x86_64-fedora-gcc

Version: 0.53
Flags: --no-stop-on-test-error
Check: compiled code
Result: NOTE
    File ‘rpf/libs/rpf.so’:
     Found no call to: ‘R_useDynamicSymbols’
    
    It is good practice to register native routines and to disable symbol
    search.
    
    See ‘Writing portable packages’ in the ‘Writing R Extensions’ manual.
Flavors: r-devel-linux-x86_64-fedora-clang, r-devel-linux-x86_64-fedora-gcc, r-devel-macos-x86_64-clang

Version: 0.53
Check: tests
Result: ERROR
     Running ‘testthat.R’ [53s/48s]
    Running the tests in ‘tests/testthat.R’ failed.
    Complete output:
     > library(testthat)
     > library(rpf)
     Loading required package: parallel
     >
     > test_check("rpf")
     Loading required package: stats4
     Loading required package: lattice
     1. Failure: tpbw1995-table2 (@test-score.R#26) ---------------------------------
     scores[, 1] not equal to c(0.084, -0.154).
     1/2 mismatches
     [1] 0.0664 - 0.084 == -0.0176
    
    
     2. Failure: tpbw1995-table2 (@test-score.R#27) ---------------------------------
     scores[, 2] not equal to c(0.539, 0.572).
     1/2 mismatches
     [1] 4.74 - 0.539 == 4.2
    
    
     Error: grp1$score[, 1] not equal to grp2$score[, 1].
     934/1000 mismatches (average diff: 170)
     [1] -2.16 - -0.33880 == -1.824
     [2] -2.16 - 0.00997 == -2.173
     [3] -2.16 - -22.58336 == 20.421
     [4] -0.39 - -1.34679 == 0.956
     [5] -0.39 - -1.21596 == 0.826
     [6] -0.39 - -35.95328 == 35.563
     [7] -0.39 - 54.64970 == -55.040
     [8] -0.39 - 11.08640 == -11.477
     [9] -0.39 - 50.27714 == -50.668
     ...
     testthat results ================================================================
     OK: 361 SKIPPED: 0 FAILED: 2
     1. Failure: tpbw1995-table2 (@test-score.R#26)
     2. Failure: tpbw1995-table2 (@test-score.R#27)
    
     Error: testthat unit tests failed
     Execution halted
Flavor: r-patched-solaris-sparc

Version: 0.53
Check: installed package size
Result: NOTE
     installed size is 9.3Mb
     sub-directories of 1Mb or more:
     libs 8.6Mb
Flavor: r-release-osx-x86_64-mavericks