CRAN Package Check Results for Package rpf

Last updated on 2015-03-03 05:47:05.

Flavor Version Tinstall Tcheck Ttotal Status Flags
r-devel-linux-x86_64-debian-clang 0.44 14.37 36.05 50.42 NOTE
r-devel-linux-x86_64-debian-gcc 0.44 15.21 35.36 50.57 NOTE
r-devel-linux-x86_64-fedora-clang 0.44 117.82 NOTE
r-devel-linux-x86_64-fedora-gcc 0.44 104.49 NOTE
r-devel-osx-x86_64-clang 0.44 94.35 OK
r-devel-windows-ix86+x86_64 0.44 74.00 128.00 202.00 OK
r-patched-linux-x86_64 0.44 15.28 40.37 55.64 NOTE
r-patched-solaris-sparc 0.44 847.30 NOTE
r-patched-solaris-x86 0.44 158.10 NOTE
r-release-linux-ix86 0.44 18.17 67.70 85.87 NOTE
r-release-linux-x86_64 0.44 15.32 40.28 55.60 NOTE
r-release-osx-x86_64-mavericks 0.44 NOTE
r-release-osx-x86_64-snowleopard 0.44 NOTE
r-release-windows-ix86+x86_64 0.44 42.00 109.00 151.00 OK
r-oldrel-windows-ix86+x86_64 0.44 43.00 107.00 150.00 OK

Check Details

Version: 0.44
Check: installed package size
Result: NOTE
     installed size is 8.3Mb
     sub-directories of 1Mb or more:
     libs 7.6Mb
Flavors: r-devel-linux-x86_64-debian-clang, r-devel-linux-x86_64-debian-gcc, r-devel-linux-x86_64-fedora-clang, r-devel-linux-x86_64-fedora-gcc, r-patched-linux-x86_64, r-patched-solaris-sparc, r-patched-solaris-x86, r-release-linux-ix86, r-release-linux-x86_64, r-release-osx-x86_64-mavericks, r-release-osx-x86_64-snowleopard