CRAN Package Check Results for Package rpf

Last updated on 2015-09-01 09:48:05.

Flavor Version Tinstall Tcheck Ttotal Status Flags
r-devel-linux-x86_64-debian-clang 0.48 14.72 32.93 47.65 NOTE
r-devel-linux-x86_64-debian-gcc 0.48 17.43 32.27 49.70 NOTE
r-devel-linux-x86_64-fedora-clang 0.48 105.64 NOTE
r-devel-linux-x86_64-fedora-gcc 0.48 96.50 NOTE
r-devel-osx-x86_64-clang 0.48 80.61 OK
r-devel-windows-ix86+x86_64 0.48 60.00 106.00 166.00 OK
r-patched-linux-x86_64 0.48 15.75 33.43 49.18 NOTE
r-patched-solaris-sparc 0.48 586.80 OK
r-patched-solaris-x86 0.48 135.00 OK
r-release-linux-x86_64 0.48 15.69 33.18 48.87 NOTE
r-release-osx-x86_64-mavericks 0.48 NOTE
r-release-windows-ix86+x86_64 0.48 59.00 147.00 206.00 OK
r-oldrel-windows-ix86+x86_64 0.48 57.00 156.00 213.00 OK

Check Details

Version: 0.48
Check: installed package size
Result: NOTE
     installed size is 9.0Mb
     sub-directories of 1Mb or more:
     libs 8.3Mb
Flavors: r-devel-linux-x86_64-debian-clang, r-devel-linux-x86_64-debian-gcc, r-devel-linux-x86_64-fedora-clang, r-devel-linux-x86_64-fedora-gcc, r-patched-linux-x86_64, r-release-linux-x86_64, r-release-osx-x86_64-mavericks