CRAN Package Check Results for Package rpf

Last updated on 2017-08-17 03:49:18.

Flavor Version Tinstall Tcheck Ttotal Status Flags
r-devel-linux-x86_64-debian-clang 0.53 21.92 38.14 60.06 ERROR
r-devel-linux-x86_64-debian-gcc 0.53 20.49 40.84 61.33 NOTE
r-devel-linux-x86_64-fedora-clang 0.53 122.19 NOTE
r-devel-linux-x86_64-fedora-gcc 0.53 109.19 NOTE
r-devel-windows-ix86+x86_64 0.53 53.00 83.00 136.00 OK
r-patched-linux-x86_64 0.53 19.93 39.81 59.74 NOTE
r-patched-solaris-x86 0.53 117.60 OK
r-release-linux-x86_64 0.53 20.10 38.74 58.84 NOTE
r-release-windows-ix86+x86_64 0.53 56.00 90.00 146.00 OK
r-release-osx-x86_64 0.53 NOTE
r-oldrel-windows-ix86+x86_64 0.53 57.00 72.00 129.00 OK
r-oldrel-osx-x86_64 0.53 NOTE

Additional issues

rchk

Check Details

Version: 0.53
Check: compiled code
Result: NOTE
    File ‘rpf/libs/rpf.so’:
     Found no call to: ‘R_useDynamicSymbols’
    
    It is good practice to register native routines and to disable symbol
    search.
    
    See ‘Writing portable packages’ in the ‘Writing R Extensions’ manual.
Flavors: r-devel-linux-x86_64-debian-clang, r-devel-linux-x86_64-debian-gcc, r-devel-linux-x86_64-fedora-clang, r-devel-linux-x86_64-fedora-gcc, r-patched-linux-x86_64, r-release-linux-x86_64

Version: 0.53
Check: examples
Result: ERROR
    Running examples in ‘rpf-Ex.R’ failed
    The error most likely occurred in:
    
    > base::assign(".ptime", proc.time(), pos = "CheckExEnv")
    > ### Name: EAPscores
    > ### Title: Compute EAP scores
    > ### Aliases: EAPscores
    >
    > ### ** Examples
    >
    > spec <- list()
    > spec[1:3] <- rpf.grm(outcomes=3)
    Warning in `[<-`(`*tmp*`, 1:3, value = <S4 object of class "rpf.mdim.grm">) :
     implicit list embedding of S4 objects is deprecated
    > param <- sapply(spec, rpf.rparam)
    > data <- rpf.sample(5, spec, param)
    > colnames(param) <- colnames(data)
    > grp <- list(spec=spec, param=param, data=data, minItemsPerScore=1L)
    > EAPscores(grp)
    *** invalid %N$ use detected ***
    Aborted
Flavor: r-devel-linux-x86_64-debian-clang

Version: 0.53
Check: tests
Result: ERROR
     Running ‘testthat.R’ [5s/5s]
    Running the tests in ‘tests/testthat.R’ failed.
    Complete output:
     > library(testthat)
     > library(rpf)
     Loading required package: parallel
     >
     > test_check("rpf")
     Loading required package: stats4
     Loading required package: lattice
     *** invalid %N$ use detected ***
     Aborted
Flavor: r-devel-linux-x86_64-debian-clang

Version: 0.53
Check: installed package size
Result: NOTE
     installed size is 8.8Mb
     sub-directories of 1Mb or more:
     libs 8.1Mb
Flavors: r-devel-linux-x86_64-fedora-clang, r-devel-linux-x86_64-fedora-gcc, r-release-osx-x86_64, r-oldrel-osx-x86_64