CRAN Package Check Results for Package rpf

Last updated on 2016-05-05 06:47:30.

Flavor Version Tinstall Tcheck Ttotal Status Flags
r-devel-linux-x86_64-debian-gcc 0.52 16.72 32.19 48.91 NOTE
r-devel-linux-x86_64-fedora-clang 0.52 104.28 NOTE
r-devel-linux-x86_64-fedora-gcc 0.52 91.12 NOTE
r-devel-osx-x86_64-clang 0.52 41.34 OK
r-devel-windows-ix86+x86_64 0.52 47.00 72.00 119.00 OK
r-patched-linux-x86_64 0.51 15.99 32.11 48.10 ERROR
r-patched-solaris-sparc 0.51 491.00 ERROR
r-patched-solaris-x86 0.52 96.30 OK
r-release-linux-x86_64 0.51 16.38 31.42 47.80 ERROR
r-release-osx-x86_64-mavericks 0.51 NOTE
r-release-windows-ix86+x86_64 0.52 47.00 72.00 119.00 OK
r-oldrel-windows-ix86+x86_64 0.51 64.00 113.00 177.00 ERROR

Check Details

Version: 0.52
Check: installed package size
Result: NOTE
     installed size is 9.4Mb
     sub-directories of 1Mb or more:
     libs 8.6Mb
Flavors: r-devel-linux-x86_64-debian-gcc, r-devel-linux-x86_64-fedora-clang, r-devel-linux-x86_64-fedora-gcc

Version: 0.51
Check: installed package size
Result: NOTE
     installed size is 9.4Mb
     sub-directories of 1Mb or more:
     libs 8.6Mb
Flavors: r-patched-linux-x86_64, r-release-linux-x86_64, r-release-osx-x86_64-mavericks

Version: 0.51
Check: tests
Result: ERROR
    Running the tests in ‘tests/dotest.R’ failed.
    Last 13 lines of output:
     mirt.fit$z.outfit not equal to fit$outfit.z.
     target is NULL, current is numeric
    
    
     DONE ===========================================================================
     Error: Test failures
     In addition: Warning messages:
     1: Placing tests in `inst/tests/` is deprecated. Please use `tests/testthat/` instead
     2: In `[<-`(`*tmp*`, 1:i.count, value = <S4 object of class "rpf.mdim.grm">) :
     implicit list embedding of S4 objects is deprecated
     3: In `[<-`(`*tmp*`, 1:5, value = <S4 object of class "rpf.mdim.grm">) :
     implicit list embedding of S4 objects is deprecated
     Execution halted
Flavors: r-patched-linux-x86_64, r-patched-solaris-sparc, r-release-linux-x86_64

Version: 0.51
Check: running tests for arch ‘i386’
Result: ERROR
    Running the tests in 'tests/dotest.R' failed.
    Last 13 lines of output:
     target is NULL, current is numeric
    
    
     4. Failure: mirt (@test-raschfit.R#101) ----------------------------------------
     mirt.fit$z.outfit not equal to fit$outfit.z.
     target is NULL, current is numeric
    
    
     DONE ===========================================================================
     Error: Test failures
     In addition: Warning message:
     Placing tests in `inst/tests/` is deprecated. Please use `tests/testthat/` instead
     Execution halted
Flavor: r-oldrel-windows-ix86+x86_64

Version: 0.51
Check: running tests for arch ‘x64’
Result: ERROR
    Running the tests in 'tests/dotest.R' failed.
    Last 13 lines of output:
     target is NULL, current is numeric
    
    
     4. Failure: mirt (@test-raschfit.R#101) ----------------------------------------
     mirt.fit$z.outfit not equal to fit$outfit.z.
     target is NULL, current is numeric
    
    
     DONE ===========================================================================
     Error: Test failures
     In addition: Warning message:
     Placing tests in `inst/tests/` is deprecated. Please use `tests/testthat/` instead
     Execution halted
Flavor: r-oldrel-windows-ix86+x86_64