CRAN Package Check Results for Package rpf

Last updated on 2015-01-26 10:47:17.

Flavor Version Tinstall Tcheck Ttotal Status Flags
r-devel-linux-x86_64-debian-clang 0.44 13.79 37.17 50.96 NOTE
r-devel-linux-x86_64-debian-gcc 0.44 15.74 36.62 52.37 NOTE
r-devel-linux-x86_64-fedora-clang 0.44 124.42 NOTE
r-devel-linux-x86_64-fedora-gcc 0.44 113.82 NOTE
r-devel-osx-x86_64-clang 0.44 98.80 OK
r-devel-windows-ix86+x86_64 0.44 67.00 103.00 170.00 OK
r-patched-linux-x86_64 0.44 15.40 39.71 55.11 NOTE
r-patched-solaris-sparc 0.44 847.30 NOTE
r-patched-solaris-x86 0.44 163.40 NOTE
r-release-linux-ix86 0.44 17.91 60.58 78.49 NOTE
r-release-linux-x86_64 0.44 15.26 39.54 54.80 NOTE
r-release-osx-x86_64-mavericks 0.44 NOTE
r-release-osx-x86_64-snowleopard 0.44 NOTE
r-release-windows-ix86+x86_64 0.44 47.00 106.00 153.00 OK
r-oldrel-windows-ix86+x86_64 0.44 54.00 126.00 180.00 OK

Check Details

Version: 0.44
Check: installed package size
Result: NOTE
     installed size is 8.3Mb
     sub-directories of 1Mb or more:
     libs 7.6Mb
Flavors: r-devel-linux-x86_64-debian-clang, r-devel-linux-x86_64-debian-gcc, r-devel-linux-x86_64-fedora-clang, r-devel-linux-x86_64-fedora-gcc, r-patched-linux-x86_64, r-patched-solaris-sparc, r-patched-solaris-x86, r-release-linux-ix86, r-release-linux-x86_64, r-release-osx-x86_64-mavericks, r-release-osx-x86_64-snowleopard