CRAN Package Check Results for Package rpf

Last updated on 2014-10-23 12:47:49.

Flavor Version Tinstall Tcheck Ttotal Status Flags
r-devel-linux-x86_64-debian-clang 0.39 14.14 36.98 51.12 NOTE
r-devel-linux-x86_64-debian-gcc 0.40 15.89 37.82 53.70 NOTE
r-devel-linux-x86_64-fedora-clang 0.40 108.17 NOTE
r-devel-linux-x86_64-fedora-gcc 0.40 102.05 NOTE
r-devel-osx-x86_64-clang 0.40 45.21 ERROR
r-devel-windows-ix86+x86_64 0.39 41.00 88.00 129.00 OK
r-patched-linux-x86_64 0.40 15.78 40.59 56.37 NOTE
r-patched-solaris-sparc 0.40 827.30 NOTE
r-patched-solaris-x86 0.40 145.30 NOTE
r-release-linux-ix86 0.39 18.65 63.40 82.05 NOTE
r-release-linux-x86_64 0.39 15.17 40.96 56.13 NOTE
r-release-osx-x86_64-mavericks 0.40 NOTE
r-release-osx-x86_64-snowleopard 0.39 NOTE
r-release-windows-ix86+x86_64 0.40 38.00 96.00 134.00 OK
r-oldrel-windows-ix86+x86_64 0.40 41.00 101.00 142.00 OK

Check Details

Version: 0.39
Check: installed package size
Result: NOTE
     installed size is 8.3Mb
     sub-directories of 1Mb or more:
     libs 7.7Mb
Flavors: r-devel-linux-x86_64-debian-clang, r-release-linux-ix86, r-release-linux-x86_64, r-release-osx-x86_64-snowleopard

Version: 0.40
Check: installed package size
Result: NOTE
     installed size is 7.9Mb
     sub-directories of 1Mb or more:
     libs 7.3Mb
Flavors: r-devel-linux-x86_64-debian-gcc, r-devel-linux-x86_64-fedora-clang, r-devel-linux-x86_64-fedora-gcc, r-patched-linux-x86_64, r-patched-solaris-sparc, r-patched-solaris-x86, r-release-osx-x86_64-mavericks

Version: 0.40
Check: tests
Result: ERROR
    Running the tests in ‘tests/dotest.R’ failed.
    Last 13 lines of output:
     rescale : ....................................
     sample : ......
     score : ...
     sumscore : .........
     weightColumn : .........
    
    
     1. Failure(@test-dTheta.R#38): rpf.mdim.grm ------------------------------------
     analytic$hessian not equal to c(dir %*% deriv[c(ii$factors + triSize(1:ii$factors)), ])
     Mean relative difference: 0.000119237
    
     Error: Test failures
     Execution halted
Flavor: r-devel-osx-x86_64-clang