CRAN Package Check Results for Package rplos

Last updated on 2015-05-25 22:47:18.

Flavor Version Tinstall Tcheck Ttotal Status Flags
r-devel-linux-x86_64-debian-clang 0.4.7 2.43 30.21 32.64 OK
r-devel-linux-x86_64-debian-gcc 0.4.7 2.63 28.81 31.44 OK
r-devel-linux-x86_64-fedora-clang 0.4.7 63.63 OK
r-devel-linux-x86_64-fedora-gcc 0.4.7 59.51 OK
r-devel-osx-x86_64-clang 0.4.7 60.19 OK
r-devel-windows-ix86+x86_64 0.4.7 10.00 54.00 64.00 OK
r-patched-linux-x86_64 0.4.7 2.42 28.82 31.23 OK
r-patched-solaris-sparc 0.4.7 406.90 OK
r-patched-solaris-x86 0.4.7 85.90 OK
r-release-linux-x86_64 0.4.7 2.34 28.86 31.20 OK
r-release-osx-x86_64-mavericks 0.4.7 OK
r-release-osx-x86_64-snowleopard 0.4.7 ERROR
r-release-windows-ix86+x86_64 0.4.7 8.00 50.00 58.00 OK
r-oldrel-windows-ix86+x86_64 0.4.7 18.00 78.00 96.00 OK

Check Details

Version: 0.4.7
Check: package dependencies
Result: ERROR
    Packages required but not available: ‘ggplot2’ ‘XML’ ‘dplyr’ ‘solr’
    
    Package suggested but not available for checking: ‘knitr’
    
    Package which this enhances but not available for checking: ‘tm’
    
    VignetteBuilder package required for checking but not installed: ‘knitr’
    
    See section ‘The DESCRIPTION file’ in the ‘Writing R Extensions’
    manual.
Flavor: r-release-osx-x86_64-snowleopard