CRAN Package Check Results for Package rplos

Last updated on 2014-04-24 23:48:12.

Flavor Version Tinstall Tcheck Ttotal Status Flags
r-devel-linux-x86_64-debian-clang 0.3.6 3.28 38.29 41.58 OK
r-devel-linux-x86_64-debian-gcc 0.3.6 3.26 38.48 41.74 OK
r-devel-linux-x86_64-fedora-clang 0.3.6 85.66 OK
r-devel-linux-x86_64-fedora-gcc 0.3.6 81.59 OK
r-devel-osx-x86_64-clang 0.3.6 83.49 OK
r-devel-osx-x86_64-gcc 0.3.6 ERROR
r-devel-windows-ix86+x86_64 0.3.6 10.00 56.00 66.00 OK
r-patched-linux-x86_64 0.3.6 3.19 37.46 40.65 OK
r-patched-solaris-sparc 0.3.6 477.50 OK
r-patched-solaris-x86 0.3.6 107.70 OK
r-release-linux-ix86 0.3.6 6.00 65.00 71.00 OK
r-release-linux-x86_64 0.3.6 3.20 38.23 41.43 OK
r-release-osx-x86_64-mavericks 0.3.6 WARN
r-release-osx-x86_64-snowleopard 0.3.6 OK
r-release-windows-ix86+x86_64 0.3.6 10.00 59.00 69.00 OK
r-oldrel-windows-ix86+x86_64 0.3.6 11.00 62.00 73.00 OK

Check Details

Version: 0.3.6
Check: package dependencies
Result: ERROR
    Packages required but not available: ‘ggplot2’ ‘XML’
    
    See the information on DESCRIPTION files in the chapter ‘Creating R
    packages’ of the ‘Writing R Extensions’ manual.
Flavor: r-devel-osx-x86_64-gcc

Version: 0.3.6
Check: PDF version of manual
Result: WARNING
    LaTeX errors when creating PDF version.
    This typically indicates Rd problems.
    LaTeX errors found:
    ! LaTeX Error: File `upquote.sty' not found.
    
    Type X to quit or <RETURN> to proceed,
    or enter new name. (Default extension: sty)
    
    9e3d13a/Rd2.tex:8: ==> Fatal error occurred, no output PDF file produced!
Flavor: r-release-osx-x86_64-mavericks