CRAN Package Check Results for Package rplos

Last updated on 2015-04-28 12:47:36.

Flavor Version Tinstall Tcheck Ttotal Status Flags
r-devel-linux-x86_64-debian-clang 0.4.6 2.38 29.36 31.74 NOTE
r-devel-linux-x86_64-debian-gcc 0.4.6 2.34 28.96 31.30 NOTE
r-devel-linux-x86_64-fedora-clang 0.4.7 35.44 OK
r-devel-linux-x86_64-fedora-gcc 0.4.7 33.80 OK
r-devel-osx-x86_64-clang 0.4.7 51.65 OK
r-devel-windows-ix86+x86_64 0.4.6 7.00 46.00 53.00 NOTE
r-patched-linux-x86_64 0.4.7 2.32 29.30 31.62 OK
r-patched-solaris-sparc 0.4.7 364.90 OK
r-patched-solaris-x86 0.4.7 75.30 OK
r-release-linux-x86_64 0.4.6 2.33 28.22 30.55 OK
r-release-osx-x86_64-mavericks 0.4.7 OK
r-release-osx-x86_64-snowleopard 0.4.6 ERROR
r-release-windows-ix86+x86_64 0.4.6 8.00 48.00 56.00 OK
r-oldrel-windows-ix86+x86_64 0.4.7 14.00 75.00 89.00 OK

Check Details

Version: 0.4.6
Check: files in ‘vignettes’
Result: NOTE
    The following directory looks like a leftover from 'knitr':
     ‘figure’
    Please remove from your package.
Flavors: r-devel-linux-x86_64-debian-clang, r-devel-linux-x86_64-debian-gcc, r-devel-windows-ix86+x86_64

Version: 0.4.6
Check: package dependencies
Result: ERROR
    Packages required but not available: ‘ggplot2’ ‘XML’ ‘dplyr’ ‘solr’
    
    Package suggested but not available for checking: ‘knitr’
    
    Package which this enhances but not available for checking: ‘tm’
    
    VignetteBuilder package required for checking but not installed: ‘knitr’
    
    See section ‘The DESCRIPTION file’ in the ‘Writing R Extensions’
    manual.
Flavor: r-release-osx-x86_64-snowleopard