CRAN Package Check Results for Package rplos

Last updated on 2014-07-23 09:49:56.

Flavor Version Tinstall Tcheck Ttotal Status Flags
r-devel-linux-x86_64-debian-clang 0.4.1 3.64 41.98 45.62 OK
r-devel-linux-x86_64-debian-gcc 0.4.1 3.56 41.74 45.30 OK
r-devel-linux-x86_64-fedora-clang 0.4.1 53.44 OK
r-devel-linux-x86_64-fedora-gcc 0.4.1 51.11 NOTE
r-devel-osx-x86_64-clang 0.4.1 54.91 OK
r-devel-windows-ix86+x86_64 0.4.1 12.00 67.00 79.00 OK
r-patched-linux-x86_64 0.4.0 3.54 121.65 125.19 ERROR
r-patched-solaris-sparc 0.4.1 499.40 OK
r-patched-solaris-x86 0.4.1 104.20 OK
r-release-linux-ix86 0.4.0 4.41 205.32 209.73 ERROR
r-release-linux-x86_64 0.4.0 4.80 467.51 472.31 ERROR
r-release-osx-x86_64-mavericks 0.4.0 OK
r-release-osx-x86_64-snowleopard 0.4.0 OK
r-release-windows-ix86+x86_64 0.4.0 13.00 232.00 245.00 ERROR
r-oldrel-windows-ix86+x86_64 0.4.0 13.00 201.00 214.00 ERROR

Check Details

Version: 0.4.1
Check: R code for possible problems
Result: NOTE
    Error in gzfile(file, "rb") : cannot open the connection
    In addition: Warning message:
    In gzfile(file, "rb") :
     cannot open compressed file '/data/gannet/ripley/R/R-devel/library/datasets/data/Rdata.rdx', probable reason 'No such file or directory'
    During startup - Warning message:
    package ‘datasets’ in options("defaultPackages") was not found
    
    Error in gzfile(file, "rb") : cannot open the connection
    In addition: Warning message:
    In gzfile(file, "rb") :
     cannot open compressed file '/data/gannet/ripley/R/R-devel/library/datasets/data/Rdata.rdx', probable reason 'No such file or directory'
    During startup - Warning message:
    package ‘datasets’ in options("defaultPackages") was not found
    
    Error in gzfile(file, "rb") : cannot open the connection
    In addition: Warning message:
    In gzfile(file, "rb") :
     cannot open compressed file '/data/gannet/ripley/R/R-devel/library/datasets/data/Rdata.rdx', probable reason 'No such file or directory'
    During startup - Warning message:
    package ‘datasets’ in options("defaultPackages") was not found
    facetplos: no visible binding for global variable ‘sleep’
Flavor: r-devel-linux-x86_64-fedora-gcc

Version: 0.4.0
Check: tests
Result: ERROR
    Running the tests in ‘tests/test-all.R’ failed.
    Last 13 lines of output:
     New to rplos? Tutorial at http://ropensci.org/tutorials/rplos_tutorial.html. Use suppressPackageStartupMessages() to suppress these startup messages in the future
    
     check_response : ......
     crossref : ..
     formatarticleurl : ..
     journalnamekey : ...
     plosabstract : ....
     plosauthor : ...
     plosfields : ....
     plosfigtabcaps : Error in function (type, msg, asError = TRUE) :
     Recv failure: Connection reset by peer
     Calls: test_check ... perform -> curlPerform -> .Call -> <Anonymous> -> fun
     Execution halted
Flavor: r-patched-linux-x86_64

Version: 0.4.0
Check: tests
Result: ERROR
    Running the tests in ‘tests/test-all.R’ failed.
    Last 13 lines of output:
     New to rplos? Tutorial at http://ropensci.org/tutorials/rplos_tutorial.html. Use suppressPackageStartupMessages() to suppress these startup messages in the future
    
     check_response : ...1..
     crossref : ..
     formatarticleurl : ..
     journalnamekey : ...
     plosabstract : 2..
     plosauthor : .34
     plosfields : ....
     plosfigtabcaps : Error in function (type, msg, asError = TRUE) :
     Recv failure: Connection reset by peer
     Calls: test_check ... perform -> curlPerform -> .Call -> <Anonymous> -> fun
     Execution halted
Flavor: r-release-linux-ix86

Version: 0.4.0
Check: tests
Result: ERROR
    Running the tests in ‘tests/test-all.R’ failed.
    Last 13 lines of output:
     New to rplos? Tutorial at http://ropensci.org/tutorials/rplos_tutorial.html. Use suppressPackageStartupMessages() to suppress these startup messages in the future
    
     check_response : .12.3
     crossref : ..
     formatarticleurl : ..
     journalnamekey : ...
     plosabstract : 45
     plosauthor : 67
     plosfields : ....
     plosfigtabcaps : Error in function (type, msg, asError = TRUE) :
     Recv failure: Connection reset by peer
     Calls: test_check ... perform -> curlPerform -> .Call -> <Anonymous> -> fun
     Execution halted
Flavor: r-release-linux-x86_64

Version: 0.4.0
Check: tests
Result: ERROR
    Running the tests in 'tests/test-all.R' failed.
    Last 13 lines of output:
    
     New to rplos? Tutorial at http://ropensci.org/tutorials/rplos_tutorial.html. Use suppressPackageStartupMessages() to suppress these startup messages in the future
    
     check_response : ..1..
     crossref : ..
     formatarticleurl : ..
     journalnamekey : 2..
     plosabstract : 34
     plosauthor : 56
     plosfields : ....
     plosfigtabcaps : Error in function (type, msg, asError = TRUE) : couldn't connect to host
     Calls: test_check ... perform -> curlPerform -> .Call -> <Anonymous> -> fun
     Execution halted
Flavor: r-release-windows-ix86+x86_64

Version: 0.4.0
Check: tests
Result: ERROR
    Running the tests in 'tests/test-all.R' failed.
    Last 13 lines of output:
    
     New to rplos? Tutorial at http://ropensci.org/tutorials/rplos_tutorial.html. Use suppressPackageStartupMessages() to suppress these startup messages in the future
    
     check_response : .....1
     crossref : ..
     formatarticleurl : ..
     journalnamekey : 2..
     plosabstract : ....
     plosauthor : ...
     plosfields : ....
     plosfigtabcaps : Error in function (type, msg, asError = TRUE) : couldn't connect to host
     Calls: test_check ... perform -> curlPerform -> .Call -> <Anonymous> -> fun
     Execution halted
Flavor: r-oldrel-windows-ix86+x86_64