CRAN Package Check Results for Package rplos

Last updated on 2015-06-30 09:47:10.

Flavor Version Tinstall Tcheck Ttotal Status Flags
r-devel-linux-x86_64-debian-clang 0.4.7 2.58 29.97 32.55 NOTE
r-devel-linux-x86_64-debian-gcc 0.4.7 2.32 29.40 31.72 NOTE
r-devel-linux-x86_64-fedora-clang 0.4.7 63.34 OK
r-devel-linux-x86_64-fedora-gcc 0.4.7 60.34 OK
r-devel-osx-x86_64-clang 0.4.7 51.58 OK
r-devel-windows-ix86+x86_64 0.4.7 7.00 49.00 56.00 NOTE
r-patched-linux-x86_64 0.4.7 2.39 28.86 31.25 OK
r-patched-solaris-sparc 0.4.7 406.90 OK
r-patched-solaris-x86 0.4.7 87.10 OK
r-release-linux-x86_64 0.4.7 2.33 29.31 31.64 OK
r-release-osx-x86_64-mavericks 0.4.7 OK
r-release-windows-ix86+x86_64 0.4.7 12.00 49.00 61.00 OK
r-oldrel-windows-ix86+x86_64 0.4.7 17.00 82.00 99.00 OK

Check Details

Version: 0.4.7
Check: R code for possible problems
Result: NOTE
    facetplos: no visible binding for global variable ‘sleep’
    get_meta: no visible global function definition for ‘setNames’
    highbrow: no visible global function definition for ‘browseURL’
    plosword: no visible global function definition for ‘setNames’
    plot_throughtime: no visible global function definition for ‘setNames’
    print.plosft: no visible global function definition for ‘na.omit’
    searchplos: no visible global function definition for ‘is’
    timesearch: no visible global function definition for ‘setNames’
Flavors: r-devel-linux-x86_64-debian-clang, r-devel-linux-x86_64-debian-gcc, r-devel-windows-ix86+x86_64