CRAN Package Check Results for Package rplotengine

Last updated on 2014-04-23 17:47:53.

Flavor Version Tinstall Tcheck Ttotal Status Flags
r-devel-linux-x86_64-debian-clang 1.0-3 0.55 10.13 10.68 NOTE
r-devel-linux-x86_64-debian-gcc 1.0-3 0.56 9.82 10.38 NOTE
r-devel-linux-x86_64-fedora-clang 1.0-3 20.89 NOTE
r-devel-linux-x86_64-fedora-gcc 1.0-3 19.09 NOTE
r-devel-osx-x86_64-clang 1.0-3 23.96 NOTE
r-devel-osx-x86_64-gcc 1.0-3 NOTE
r-devel-windows-ix86+x86_64 1.0-3 2.00 17.00 19.00 NOTE
r-patched-linux-x86_64 1.0-3 0.55 10.19 10.74 NOTE
r-patched-solaris-sparc 1.0-3 115.40 NOTE
r-patched-solaris-x86 1.0-3 29.90 NOTE
r-release-linux-ix86 1.0-3 1.00 22.00 23.00 NOTE
r-release-linux-x86_64 1.0-3 0.57 10.16 10.73 NOTE
r-release-osx-x86_64-mavericks 1.0-3 WARN
r-release-osx-x86_64-snowleopard 1.0-3 NOTE
r-release-windows-ix86+x86_64 1.0-3 5.00 26.00 31.00 NOTE
r-oldrel-windows-ix86+x86_64 1.0-3 2.00 23.00 25.00 NOTE

Check Details

Version: 1.0-3
Check: top-level files
Result: NOTE
    Files
     LICENCE
     LICENSE
    are not mentioned in the DESCRIPTION file.
Flavors: r-devel-linux-x86_64-debian-clang, r-devel-linux-x86_64-debian-gcc, r-devel-linux-x86_64-fedora-clang, r-devel-linux-x86_64-fedora-gcc, r-devel-osx-x86_64-clang, r-devel-osx-x86_64-gcc, r-devel-windows-ix86+x86_64, r-patched-linux-x86_64, r-patched-solaris-sparc, r-patched-solaris-x86, r-release-linux-ix86, r-release-linux-x86_64, r-release-osx-x86_64-mavericks, r-release-osx-x86_64-snowleopard, r-release-windows-ix86+x86_64, r-oldrel-windows-ix86+x86_64

Version: 1.0-3
Check: dependencies in R code
Result: NOTE
    'library' or 'require' call to ‘xtable’ which was already attached by Depends.
     Please remove these calls from your code.
    Package in Depends field not imported from: ‘xtable’
     These packages need to be imported from (in the NAMESPACE file)
     for when this namespace is loaded but not attached.
    See the information on DESCRIPTION files in the chapter ‘Creating R
    packages’ of the ‘Writing R Extensions’ manual.
Flavors: r-devel-linux-x86_64-debian-clang, r-devel-linux-x86_64-debian-gcc, r-devel-linux-x86_64-fedora-clang, r-devel-linux-x86_64-fedora-gcc, r-devel-osx-x86_64-clang, r-devel-osx-x86_64-gcc, r-devel-windows-ix86+x86_64, r-patched-linux-x86_64, r-patched-solaris-sparc, r-patched-solaris-x86, r-release-linux-ix86, r-release-linux-x86_64, r-release-osx-x86_64-mavericks, r-release-windows-ix86+x86_64, r-oldrel-windows-ix86+x86_64

Version: 1.0-3
Check: PDF version of manual
Result: WARNING
    LaTeX errors when creating PDF version.
    This typically indicates Rd problems.
    LaTeX errors found:
    ! LaTeX Error: File `upquote.sty' not found.
    
    Type X to quit or <RETURN> to proceed,
    or enter new name. (Default extension: sty)
    
    841f1bf/Rd2.tex:8: ==> Fatal error occurred, no output PDF file produced!
Flavor: r-release-osx-x86_64-mavericks

Version: 1.0-3
Check: dependencies in R code
Result: NOTE
    'library' or 'require' call to 'xtable' which was already attached by Depends.
     Please remove these calls from your code.
    See the information on DESCRIPTION files in the chapter 'Creating R
    packages' of the 'Writing R Extensions' manual.
Flavor: r-release-osx-x86_64-snowleopard