CRAN Package Check Results for Package rplotengine

Last updated on 2015-08-03 14:47:40.

Flavor Version Tinstall Tcheck Ttotal Status Flags
r-devel-linux-x86_64-debian-clang 1.0-5 0.51 9.22 9.73 NOTE
r-devel-linux-x86_64-debian-gcc 1.0-5 0.51 9.25 9.76 NOTE
r-devel-linux-x86_64-fedora-clang 1.0-5 18.85 NOTE
r-devel-linux-x86_64-fedora-gcc 1.0-5 16.64 NOTE
r-devel-osx-x86_64-clang 1.0-5 19.10 OK
r-devel-windows-ix86+x86_64 1.0-5 2.00 19.00 21.00 NOTE
r-patched-linux-x86_64 1.0-5 0.64 9.94 10.58 OK
r-patched-solaris-sparc 1.0-5 121.40 OK
r-patched-solaris-x86 1.0-5 27.70 OK
r-release-linux-x86_64 1.0-5 0.51 9.49 10.00 OK
r-release-osx-x86_64-mavericks 1.0-5 OK
r-release-windows-ix86+x86_64 1.0-5 2.00 17.00 19.00 OK
r-oldrel-windows-ix86+x86_64 1.0-5 4.00 20.00 24.00 OK

Check Details

Version: 1.0-5
Check: R code for possible problems
Result: NOTE
    abrir_grafico: no visible global function definition for ‘postscript’
    abrir_grafico: no visible global function definition for ‘png’
    abrir_grafico: no visible global function definition for ‘bitmap’
    exportar_datos: no visible global function definition for ‘write.table’
    importar_datos: no visible global function definition for ‘read.table’
    plot_bars: no visible global function definition for ‘par’
    plot_bars: no visible global function definition for ‘grey’
    plot_bars: no visible global function definition for ‘barplot’
    plot_bars: no visible global function definition for ‘text’
    plot_bars: no visible global function definition for ‘grid’
    plot_bars: no visible global function definition for ‘legend’
    plot_bars: no visible global function definition for ‘dev.off’
    plot_lines: no visible global function definition for ‘par’
    plot_lines: no visible global function definition for ‘plot’
    plot_lines: no visible global function definition for ‘grid’
    plot_lines: no visible global function definition for ‘segments’
    plot_lines: no visible global function definition for ‘lines’
    plot_lines: no visible global function definition for ‘legend’
    plot_lines: no visible global function definition for ‘dev.off’
    rplotengine: no visible global function definition for ‘read.table’
    rplotengine: no visible global function definition for ‘flush.console’
    Undefined global functions or variables:
     barplot bitmap dev.off flush.console grey grid legend lines par plot
     png postscript read.table segments text write.table
    Consider adding
     importFrom("grDevices", "bitmap", "dev.off", "grey", "png",
     "postscript")
     importFrom("graphics", "barplot", "grid", "legend", "lines", "par",
     "plot", "segments", "text")
     importFrom("utils", "flush.console", "read.table", "write.table")
    to your NAMESPACE.
Flavors: r-devel-linux-x86_64-debian-clang, r-devel-linux-x86_64-debian-gcc, r-devel-linux-x86_64-fedora-clang, r-devel-linux-x86_64-fedora-gcc, r-devel-windows-ix86+x86_64