CRAN Package Check Results for Package rpostgis

Last updated on 2020-06-07 04:47:48 CEST.

Flavor Version Tinstall Tcheck Ttotal Status Flags
r-devel-linux-x86_64-debian-clang 1.4.3 12.94 87.84 100.78 OK
r-devel-linux-x86_64-debian-gcc 1.4.3 9.64 67.44 77.08 OK
r-devel-linux-x86_64-fedora-clang 1.4.3 134.06 OK
r-devel-linux-x86_64-fedora-gcc 1.4.3 120.96 OK
r-devel-windows-ix86+x86_64 1.4.3 19.00 120.00 139.00 OK
r-patched-linux-x86_64 1.4.3 12.62 87.72 100.34 OK
r-patched-solaris-x86 1.4.3 167.60 NOTE
r-release-linux-x86_64 1.4.3 11.79 88.62 100.41 OK
r-release-osx-x86_64 1.4.3 OK
r-release-windows-ix86+x86_64 1.4.3 16.00 126.00 142.00 OK
r-oldrel-osx-x86_64 1.4.3 OK
r-oldrel-windows-ix86+x86_64 1.4.3 27.00 86.00 113.00 OK

Check Details

Version: 1.4.3
Check: package dependencies
Result: NOTE
    Package suggested but not available for checking: ‘RPostgres’
Flavor: r-patched-solaris-x86