CRAN Package Check Results for Package rpql

Last updated on 2022-01-25 04:49:49 CET.

Flavor Version Tinstall Tcheck Ttotal Status Flags
r-devel-linux-x86_64-debian-clang 0.8 38.56 84.71 123.27 OK
r-devel-linux-x86_64-debian-gcc 0.8 31.85 69.81 101.66 OK
r-devel-linux-x86_64-fedora-clang 0.8 166.53 OK
r-devel-linux-x86_64-fedora-gcc 0.8 151.51 OK
r-devel-windows-x86_64-new-UL 0.8 54.00 124.00 178.00 OK
r-devel-windows-x86_64-new-TK 0.8 ERROR
r-patched-linux-x86_64 0.8 31.14 84.18 115.32 OK
r-release-linux-x86_64 0.8 31.54 84.66 116.20 OK
r-release-macos-arm64 0.8 OK
r-release-macos-x86_64 0.8 OK
r-release-windows-ix86+x86_64 0.8 91.00 132.00 223.00 OK
r-oldrel-macos-x86_64 0.8 OK
r-oldrel-windows-ix86+x86_64 0.8 92.00 132.00 224.00 OK

Check Details

Version: 0.8
Check: package dependencies
Result: ERROR
    Package required but not available: 'lme4'
    
    See section 'The DESCRIPTION file' in the 'Writing R Extensions'
    manual.
Flavor: r-devel-windows-x86_64-new-TK