CRAN Package Check Results for Package rpredictit

Last updated on 2024-02-22 02:55:35 CET.

Flavor Version Tinstall Tcheck Ttotal Status Flags
r-devel-linux-x86_64-debian-clang 0.1.0 OK
r-devel-linux-x86_64-debian-gcc 0.1.0 2.55 35.63 38.18 OK
r-devel-linux-x86_64-fedora-clang 0.1.0 62.84 NOTE
r-devel-linux-x86_64-fedora-gcc 0.1.0 71.62 OK
r-devel-windows-x86_64 0.1.0 5.00 60.00 65.00 OK
r-patched-linux-x86_64 0.1.0 8.70 45.12 53.82 OK
r-release-linux-x86_64 0.1.0 2.63 45.00 47.63 OK
r-release-macos-arm64 0.1.0 33.00 OK
r-release-macos-x86_64 0.1.0 45.00 OK
r-release-windows-x86_64 0.1.0 6.00 64.00 70.00 OK
r-oldrel-macos-arm64 0.1.0 37.00 OK
r-oldrel-windows-x86_64 0.1.0 8.00 68.00 76.00 OK

Check Details

Version: 0.1.0
Check: Rd cross-references
Result: NOTE Undeclared package ‘htmlwidgets’ in Rd xrefs Flavor: r-devel-linux-x86_64-fedora-clang