CRAN Package Check Results for Package rpsychi

Last updated on 2014-11-21 10:52:38.

Flavor Version Tinstall Tcheck Ttotal Status Flags
r-devel-linux-x86_64-debian-clang 0.8 0.99 15.07 16.06 NOTE
r-devel-linux-x86_64-debian-gcc 0.8 0.99 14.70 15.69 NOTE
r-devel-linux-x86_64-fedora-clang 0.8 32.69 NOTE
r-devel-linux-x86_64-fedora-gcc 0.8 30.01 NOTE
r-devel-osx-x86_64-clang 0.8 34.14 OK
r-devel-windows-ix86+x86_64 0.8 3.00 25.00 28.00 OK
r-patched-linux-x86_64 0.8 0.95 14.94 15.89 NOTE
r-patched-solaris-sparc 0.8 172.60 OK
r-patched-solaris-x86 0.8 41.10 OK
r-release-linux-ix86 0.8 1.31 20.82 22.12 OK
r-release-linux-x86_64 0.8 0.96 15.41 16.37 NOTE
r-release-osx-x86_64-mavericks 0.8 OK
r-release-osx-x86_64-snowleopard 0.8 WARN
r-release-windows-ix86+x86_64 0.8 3.00 33.00 36.00 OK
r-oldrel-windows-ix86+x86_64 0.8 5.00 32.00 37.00 OK

Check Details

Version: 0.8
Check: top-level files
Result: NOTE
    Non-standard file/directory found at top level:
     ‘rpsychi-Ex.R’
Flavors: r-devel-linux-x86_64-debian-clang, r-devel-linux-x86_64-debian-gcc, r-devel-linux-x86_64-fedora-clang, r-devel-linux-x86_64-fedora-gcc, r-patched-linux-x86_64, r-release-linux-x86_64

Version: 0.8
Check: Rd line widths
Result: NOTE
    Rd file 'ind.prop.Rd':
     \examples lines wider than 100 characters:
     ind.prop(y~x, data=dat, lev.count=2, ref.ind=1) #Odds for not relapse is higher in treatment than control condition.
     ind.prop(y~x, data=dat, lev.count=1, ref.ind=1) #Odds for relapse is lower in treatment than control condition.
     ind.prop(y~x, data=dat, lev.count=2, ref.ind=2) #Odds for not relapse is lower in control than treatment condition.
     ind.prop(y~x, data=dat, lev.count=1, ref.ind=2) #Odds for relapse is higher in control than treatment condition.
    
    Rd file 'ind.prop.second.Rd':
     \examples lines wider than 100 characters:
     ind.prop.second(x=tab[,1], n = rowSums(tab)) #Risk for relapse is lower in treatment than control condition.
     ind.prop.second(x=tab[,1], n = rowSums(tab), ref.ind=2) #Risk for relapse is higher in control than treatment condition.
    
    These lines will be truncated in the PDF manual.
Flavors: r-devel-linux-x86_64-debian-clang, r-devel-linux-x86_64-debian-gcc, r-devel-linux-x86_64-fedora-clang, r-devel-linux-x86_64-fedora-gcc, r-patched-linux-x86_64, r-release-linux-x86_64

Version: 0.8
Check: examples
Result: WARN
    checking a package with encoding 'UTF-8' in an ASCII locale
    
     OK
Flavor: r-release-osx-x86_64-snowleopard