CRAN Package Check Results for Package rpsychi

Last updated on 2015-07-05 22:47:44.

Flavor Version Tinstall Tcheck Ttotal Status Flags
r-devel-linux-x86_64-debian-clang 0.8 0.86 13.32 14.18 NOTE
r-devel-linux-x86_64-debian-gcc 0.8 1.28 13.36 14.64 NOTE
r-devel-linux-x86_64-fedora-clang 0.8 27.95 NOTE
r-devel-linux-x86_64-fedora-gcc 0.8 25.48 NOTE
r-devel-osx-x86_64-clang 0.8 26.13 OK
r-devel-windows-ix86+x86_64 0.8 4.00 26.00 30.00 NOTE
r-patched-linux-x86_64 0.8 0.86 13.99 14.84 NOTE
r-patched-solaris-sparc 0.8 181.20 OK
r-patched-solaris-x86 0.8 39.40 OK
r-release-linux-x86_64 0.8 0.86 13.74 14.60 NOTE
r-release-osx-x86_64-mavericks 0.8 OK
r-release-windows-ix86+x86_64 0.8 4.00 25.00 29.00 OK
r-oldrel-windows-ix86+x86_64 0.8 5.00 25.00 30.00 OK

Check Details

Version: 0.8
Check: top-level files
Result: NOTE
    Non-standard file/directory found at top level:
     ‘rpsychi-Ex.R’
Flavors: r-devel-linux-x86_64-debian-clang, r-devel-linux-x86_64-debian-gcc, r-devel-linux-x86_64-fedora-clang, r-devel-linux-x86_64-fedora-gcc, r-patched-linux-x86_64, r-release-linux-x86_64

Version: 0.8
Check: R code for possible problems
Result: NOTE
    FNONCT : temp: no visible global function definition for ‘pf’
    FNONCT: no visible global function definition for ‘uniroot’
    dep.oneway: no visible global function definition for ‘aggregate’
    dep.oneway: no visible global function definition for ‘reshape’
    dep.oneway: no visible global function definition for ‘cor’
    dep.oneway.second: no visible global function definition for ‘pf’
    dep.oneway.second: no visible global function definition for ‘qt’
    dep.t.test: no visible global function definition for ‘aggregate’
    dep.t.test: no visible global function definition for ‘reshape’
    dep.t.test: no visible global function definition for ‘cor’
    dep.t.test.second: no visible global function definition for ‘qt’
    dep.t.test.second: no visible global function definition for ‘qnorm’
    groupSummary: no visible global function definition for ‘aggregate’
    ind.oneway: no visible global function definition for ‘aggregate’
    ind.oneway.second: no visible global function definition for ‘qt’
    ind.prop.second: no visible global function definition for ‘qnorm’
    ind.t.test: no visible global function definition for ‘aggregate’
    ind.t.test.second: no visible global function definition for ‘qt’
    ind.t.test.second: no visible global function definition for ‘qnorm’
    ind.twoway: no visible binding for global variable ‘sd’
    ind.twoway.second: no visible global function definition for ‘pf’
    lower2R: no visible global function definition for ‘uniroot’
    multreg: no visible binding for global variable ‘sd’
    multreg: no visible global function definition for ‘cor’
    multreg.second: no visible global function definition for ‘qnorm’
    multreg.second: no visible global function definition for ‘qt’
    power.f: no visible global function definition for ‘qf’
    power.f: no visible global function definition for ‘pnorm’
    power.f2: no visible global function definition for ‘qf’
    power.f2: no visible global function definition for ‘pnorm’
    power.multi: no visible global function definition for ‘pf’
    power.multi: no visible global function definition for ‘qf’
    power.prop: no visible global function definition for ‘qnorm’
    power.prop: no visible global function definition for ‘pnorm’
    power.r: no visible global function definition for ‘qt’
    power.r: no visible global function definition for ‘pnorm’
    power.t: no visible global function definition for ‘pt’
    power.t: no visible global function definition for ‘qt’
    samplesize.d: no visible global function definition for ‘qnorm’
    samplesize.etasq : temp: no visible global function definition for ‘qf’
    samplesize.etasq : temp: no visible global function definition for
     ‘pnorm’
    samplesize.etasq: no visible global function definition for ‘uniroot’
    samplesize.h : temp: no visible global function definition for ‘qnorm’
    samplesize.h : temp: no visible global function definition for ‘pnorm’
    samplesize.h: no visible global function definition for ‘uniroot’
    samplesize.r : temp: no visible global function definition for ‘qt’
    samplesize.r : temp: no visible global function definition for ‘pnorm’
    samplesize.r: no visible global function definition for ‘uniroot’
    samplesize.rsq : temp: no visible global function definition for ‘pf’
    samplesize.rsq : temp: no visible global function definition for ‘qf’
    samplesize.rsq: no visible global function definition for ‘uniroot’
    ssd: no visible global function definition for ‘na.omit’
    sumfun: no visible global function definition for ‘sd’
    svar: no visible global function definition for ‘na.omit’
    zero.r.test: no visible binding for global variable ‘sd’
    zero.r.test: no visible global function definition for ‘cor’
    zero.r.test.second: no visible global function definition for ‘qnorm’
    Undefined global functions or variables:
     aggregate cor na.omit pf pnorm pt qf qnorm qt reshape sd uniroot
Flavors: r-devel-linux-x86_64-debian-clang, r-devel-linux-x86_64-debian-gcc, r-devel-linux-x86_64-fedora-clang, r-devel-linux-x86_64-fedora-gcc, r-devel-windows-ix86+x86_64

Version: 0.8
Check: Rd line widths
Result: NOTE
    Rd file 'ind.prop.Rd':
     \examples lines wider than 100 characters:
     ind.prop(y~x, data=dat, lev.count=2, ref.ind=1) #Odds for not relapse is higher in treatment than control condition.
     ind.prop(y~x, data=dat, lev.count=1, ref.ind=1) #Odds for relapse is lower in treatment than control condition.
     ind.prop(y~x, data=dat, lev.count=2, ref.ind=2) #Odds for not relapse is lower in control than treatment condition.
     ind.prop(y~x, data=dat, lev.count=1, ref.ind=2) #Odds for relapse is higher in control than treatment condition.
    
    Rd file 'ind.prop.second.Rd':
     \examples lines wider than 100 characters:
     ind.prop.second(x=tab[,1], n = rowSums(tab)) #Risk for relapse is lower in treatment than control condition.
     ind.prop.second(x=tab[,1], n = rowSums(tab), ref.ind=2) #Risk for relapse is higher in control than treatment condition.
    
    These lines will be truncated in the PDF manual.
Flavors: r-devel-linux-x86_64-debian-clang, r-devel-linux-x86_64-debian-gcc, r-devel-linux-x86_64-fedora-clang, r-devel-linux-x86_64-fedora-gcc, r-patched-linux-x86_64, r-release-linux-x86_64