CRAN Package Check Results for Package rpsychi

Last updated on 2014-12-19 12:48:27.

Flavor Version Tinstall Tcheck Ttotal Status Flags
r-devel-linux-x86_64-debian-clang 0.8 0.96 14.91 15.88 NOTE
r-devel-linux-x86_64-debian-gcc 0.8 0.92 14.50 15.42 NOTE
r-devel-linux-x86_64-fedora-clang 0.8 32.37 NOTE
r-devel-linux-x86_64-fedora-gcc 0.8 29.51 NOTE
r-devel-osx-x86_64-clang 0.8 33.06 OK
r-devel-windows-ix86+x86_64 0.8 4.00 24.00 28.00 OK
r-patched-linux-x86_64 0.8 1.12 14.92 16.04 NOTE
r-patched-solaris-sparc 0.8 172.60 OK
r-patched-solaris-x86 0.8 41.20 OK
r-release-linux-ix86 0.8 1.30 20.72 22.02 OK
r-release-linux-x86_64 0.8 0.97 14.98 15.95 NOTE
r-release-osx-x86_64-mavericks 0.8 OK
r-release-osx-x86_64-snowleopard 0.8 WARN
r-release-windows-ix86+x86_64 0.8 3.00 33.00 36.00 OK
r-oldrel-windows-ix86+x86_64 0.8 5.00 32.00 37.00 OK

Check Details

Version: 0.8
Check: top-level files
Result: NOTE
    Non-standard file/directory found at top level:
     ‘rpsychi-Ex.R’
Flavors: r-devel-linux-x86_64-debian-clang, r-devel-linux-x86_64-debian-gcc, r-devel-linux-x86_64-fedora-clang, r-devel-linux-x86_64-fedora-gcc, r-patched-linux-x86_64, r-release-linux-x86_64

Version: 0.8
Check: Rd line widths
Result: NOTE
    Rd file 'ind.prop.Rd':
     \examples lines wider than 100 characters:
     ind.prop(y~x, data=dat, lev.count=2, ref.ind=1) #Odds for not relapse is higher in treatment than control condition.
     ind.prop(y~x, data=dat, lev.count=1, ref.ind=1) #Odds for relapse is lower in treatment than control condition.
     ind.prop(y~x, data=dat, lev.count=2, ref.ind=2) #Odds for not relapse is lower in control than treatment condition.
     ind.prop(y~x, data=dat, lev.count=1, ref.ind=2) #Odds for relapse is higher in control than treatment condition.
    
    Rd file 'ind.prop.second.Rd':
     \examples lines wider than 100 characters:
     ind.prop.second(x=tab[,1], n = rowSums(tab)) #Risk for relapse is lower in treatment than control condition.
     ind.prop.second(x=tab[,1], n = rowSums(tab), ref.ind=2) #Risk for relapse is higher in control than treatment condition.
    
    These lines will be truncated in the PDF manual.
Flavors: r-devel-linux-x86_64-debian-clang, r-devel-linux-x86_64-debian-gcc, r-devel-linux-x86_64-fedora-clang, r-devel-linux-x86_64-fedora-gcc, r-patched-linux-x86_64, r-release-linux-x86_64

Version: 0.8
Check: examples
Result: WARN
    checking a package with encoding 'UTF-8' in an ASCII locale
    
     OK
Flavor: r-release-osx-x86_64-snowleopard