CRAN Package Check Results for Package rptR

Last updated on 2021-12-08 09:53:41 CET.

Flavor Version Tinstall Tcheck Ttotal Status Flags
r-devel-linux-x86_64-debian-clang 0.9.22 4.71 173.92 178.63 OK
r-devel-linux-x86_64-debian-gcc 0.9.22 2.73 130.35 133.08 OK
r-devel-linux-x86_64-fedora-clang 0.9.22 212.12 NOTE
r-devel-linux-x86_64-fedora-gcc 0.9.22 208.60 NOTE
r-devel-windows-x86_64-new-UL 0.9.22 11.00 240.00 251.00 OK
r-devel-windows-x86_64-new-TK 0.9.22 NOTE
r-devel-windows-x86_64-old 0.9.22 8.00 181.00 189.00 OK
r-patched-linux-x86_64 0.9.22 8.40 172.99 181.39 OK
r-release-linux-x86_64 0.9.22 3.28 171.45 174.73 OK
r-release-macos-arm64 0.9.22 NOTE
r-release-macos-x86_64 0.9.22 NOTE
r-release-windows-ix86+x86_64 0.9.22 6.00 222.00 228.00 OK
r-oldrel-macos-x86_64 0.9.22 NOTE
r-oldrel-windows-ix86+x86_64 0.9.22 8.00 216.00 224.00 OK

Check Details

Version: 0.9.22
Check: dependencies in R code
Result: NOTE
    Namespace in Imports field not imported from: ‘methods’
     All declared Imports should be used.
Flavors: r-devel-linux-x86_64-fedora-clang, r-devel-linux-x86_64-fedora-gcc, r-devel-windows-x86_64-new-TK, r-release-macos-arm64, r-release-macos-x86_64, r-oldrel-macos-x86_64