CRAN Package Check Results for Package rpubchem

Last updated on 2015-05-03 19:47:23.

Flavor Version Tinstall Tcheck Ttotal Status Flags
r-devel-linux-x86_64-debian-clang 1.5.0.2 4.68 43.21 47.89 NOTE
r-devel-linux-x86_64-debian-gcc 1.5.0.2 4.25 42.26 46.52 NOTE
r-devel-linux-x86_64-fedora-clang 1.5.0.2 100.58 NOTE
r-devel-linux-x86_64-fedora-gcc 1.5.0.2 93.10 NOTE
r-devel-osx-x86_64-clang 1.5.0.2 84.20 NOTE
r-devel-windows-ix86+x86_64 1.5.0.2 11.00 70.00 81.00 NOTE
r-patched-linux-x86_64 1.5.0.2 4.19 43.38 47.57 NOTE
r-patched-solaris-sparc 1.5.0.2 556.10 NOTE
r-patched-solaris-x86 1.5.0.2 130.10 NOTE
r-release-linux-x86_64 1.5.0.2 4.03 43.28 47.31 NOTE
r-release-osx-x86_64-mavericks 1.5.0.2 NOTE
r-release-osx-x86_64-snowleopard 1.5.0.2 ERROR
r-release-windows-ix86+x86_64 1.5.0.2 11.00 70.00 81.00 NOTE
r-oldrel-windows-ix86+x86_64 1.5.0.2 18.00 99.00 117.00 OK

Check Details

Version: 1.5.0.2
Check: DESCRIPTION meta-information
Result: NOTE
    Malformed Description field: should contain one or more complete sentences.
Flavors: r-devel-linux-x86_64-debian-clang, r-devel-linux-x86_64-debian-gcc, r-devel-linux-x86_64-fedora-clang, r-devel-linux-x86_64-fedora-gcc, r-devel-osx-x86_64-clang, r-devel-windows-ix86+x86_64, r-patched-linux-x86_64, r-patched-solaris-sparc, r-patched-solaris-x86, r-release-linux-x86_64, r-release-osx-x86_64-mavericks, r-release-windows-ix86+x86_64

Version: 1.5.0.2
Check: package dependencies
Result: ERROR
    Packages required but not available: ‘XML’ ‘car’
    
    See section ‘The DESCRIPTION file’ in the ‘Writing R Extensions’
    manual.
Flavor: r-release-osx-x86_64-snowleopard