CRAN Package Check Results for Package rpubchem

Last updated on 2014-04-24 09:49:09.

Flavor Version Tinstall Tcheck Ttotal Status Flags
r-devel-linux-x86_64-debian-clang 1.5.0.1 1.76 21.56 23.32 OK
r-devel-linux-x86_64-debian-gcc 1.5.0.1 1.77 21.20 22.96 OK
r-devel-linux-x86_64-fedora-clang 1.5.0.1 46.70 OK
r-devel-linux-x86_64-fedora-gcc 1.5.0.1 45.12 OK
r-devel-osx-x86_64-clang 1.5.0.1 44.84 OK
r-devel-osx-x86_64-gcc 1.5.0.1 ERROR
r-devel-windows-ix86+x86_64 1.5.0.1 5.00 30.00 35.00 OK
r-patched-linux-x86_64 1.5.0.1 1.76 21.28 23.04 OK
r-patched-solaris-sparc 1.5.0.1 256.30 OK
r-patched-solaris-x86 1.5.0.1 61.40 OK
r-release-linux-ix86 1.5.0.1 3.00 39.00 42.00 OK
r-release-linux-x86_64 1.5.0.1 1.77 21.23 23.00 OK
r-release-osx-x86_64-mavericks 1.5.0.1 WARN
r-release-osx-x86_64-snowleopard 1.5.0.1 OK
r-release-windows-ix86+x86_64 1.5.0.1 5.00 33.00 38.00 OK
r-oldrel-windows-ix86+x86_64 1.5.0.1 5.00 34.00 39.00 OK

Check Details

Version: 1.5.0.1
Check: package dependencies
Result: ERROR
    Packages required but not available: ‘XML’ ‘car’
    
    See the information on DESCRIPTION files in the chapter ‘Creating R
    packages’ of the ‘Writing R Extensions’ manual.
Flavor: r-devel-osx-x86_64-gcc

Version: 1.5.0.1
Check: PDF version of manual
Result: WARNING
    LaTeX errors when creating PDF version.
    This typically indicates Rd problems.
    LaTeX errors found:
    ! LaTeX Error: File `upquote.sty' not found.
    
    Type X to quit or <RETURN> to proceed,
    or enter new name. (Default extension: sty)
    
    cebdfd/Rd2.tex:8: ==> Fatal error occurred, no output PDF file produced!
Flavor: r-release-osx-x86_64-mavericks