CRAN Package Check Results for Package rpubchem

Last updated on 2015-03-28 11:49:25.

Flavor Version Tinstall Tcheck Ttotal Status Flags
r-devel-linux-x86_64-debian-clang 1.5.0.2 4.13 42.65 46.78 NOTE
r-devel-linux-x86_64-debian-gcc 1.5.0.2 4.03 41.92 45.94 NOTE
r-devel-linux-x86_64-fedora-clang 1.5.0.2 98.76 NOTE
r-devel-linux-x86_64-fedora-gcc 1.5.0.2 94.75 NOTE
r-devel-osx-x86_64-clang 1.5.0.2 88.72 NOTE
r-prerel-windows-ix86+x86_64 1.5.0.2 12.00 63.00 75.00 NOTE
r-prerel-linux-x86_64 1.5.0.2 3.96 42.01 45.98 NOTE
r-prerel-solaris-sparc 1.5.0.2 556.10 NOTE
r-prerel-solaris-x86 1.5.0.2 125.00 NOTE
r-release-linux-x86_64 1.5.0.2 6.52 60.94 67.46 OK
r-release-osx-x86_64-mavericks 1.5.0.2 OK
r-release-osx-x86_64-snowleopard 1.5.0.2 OK
r-release-windows-ix86+x86_64 1.5.0.2 19.00 101.00 120.00 OK
r-oldrel-windows-ix86+x86_64 1.5.0.2 16.00 135.00 151.00 OK

Check Details

Version: 1.5.0.2
Check: DESCRIPTION meta-information
Result: NOTE
    Malformed Description field: should contain one or more complete sentences.
Flavors: r-devel-linux-x86_64-debian-clang, r-devel-linux-x86_64-debian-gcc, r-devel-linux-x86_64-fedora-clang, r-devel-linux-x86_64-fedora-gcc, r-devel-osx-x86_64-clang, r-prerel-windows-ix86+x86_64, r-prerel-linux-x86_64, r-prerel-solaris-sparc, r-prerel-solaris-x86