CRAN Package Check Results for Package rpud

Last updated on 2014-12-19 01:48:28.

Flavor Version Tinstall Tcheck Ttotal Status Flags
r-devel-linux-x86_64-debian-clang 0.0.2 0.54 8.78 9.32 NOTE --install=fake
r-devel-linux-x86_64-debian-gcc 0.0.2 0.53 8.39 8.92 NOTE --install=fake
r-devel-linux-x86_64-fedora-clang 0.0.2 18.13 NOTE --install=fake
r-devel-linux-x86_64-fedora-gcc 0.0.2 16.31 NOTE --install=fake
r-patched-linux-x86_64 0.0.2 0.59 8.58 9.18 NOTE --install=fake
r-release-linux-ix86 0.0.2 0.84 13.61 14.45 NOTE --install=fake
r-release-linux-x86_64 0.0.2 0.58 8.83 9.41 NOTE --install=fake
r-release-osx-x86_64-mavericks 0.0.2 ERROR
r-release-osx-x86_64-snowleopard 0.0.2 ERROR

Check Details

Version: 0.0.2
Flags: --install=fake
Check: top-level files
Result: NOTE
    File
     LICENSE
    is not mentioned in the DESCRIPTION file.
Flavors: r-devel-linux-x86_64-debian-clang, r-devel-linux-x86_64-debian-gcc, r-devel-linux-x86_64-fedora-clang, r-devel-linux-x86_64-fedora-gcc, r-patched-linux-x86_64, r-release-linux-ix86, r-release-linux-x86_64

Version: 0.0.2
Check: whether package can be installed
Result: ERROR
    Installation failed.
Flavors: r-release-osx-x86_64-mavericks, r-release-osx-x86_64-snowleopard