CRAN Package Check Results for Package rpud

Last updated on 2014-09-17 01:48:19.

Flavor Version Tinstall Tcheck Ttotal Status Flags
r-devel-linux-x86_64-debian-clang 0.0.2 0.51 8.43 8.94 NOTE --install=fake
r-devel-linux-x86_64-debian-gcc 0.0.2 0.49 8.58 9.07 NOTE --install=fake
r-devel-linux-x86_64-fedora-clang 0.0.2 16.06 NOTE --install=fake
r-devel-linux-x86_64-fedora-gcc 0.0.2 15.39 NOTE --install=fake
r-patched-linux-x86_64 0.0.2 0.52 8.50 9.02 NOTE --install=fake
r-release-linux-ix86 0.0.2 0.84 14.35 15.19 NOTE --install=fake
r-release-linux-x86_64 0.0.2 0.52 8.84 9.36 NOTE --install=fake
r-release-osx-x86_64-mavericks 0.0.2 ERROR
r-release-osx-x86_64-snowleopard 0.0.2 ERROR

Check Details

Version: 0.0.2
Flags: --install=fake
Check: top-level files
Result: NOTE
    File
     LICENSE
    is not mentioned in the DESCRIPTION file.
Flavors: r-devel-linux-x86_64-debian-clang, r-devel-linux-x86_64-debian-gcc, r-devel-linux-x86_64-fedora-clang, r-devel-linux-x86_64-fedora-gcc, r-patched-linux-x86_64, r-release-linux-ix86, r-release-linux-x86_64

Version: 0.0.2
Check: whether package can be installed
Result: ERROR
    Installation failed.
Flavors: r-release-osx-x86_64-mavericks, r-release-osx-x86_64-snowleopard