CRAN Package Check Results for Package rpud

Last updated on 2014-04-24 17:49:52.

Flavor Version Tinstall Tcheck Ttotal Status Flags
r-devel-linux-x86_64-debian-clang 0.0.2 0.58 8.59 9.18 NOTE --install=fake
r-devel-linux-x86_64-debian-gcc 0.0.2 0.57 8.54 9.11 NOTE --install=fake
r-devel-linux-x86_64-fedora-clang 0.0.2 16.97 NOTE --install=fake
r-devel-linux-x86_64-fedora-gcc 0.0.2 16.29 NOTE --install=fake
r-devel-osx-x86_64-gcc 0.0.2 ERROR
r-patched-linux-x86_64 0.0.2 0.56 8.70 9.25 NOTE --install=fake
r-release-linux-ix86 0.0.2 1.00 21.00 22.00 NOTE --install=fake
r-release-linux-x86_64 0.0.2 0.54 8.53 9.07 NOTE --install=fake
r-release-osx-x86_64-mavericks 0.0.2 ERROR
r-release-osx-x86_64-snowleopard 0.0.2 ERROR

Check Details

Version: 0.0.2
Flags: --install=fake
Check: top-level files
Result: NOTE
    File
     LICENSE
    is not mentioned in the DESCRIPTION file.
Flavors: r-devel-linux-x86_64-debian-clang, r-devel-linux-x86_64-debian-gcc, r-devel-linux-x86_64-fedora-clang, r-devel-linux-x86_64-fedora-gcc, r-patched-linux-x86_64, r-release-linux-ix86, r-release-linux-x86_64

Version: 0.0.2
Check: whether package can be installed
Result: ERROR
    Installation failed.
    See ‘/Volumes/XT3/Builds/R-dev-web/QA/Simon/packages/snowleopard-x86_64/results/3.2/rpud.Rcheck/00install.out’ for details.
Flavor: r-devel-osx-x86_64-gcc

Version: 0.0.2
Check: whether package can be installed
Result: ERROR
    Installation failed.
    See ‘/Builds/CRAN-QA-Simon/packages/mavericks-x86_64/results/3.1/rpud.Rcheck/00install.out’ for details.
Flavor: r-release-osx-x86_64-mavericks

Version: 0.0.2
Check: whether package can be installed
Result: ERROR
    Installation failed.
    See ‘/Volumes/XT3/Builds/R-dev-web/QA/Simon/packages/snowleopard-x86_64/results/3.1/rpud.Rcheck/00install.out’ for details.
Flavor: r-release-osx-x86_64-snowleopard