CRAN Package Check Results for Package rpud

Last updated on 2014-07-25 07:53:22.

Flavor Version Tinstall Tcheck Ttotal Status Flags
r-devel-linux-x86_64-debian-clang 0.0.2 0.49 8.06 8.55 NOTE --install=fake
r-devel-linux-x86_64-debian-gcc 0.0.2 0.48 8.02 8.49 NOTE --install=fake
r-devel-linux-x86_64-fedora-clang 0.0.2 16.73 NOTE --install=fake
r-devel-linux-x86_64-fedora-gcc 0.0.2 15.35 NOTE --install=fake
r-patched-linux-x86_64 0.0.2 0.50 8.33 8.82 NOTE --install=fake
r-release-linux-ix86 0.0.2 0.82 13.29 14.12 NOTE --install=fake
r-release-linux-x86_64 0.0.2 0.52 8.26 8.79 NOTE --install=fake
r-release-osx-x86_64-mavericks 0.0.2 ERROR
r-release-osx-x86_64-snowleopard 0.0.2 ERROR

Check Details

Version: 0.0.2
Flags: --install=fake
Check: top-level files
Result: NOTE
    File
     LICENSE
    is not mentioned in the DESCRIPTION file.
Flavors: r-devel-linux-x86_64-debian-clang, r-devel-linux-x86_64-debian-gcc, r-devel-linux-x86_64-fedora-clang, r-devel-linux-x86_64-fedora-gcc, r-patched-linux-x86_64, r-release-linux-ix86, r-release-linux-x86_64

Version: 0.0.2
Check: whether package can be installed
Result: ERROR
    Installation failed.
    See ‘/Builds/CRAN-QA-Simon/packages/mavericks-x86_64/results/3.1/rpud.Rcheck/00install.out’ for details.
Flavor: r-release-osx-x86_64-mavericks

Version: 0.0.2
Check: whether package can be installed
Result: ERROR
    Installation failed.
    See ‘/Volumes/XT3/Builds/R-dev-web/QA/Simon/packages/snowleopard-x86_64/results/3.1/rpud.Rcheck/00install.out’ for details.
Flavor: r-release-osx-x86_64-snowleopard