CRAN Package Check Results for Package rpud

Last updated on 2015-07-07 06:46:50.

Flavor Version Tinstall Tcheck Ttotal Status Flags
r-devel-linux-x86_64-debian-clang 0.0.2 0.47 8.08 8.55 WARN --install=fake
r-devel-linux-x86_64-debian-gcc 0.0.2 0.45 7.65 8.10 WARN --install=fake
r-devel-linux-x86_64-fedora-clang 0.0.2 13.98 WARN --install=fake
r-devel-linux-x86_64-fedora-gcc 0.0.2 12.88 WARN --install=fake
r-patched-linux-x86_64 0.0.2 0.48 7.92 8.40 WARN --install=fake
r-release-linux-x86_64 0.0.2 0.49 8.15 8.64 WARN --install=fake
r-release-osx-x86_64-mavericks 0.0.2 ERROR

Check Details

Version: 0.0.2
Flags: --install=fake
Check: top-level files
Result: NOTE
    File
     LICENSE
    is not mentioned in the DESCRIPTION file.
Flavors: r-devel-linux-x86_64-debian-clang, r-devel-linux-x86_64-debian-gcc, r-devel-linux-x86_64-fedora-clang, r-devel-linux-x86_64-fedora-gcc, r-patched-linux-x86_64, r-release-linux-x86_64

Version: 0.0.2
Flags: --install=fake
Check: for GNU extensions in Makefiles
Result: WARN
    Found the following file(s) containing GNU extensions:
     src/Makefile
     src/Makefile.in
    Portable Makefiles do not use GNU extensions such as +=, :=, $(shell),
    $(wildcard), ifeq ... endif. See section ‘Writing portable packages’ in
    the ‘Writing R Extensions’ manual.
Flavors: r-devel-linux-x86_64-debian-clang, r-devel-linux-x86_64-debian-gcc, r-devel-linux-x86_64-fedora-clang, r-devel-linux-x86_64-fedora-gcc, r-patched-linux-x86_64, r-release-linux-x86_64

Version: 0.0.2
Check: whether package can be installed
Result: ERROR
    Installation failed.
Flavor: r-release-osx-x86_64-mavericks