CRAN Package Check Results for Package rpud

Last updated on 2015-03-30 10:54:32.

Flavor Version Tinstall Tcheck Ttotal Status Flags
r-devel-linux-x86_64-debian-clang 0.0.2 0.52 8.17 8.69 WARN --install=fake
r-devel-linux-x86_64-debian-gcc 0.0.2 0.49 8.11 8.60 WARN --install=fake
r-devel-linux-x86_64-fedora-clang 0.0.2 15.16 WARN --install=fake
r-devel-linux-x86_64-fedora-gcc 0.0.2 14.61 WARN --install=fake
r-prerel-linux-x86_64 0.0.2 0.51 7.87 8.38 WARN --install=fake
r-release-linux-x86_64 0.0.2 0.57 8.49 9.06 WARN --install=fake
r-release-osx-x86_64-mavericks 0.0.2 ERROR
r-release-osx-x86_64-snowleopard 0.0.2 ERROR

Check Details

Version: 0.0.2
Flags: --install=fake
Check: top-level files
Result: NOTE
    File
     LICENSE
    is not mentioned in the DESCRIPTION file.
Flavors: r-devel-linux-x86_64-debian-clang, r-devel-linux-x86_64-debian-gcc, r-devel-linux-x86_64-fedora-clang, r-devel-linux-x86_64-fedora-gcc, r-prerel-linux-x86_64, r-release-linux-x86_64

Version: 0.0.2
Flags: --install=fake
Check: for GNU extensions in Makefiles
Result: WARN
    Found the following file(s) containing GNU extensions:
     src/Makefile
     src/Makefile.in
    Portable Makefiles do not use GNU extensions such as +=, :=, $(shell),
    $(wildcard), ifeq ... endif. See section ‘Writing portable packages’ in
    the ‘Writing R Extensions’ manual.
Flavors: r-devel-linux-x86_64-debian-clang, r-devel-linux-x86_64-debian-gcc, r-devel-linux-x86_64-fedora-clang, r-devel-linux-x86_64-fedora-gcc, r-prerel-linux-x86_64, r-release-linux-x86_64

Version: 0.0.2
Check: whether package can be installed
Result: ERROR
    Installation failed.
Flavors: r-release-osx-x86_64-mavericks, r-release-osx-x86_64-snowleopard