CRAN Package Check Results for Package rpud

Last updated on 2014-11-24 05:47:41.

Flavor Version Tinstall Tcheck Ttotal Status Flags
r-devel-linux-x86_64-debian-clang 0.0.2 0.57 8.71 9.28 NOTE --install=fake
r-devel-linux-x86_64-debian-gcc 0.0.2 0.54 9.06 9.60 NOTE --install=fake
r-devel-linux-x86_64-fedora-clang 0.0.2 17.12 NOTE --install=fake
r-devel-linux-x86_64-fedora-gcc 0.0.2 16.27 NOTE --install=fake
r-patched-linux-x86_64 0.0.2 0.58 8.44 9.02 NOTE --install=fake
r-release-linux-ix86 0.0.2 0.85 13.68 14.52 NOTE --install=fake
r-release-linux-x86_64 0.0.2 0.61 8.37 8.98 NOTE --install=fake
r-release-osx-x86_64-mavericks 0.0.2 ERROR
r-release-osx-x86_64-snowleopard 0.0.2 ERROR

Check Details

Version: 0.0.2
Flags: --install=fake
Check: top-level files
Result: NOTE
    File
     LICENSE
    is not mentioned in the DESCRIPTION file.
Flavors: r-devel-linux-x86_64-debian-clang, r-devel-linux-x86_64-debian-gcc, r-devel-linux-x86_64-fedora-clang, r-devel-linux-x86_64-fedora-gcc, r-patched-linux-x86_64, r-release-linux-ix86, r-release-linux-x86_64

Version: 0.0.2
Check: whether package can be installed
Result: ERROR
    Installation failed.
Flavors: r-release-osx-x86_64-mavericks, r-release-osx-x86_64-snowleopard