CRAN Package Check Results for Package rr

Last updated on 2020-08-12 21:49:55 CEST.

Flavor Version Tinstall Tcheck Ttotal Status Flags
r-devel-linux-x86_64-debian-clang 1.4 17.11 124.28 141.39 OK
r-devel-linux-x86_64-debian-gcc 1.4 13.45 92.36 105.81 OK
r-devel-linux-x86_64-fedora-clang 1.4 175.65 NOTE
r-devel-linux-x86_64-fedora-gcc 1.4 163.95 NOTE
r-devel-windows-ix86+x86_64 1.4 45.00 293.00 338.00 OK
r-patched-linux-x86_64 1.4 11.44 121.56 133.00 OK
r-patched-solaris-x86 1.4 267.00 OK
r-release-linux-x86_64 1.4 11.56 121.44 133.00 OK
r-release-macos-x86_64 1.4 OK
r-release-windows-ix86+x86_64 1.4 53.00 218.00 271.00 OK
r-oldrel-macos-x86_64 1.4 OK
r-oldrel-windows-ix86+x86_64 1.4 31.00 239.00 270.00 OK

Check Details

Version: 1.4
Check: compiled code
Result: NOTE
    File ‘rr/libs/rr.so’:
     Found no calls to: ‘R_registerRoutines’, ‘R_useDynamicSymbols’
    
    It is good practice to register native routines and to disable symbol
    search.
    
    See ‘Writing portable packages’ in the ‘Writing R Extensions’ manual.
Flavors: r-devel-linux-x86_64-fedora-clang, r-devel-linux-x86_64-fedora-gcc