CRAN Package Check Results for Package rrBLUP

Last updated on 2014-08-20 15:50:26.

Flavor Version Tinstall Tcheck Ttotal Status Flags
r-devel-linux-x86_64-debian-clang 4.3 0.52 13.90 14.42 OK
r-devel-linux-x86_64-debian-gcc 4.3 0.54 13.10 13.64 OK
r-devel-linux-x86_64-fedora-clang 4.3 28.78 NOTE
r-devel-linux-x86_64-fedora-gcc 4.3 28.99 NOTE
r-devel-osx-x86_64-clang 4.3 27.89 NOTE
r-devel-windows-ix86+x86_64 4.3 2.00 23.00 25.00 OK
r-patched-linux-x86_64 4.3 0.54 13.54 14.08 OK
r-patched-solaris-sparc 4.3 175.80 OK
r-patched-solaris-x86 4.3 38.60 OK
r-release-linux-ix86 4.3 0.84 22.08 22.92 OK
r-release-linux-x86_64 4.3 0.71 13.74 14.45 OK
r-release-osx-x86_64-mavericks 4.3 OK
r-release-osx-x86_64-snowleopard 4.3 OK
r-release-windows-ix86+x86_64 4.3 3.00 29.00 32.00 OK
r-oldrel-windows-ix86+x86_64 4.3 2.00 29.00 31.00 OK

Check Details

Version: 4.3
Check: R code for possible problems
Result: NOTE
    A.mat: no visible global function definition for ‘mclapply’
    GWAS: no visible global function definition for ‘mclapply’
    kin.blup: no visible global function definition for ‘mclapply’
    kinship.BLUP: no visible global function definition for ‘mclapply’
Flavors: r-devel-linux-x86_64-fedora-clang, r-devel-linux-x86_64-fedora-gcc, r-devel-osx-x86_64-clang