CRAN Package Check Results for Package rrBLUP

Last updated on 2015-05-04 21:46:43.

Flavor Version Tinstall Tcheck Ttotal Status Flags
r-devel-linux-x86_64-debian-clang 4.3 0.56 14.88 15.44 NOTE
r-devel-linux-x86_64-debian-gcc 4.3 0.54 13.76 14.30 NOTE
r-devel-linux-x86_64-fedora-clang 4.3 28.01 NOTE
r-devel-linux-x86_64-fedora-gcc 4.3 26.01 NOTE
r-devel-osx-x86_64-clang 4.3 30.23 NOTE
r-devel-windows-ix86+x86_64 4.3 3.00 24.00 27.00 NOTE
r-patched-linux-x86_64 4.3 0.54 14.14 14.68 NOTE
r-patched-solaris-sparc 4.3 185.00 NOTE
r-patched-solaris-x86 4.3 38.00 NOTE
r-release-linux-x86_64 4.3 0.58 13.85 14.43 NOTE
r-release-osx-x86_64-mavericks 4.3 NOTE
r-release-osx-x86_64-snowleopard 4.3 NOTE
r-release-windows-ix86+x86_64 4.3 2.00 27.00 29.00 NOTE
r-oldrel-windows-ix86+x86_64 4.3 4.00 24.00 28.00 NOTE

Check Details

Version: 4.3
Check: dependencies in R code
Result: NOTE
    'library' or 'require' call to ‘parallel’ in package code.
     Please use :: or requireNamespace() instead.
     See section 'Suggested packages' in the 'Writing R Extensions' manual.
Flavors: r-devel-linux-x86_64-debian-clang, r-devel-linux-x86_64-debian-gcc, r-devel-linux-x86_64-fedora-clang, r-devel-linux-x86_64-fedora-gcc, r-devel-osx-x86_64-clang, r-devel-windows-ix86+x86_64, r-patched-linux-x86_64, r-patched-solaris-sparc, r-patched-solaris-x86, r-release-linux-x86_64, r-release-osx-x86_64-mavericks, r-release-osx-x86_64-snowleopard, r-release-windows-ix86+x86_64, r-oldrel-windows-ix86+x86_64

Version: 4.3
Check: R code for possible problems
Result: NOTE
    A.mat: no visible global function definition for ‘mclapply’
    GWAS: no visible global function definition for ‘mclapply’
    kin.blup: no visible global function definition for ‘mclapply’
    kinship.BLUP: no visible global function definition for ‘mclapply’
Flavors: r-devel-linux-x86_64-debian-clang, r-devel-linux-x86_64-debian-gcc, r-devel-linux-x86_64-fedora-clang, r-devel-linux-x86_64-fedora-gcc, r-devel-osx-x86_64-clang, r-devel-windows-ix86+x86_64, r-patched-linux-x86_64, r-patched-solaris-sparc, r-patched-solaris-x86, r-release-linux-x86_64, r-release-osx-x86_64-mavericks, r-release-osx-x86_64-snowleopard, r-release-windows-ix86+x86_64, r-oldrel-windows-ix86+x86_64