CRAN Package Check Results for Package rrBLUP

Last updated on 2015-03-30 07:48:38.

Flavor Version Tinstall Tcheck Ttotal Status Flags
r-devel-linux-x86_64-debian-clang 4.3 0.61 14.60 15.21 NOTE
r-devel-linux-x86_64-debian-gcc 4.3 0.54 13.79 14.33 NOTE
r-devel-linux-x86_64-fedora-clang 4.3 27.51 NOTE
r-devel-linux-x86_64-fedora-gcc 4.3 27.24 NOTE
r-devel-osx-x86_64-clang 4.3 33.29 NOTE
r-prerel-windows-ix86+x86_64 4.3 3.00 22.00 25.00 NOTE
r-prerel-linux-x86_64 4.3 0.71 13.74 14.46 NOTE
r-prerel-solaris-sparc 4.3 185.00 NOTE
r-prerel-solaris-x86 4.3 38.70 NOTE
r-release-linux-x86_64 4.3 0.75 14.98 15.73 NOTE
r-release-osx-x86_64-mavericks 4.3 NOTE
r-release-osx-x86_64-snowleopard 4.3 OK
r-release-windows-ix86+x86_64 4.3 4.00 24.00 28.00 NOTE
r-oldrel-windows-ix86+x86_64 4.3 2.00 29.00 31.00 OK

Check Details

Version: 4.3
Check: dependencies in R code
Result: NOTE
    'library' or 'require' call to ‘parallel’ in package code.
     Please use :: or requireNamespace() instead.
     See section 'Suggested packages' in the 'Writing R Extensions' manual.
Flavors: r-devel-linux-x86_64-debian-clang, r-devel-linux-x86_64-debian-gcc, r-devel-linux-x86_64-fedora-clang, r-devel-linux-x86_64-fedora-gcc, r-devel-osx-x86_64-clang, r-prerel-windows-ix86+x86_64, r-prerel-linux-x86_64, r-prerel-solaris-sparc, r-prerel-solaris-x86, r-release-linux-x86_64, r-release-windows-ix86+x86_64

Version: 4.3
Check: R code for possible problems
Result: NOTE
    A.mat: no visible global function definition for ‘mclapply’
    GWAS: no visible global function definition for ‘mclapply’
    kin.blup: no visible global function definition for ‘mclapply’
    kinship.BLUP: no visible global function definition for ‘mclapply’
Flavors: r-devel-linux-x86_64-debian-clang, r-devel-linux-x86_64-debian-gcc, r-devel-linux-x86_64-fedora-clang, r-devel-linux-x86_64-fedora-gcc, r-devel-osx-x86_64-clang, r-prerel-windows-ix86+x86_64, r-prerel-linux-x86_64, r-prerel-solaris-sparc, r-prerel-solaris-x86, r-release-linux-x86_64, r-release-osx-x86_64-mavericks, r-release-windows-ix86+x86_64