CRAN Package Check Results for Package rrBLUP

Last updated on 2014-11-24 19:50:33.

Flavor Version Tinstall Tcheck Ttotal Status Flags
r-devel-linux-x86_64-debian-clang 4.3 0.57 14.37 14.94 NOTE
r-devel-linux-x86_64-debian-gcc 4.3 0.65 14.48 15.13 NOTE
r-devel-linux-x86_64-fedora-clang 4.3 31.37 NOTE
r-devel-linux-x86_64-fedora-gcc 4.3 28.76 NOTE
r-devel-osx-x86_64-clang 4.3 31.90 NOTE
r-devel-windows-ix86+x86_64 4.3 2.00 23.00 25.00 NOTE
r-patched-linux-x86_64 4.3 0.60 14.51 15.11 NOTE
r-patched-solaris-sparc 4.3 184.50 NOTE
r-patched-solaris-x86 4.3 41.60 NOTE
r-release-linux-ix86 4.3 0.86 22.79 23.65 NOTE
r-release-linux-x86_64 4.3 0.60 14.22 14.82 NOTE
r-release-osx-x86_64-mavericks 4.3 OK
r-release-osx-x86_64-snowleopard 4.3 OK
r-release-windows-ix86+x86_64 4.3 2.00 31.00 33.00 NOTE
r-oldrel-windows-ix86+x86_64 4.3 2.00 29.00 31.00 OK

Check Details

Version: 4.3
Check: R code for possible problems
Result: NOTE
    A.mat: no visible global function definition for ‘mclapply’
    GWAS: no visible global function definition for ‘mclapply’
    kin.blup: no visible global function definition for ‘mclapply’
    kinship.BLUP: no visible global function definition for ‘mclapply’
Flavors: r-devel-linux-x86_64-debian-clang, r-devel-linux-x86_64-debian-gcc, r-devel-linux-x86_64-fedora-clang, r-devel-linux-x86_64-fedora-gcc, r-devel-osx-x86_64-clang, r-devel-windows-ix86+x86_64, r-patched-linux-x86_64, r-patched-solaris-sparc, r-patched-solaris-x86, r-release-linux-ix86, r-release-linux-x86_64, r-release-windows-ix86+x86_64