CRAN Package Check Results for Package rrBLUP

Last updated on 2015-01-27 10:47:51.

Flavor Version Tinstall Tcheck Ttotal Status Flags
r-devel-linux-x86_64-debian-clang 4.3 0.58 14.01 14.59 NOTE
r-devel-linux-x86_64-debian-gcc 4.3 0.56 13.85 14.41 NOTE
r-devel-linux-x86_64-fedora-clang 4.3 31.67 NOTE
r-devel-linux-x86_64-fedora-gcc 4.3 28.89 NOTE
r-devel-osx-x86_64-clang 4.3 32.16 NOTE
r-devel-windows-ix86+x86_64 4.3 3.00 24.00 27.00 NOTE
r-patched-linux-x86_64 4.3 0.67 14.16 14.84 NOTE
r-patched-solaris-sparc 4.3 183.20 NOTE
r-patched-solaris-x86 4.3 41.80 NOTE
r-release-linux-ix86 4.3 0.86 22.80 23.66 NOTE
r-release-linux-x86_64 4.3 0.60 14.43 15.03 NOTE
r-release-osx-x86_64-mavericks 4.3 NOTE
r-release-osx-x86_64-snowleopard 4.3 OK
r-release-windows-ix86+x86_64 4.3 2.00 31.00 33.00 NOTE
r-oldrel-windows-ix86+x86_64 4.3 2.00 29.00 31.00 OK

Check Details

Version: 4.3
Check: dependencies in R code
Result: NOTE
    'library' or 'require' call to ‘parallel’ in package code.
     Please use :: or requireNamespace() instead.
     See section 'Suggested packages' in the 'Writing R Extensions' manual.
Flavors: r-devel-linux-x86_64-debian-clang, r-devel-linux-x86_64-debian-gcc, r-devel-linux-x86_64-fedora-clang, r-devel-linux-x86_64-fedora-gcc, r-devel-osx-x86_64-clang, r-devel-windows-ix86+x86_64

Version: 4.3
Check: R code for possible problems
Result: NOTE
    A.mat: no visible global function definition for ‘mclapply’
    GWAS: no visible global function definition for ‘mclapply’
    kin.blup: no visible global function definition for ‘mclapply’
    kinship.BLUP: no visible global function definition for ‘mclapply’
Flavors: r-devel-linux-x86_64-debian-clang, r-devel-linux-x86_64-debian-gcc, r-devel-linux-x86_64-fedora-clang, r-devel-linux-x86_64-fedora-gcc, r-devel-osx-x86_64-clang, r-devel-windows-ix86+x86_64, r-patched-linux-x86_64, r-patched-solaris-sparc, r-patched-solaris-x86, r-release-linux-ix86, r-release-linux-x86_64, r-release-osx-x86_64-mavericks, r-release-windows-ix86+x86_64