CRAN Package Check Results for Package rrBLUP

Last updated on 2014-09-19 11:49:18.

Flavor Version Tinstall Tcheck Ttotal Status Flags
r-devel-linux-x86_64-debian-clang 4.3 0.52 13.59 14.11 NOTE
r-devel-linux-x86_64-debian-gcc 4.3 0.64 13.55 14.19 NOTE
r-devel-linux-x86_64-fedora-clang 4.3 28.35 NOTE
r-devel-linux-x86_64-fedora-gcc 4.3 26.07 NOTE
r-devel-osx-x86_64-clang 4.3 29.41 NOTE
r-devel-windows-ix86+x86_64 4.3 2.00 22.00 24.00 NOTE
r-patched-linux-x86_64 4.3 0.54 13.94 14.49 OK
r-patched-solaris-sparc 4.3 175.80 OK
r-patched-solaris-x86 4.3 37.80 OK
r-release-linux-ix86 4.3 0.84 22.15 22.99 OK
r-release-linux-x86_64 4.3 0.56 13.92 14.48 OK
r-release-osx-x86_64-mavericks 4.3 OK
r-release-osx-x86_64-snowleopard 4.3 OK
r-release-windows-ix86+x86_64 4.3 3.00 29.00 32.00 OK
r-oldrel-windows-ix86+x86_64 4.3 2.00 29.00 31.00 OK

Check Details

Version: 4.3
Check: R code for possible problems
Result: NOTE
    A.mat: no visible global function definition for ‘mclapply’
    GWAS: no visible global function definition for ‘mclapply’
    kin.blup: no visible global function definition for ‘mclapply’
    kinship.BLUP: no visible global function definition for ‘mclapply’
Flavors: r-devel-linux-x86_64-debian-clang, r-devel-linux-x86_64-debian-gcc, r-devel-linux-x86_64-fedora-clang, r-devel-linux-x86_64-fedora-gcc, r-devel-osx-x86_64-clang, r-devel-windows-ix86+x86_64