CRAN Package Check Results for Package rrBLUP

Last updated on 2014-12-22 11:51:48.

Flavor Version Tinstall Tcheck Ttotal Status Flags
r-devel-linux-x86_64-debian-clang 4.3 0.59 14.82 15.41 NOTE
r-devel-linux-x86_64-debian-gcc 4.3 0.58 14.19 14.77 NOTE
r-devel-linux-x86_64-fedora-clang 4.3 29.94 NOTE
r-devel-linux-x86_64-fedora-gcc 4.3 29.13 NOTE
r-devel-osx-x86_64-clang 4.3 31.55 NOTE
r-devel-windows-ix86+x86_64 4.3 4.00 23.00 27.00 NOTE
r-patched-linux-x86_64 4.3 0.61 14.43 15.04 NOTE
r-patched-solaris-sparc 4.3 183.40 NOTE
r-patched-solaris-x86 4.3 41.40 NOTE
r-release-linux-ix86 4.3 0.84 22.90 23.74 NOTE
r-release-linux-x86_64 4.3 0.75 15.03 15.78 NOTE
r-release-osx-x86_64-mavericks 4.3 OK
r-release-osx-x86_64-snowleopard 4.3 OK
r-release-windows-ix86+x86_64 4.3 2.00 31.00 33.00 NOTE
r-oldrel-windows-ix86+x86_64 4.3 2.00 29.00 31.00 OK

Check Details

Version: 4.3
Check: R code for possible problems
Result: NOTE
    A.mat: no visible global function definition for ‘mclapply’
    GWAS: no visible global function definition for ‘mclapply’
    kin.blup: no visible global function definition for ‘mclapply’
    kinship.BLUP: no visible global function definition for ‘mclapply’
Flavors: r-devel-linux-x86_64-debian-clang, r-devel-linux-x86_64-debian-gcc, r-devel-linux-x86_64-fedora-clang, r-devel-linux-x86_64-fedora-gcc, r-devel-osx-x86_64-clang, r-devel-windows-ix86+x86_64, r-patched-linux-x86_64, r-patched-solaris-sparc, r-patched-solaris-x86, r-release-linux-ix86, r-release-linux-x86_64, r-release-windows-ix86+x86_64