CRAN Package Check Results for Package rrBLUP

Last updated on 2014-10-25 19:47:47.

Flavor Version Tinstall Tcheck Ttotal Status Flags
r-devel-linux-x86_64-debian-clang 4.3 0.59 15.18 15.77 NOTE
r-devel-linux-x86_64-debian-gcc 4.3 0.58 14.08 14.66 NOTE
r-devel-linux-x86_64-fedora-clang 4.3 29.61 NOTE
r-devel-linux-x86_64-fedora-gcc 4.3 27.50 NOTE
r-devel-osx-x86_64-clang 4.3 32.02 NOTE
r-devel-windows-ix86+x86_64 4.3 2.00 25.00 27.00 NOTE
r-patched-linux-x86_64 4.3 0.64 14.48 15.12 NOTE
r-patched-solaris-sparc 4.3 184.50 NOTE
r-patched-solaris-x86 4.3 42.00 NOTE
r-release-linux-ix86 4.3 0.85 22.75 23.60 OK
r-release-linux-x86_64 4.3 0.56 13.91 14.46 OK
r-release-osx-x86_64-mavericks 4.3 OK
r-release-osx-x86_64-snowleopard 4.3 OK
r-release-windows-ix86+x86_64 4.3 3.00 29.00 32.00 OK
r-oldrel-windows-ix86+x86_64 4.3 2.00 29.00 31.00 OK

Check Details

Version: 4.3
Check: R code for possible problems
Result: NOTE
    A.mat: no visible global function definition for ‘mclapply’
    GWAS: no visible global function definition for ‘mclapply’
    kin.blup: no visible global function definition for ‘mclapply’
    kinship.BLUP: no visible global function definition for ‘mclapply’
Flavors: r-devel-linux-x86_64-debian-clang, r-devel-linux-x86_64-debian-gcc, r-devel-linux-x86_64-fedora-clang, r-devel-linux-x86_64-fedora-gcc, r-devel-osx-x86_64-clang, r-devel-windows-ix86+x86_64, r-patched-linux-x86_64, r-patched-solaris-sparc, r-patched-solaris-x86