CRAN Package Check Results for Package rrBLUP

Last updated on 2015-07-02 19:47:34.

Flavor Version Tinstall Tcheck Ttotal Status Flags
r-devel-linux-x86_64-debian-clang 4.3 0.54 13.21 13.74 NOTE
r-devel-linux-x86_64-debian-gcc 4.3 0.52 13.14 13.67 NOTE
r-devel-linux-x86_64-fedora-clang 4.3 25.74 NOTE
r-devel-linux-x86_64-fedora-gcc 4.3 24.46 NOTE
r-devel-osx-x86_64-clang 4.3 23.43 NOTE
r-devel-windows-ix86+x86_64 4.3 4.00 24.00 28.00 NOTE
r-patched-linux-x86_64 4.3 0.55 13.54 14.09 NOTE
r-patched-solaris-sparc 4.3 189.10 NOTE
r-patched-solaris-x86 4.3 38.40 NOTE
r-release-linux-x86_64 4.3 0.59 14.17 14.76 NOTE
r-release-osx-x86_64-mavericks 4.3 NOTE
r-release-windows-ix86+x86_64 4.3 3.00 26.00 29.00 NOTE
r-oldrel-windows-ix86+x86_64 4.3 4.00 24.00 28.00 NOTE

Check Details

Version: 4.3
Check: dependencies in R code
Result: NOTE
    'library' or 'require' call to ‘parallel’ in package code.
     Please use :: or requireNamespace() instead.
     See section 'Suggested packages' in the 'Writing R Extensions' manual.
Flavors: r-devel-linux-x86_64-debian-clang, r-devel-linux-x86_64-debian-gcc, r-devel-linux-x86_64-fedora-clang, r-devel-linux-x86_64-fedora-gcc, r-devel-osx-x86_64-clang, r-devel-windows-ix86+x86_64, r-patched-linux-x86_64, r-patched-solaris-sparc, r-patched-solaris-x86, r-release-linux-x86_64, r-release-osx-x86_64-mavericks, r-release-windows-ix86+x86_64, r-oldrel-windows-ix86+x86_64

Version: 4.3
Check: R code for possible problems
Result: NOTE
    A.mat: no visible global function definition for ‘cov’
    A.mat: no visible global function definition for ‘mclapply’
    GWAS : qvalue: no visible global function definition for
     ‘smooth.spline’
    GWAS : qvalue: no visible global function definition for ‘predict’
    GWAS : manhattan: no visible global function definition for ‘median’
    GWAS : manhattan: no visible global function definition for ‘points’
    GWAS : manhattan: no visible global function definition for
     ‘smooth.spline’
    GWAS : manhattan: no visible global function definition for ‘lines’
    GWAS : manhattan: no visible global function definition for ‘predict’
    GWAS : manhattan: no visible global function definition for ‘axis’
    GWAS : qq: no visible global function definition for ‘ppoints’
    GWAS : qq: no visible global function definition for ‘lines’
    GWAS : score.calc: no visible global function definition for ‘pbeta’
    GWAS: no visible global function definition for ‘model.matrix’
    GWAS: no visible global function definition for ‘par’
    GWAS: no visible global function definition for ‘mclapply’
    GWAS: no visible global function definition for ‘title’
    GWAS: no visible global function definition for ‘dev.cur’
    GWAS: no visible global function definition for ‘dev.next’
    GWAS: no visible global function definition for ‘dev.new’
    GWAS: no visible global function definition for ‘dev.set’
    kin.blup: no visible global function definition for ‘model.matrix’
    kin.blup: no visible global function definition for ‘mclapply’
    kinship.BLUP: no visible global function definition for ‘dist’
    kinship.BLUP: no visible global function definition for ‘mclapply’
    mixed.solve: no visible global function definition for ‘optimize’
    Undefined global functions or variables:
     axis cov dev.cur dev.new dev.next dev.set dist lines mclapply median
     model.matrix optimize par pbeta points ppoints predict smooth.spline
     title
Flavors: r-devel-linux-x86_64-debian-clang, r-devel-linux-x86_64-fedora-clang, r-devel-linux-x86_64-fedora-gcc

Version: 4.3
Check: R code for possible problems
Result: NOTE
    A.mat: no visible global function definition for ‘cov’
    A.mat: no visible global function definition for ‘mclapply’
    GWAS : qvalue: no visible global function definition for
     ‘smooth.spline’
    GWAS : qvalue: no visible global function definition for ‘predict’
    GWAS : manhattan: no visible global function definition for ‘median’
    GWAS : manhattan: no visible global function definition for ‘points’
    GWAS : manhattan: no visible global function definition for
     ‘smooth.spline’
    GWAS : manhattan: no visible global function definition for ‘lines’
    GWAS : manhattan: no visible global function definition for ‘predict’
    GWAS : manhattan: no visible global function definition for ‘axis’
    GWAS : qq: no visible global function definition for ‘ppoints’
    GWAS : qq: no visible global function definition for ‘lines’
    GWAS : score.calc: no visible global function definition for ‘pbeta’
    GWAS: no visible global function definition for ‘model.matrix’
    GWAS: no visible global function definition for ‘par’
    GWAS: no visible global function definition for ‘mclapply’
    GWAS: no visible global function definition for ‘title’
    GWAS: no visible global function definition for ‘dev.cur’
    GWAS: no visible global function definition for ‘dev.next’
    GWAS: no visible global function definition for ‘dev.new’
    GWAS: no visible global function definition for ‘dev.set’
    kin.blup: no visible global function definition for ‘model.matrix’
    kin.blup: no visible global function definition for ‘mclapply’
    kinship.BLUP: no visible global function definition for ‘dist’
    kinship.BLUP: no visible global function definition for ‘mclapply’
    mixed.solve: no visible global function definition for ‘optimize’
Flavor: r-devel-linux-x86_64-debian-gcc

Version: 4.3
Check: R code for possible problems
Result: NOTE
    A.mat: no visible global function definition for ‘mclapply’
    GWAS: no visible global function definition for ‘mclapply’
    kin.blup: no visible global function definition for ‘mclapply’
    kinship.BLUP: no visible global function definition for ‘mclapply’
    Undefined global functions or variables:
     mclapply
Flavor: r-devel-osx-x86_64-clang

Version: 4.3
Check: R code for possible problems
Result: NOTE
    A.mat: no visible global function definition for 'mclapply'
    GWAS: no visible global function definition for 'mclapply'
    kin.blup: no visible global function definition for 'mclapply'
    kinship.BLUP: no visible global function definition for 'mclapply'
Flavors: r-devel-windows-ix86+x86_64, r-patched-linux-x86_64, r-patched-solaris-sparc, r-patched-solaris-x86, r-release-linux-x86_64, r-release-osx-x86_64-mavericks, r-release-windows-ix86+x86_64, r-oldrel-windows-ix86+x86_64