CRAN Package Check Results for Package rrBLUP

Last updated on 2015-02-28 05:48:13.

Flavor Version Tinstall Tcheck Ttotal Status Flags
r-devel-linux-x86_64-debian-clang 4.3 0.66 13.67 14.32 NOTE
r-devel-linux-x86_64-debian-gcc 4.3 0.54 13.36 13.91 NOTE
r-devel-linux-x86_64-fedora-clang 4.3 27.12 NOTE
r-devel-linux-x86_64-fedora-gcc 4.3 25.58 NOTE
r-devel-osx-x86_64-clang 4.3 30.60 NOTE
r-devel-windows-ix86+x86_64 4.3 3.00 23.00 26.00 NOTE
r-patched-linux-x86_64 4.3 0.59 14.85 15.44 NOTE
r-patched-solaris-sparc 4.3 212.60 NOTE
r-release-linux-ix86 4.3 0.86 23.60 24.46 NOTE
r-release-linux-x86_64 4.3 0.58 14.68 15.26 NOTE
r-release-osx-x86_64-mavericks 4.3 NOTE
r-release-osx-x86_64-snowleopard 4.3 OK
r-release-windows-ix86+x86_64 4.3 2.00 31.00 33.00 NOTE
r-oldrel-windows-ix86+x86_64 4.3 2.00 29.00 31.00 OK

Check Details

Version: 4.3
Check: dependencies in R code
Result: NOTE
    'library' or 'require' call to ‘parallel’ in package code.
     Please use :: or requireNamespace() instead.
     See section 'Suggested packages' in the 'Writing R Extensions' manual.
Flavors: r-devel-linux-x86_64-debian-clang, r-devel-linux-x86_64-debian-gcc, r-devel-linux-x86_64-fedora-clang, r-devel-linux-x86_64-fedora-gcc, r-devel-osx-x86_64-clang, r-devel-windows-ix86+x86_64, r-patched-linux-x86_64, r-patched-solaris-sparc

Version: 4.3
Check: R code for possible problems
Result: NOTE
    A.mat: no visible global function definition for ‘mclapply’
    GWAS: no visible global function definition for ‘mclapply’
    kin.blup: no visible global function definition for ‘mclapply’
    kinship.BLUP: no visible global function definition for ‘mclapply’
Flavors: r-devel-linux-x86_64-debian-clang, r-devel-linux-x86_64-debian-gcc, r-devel-linux-x86_64-fedora-clang, r-devel-linux-x86_64-fedora-gcc, r-devel-osx-x86_64-clang, r-devel-windows-ix86+x86_64, r-patched-linux-x86_64, r-patched-solaris-sparc, r-release-linux-ix86, r-release-linux-x86_64, r-release-osx-x86_64-mavericks, r-release-windows-ix86+x86_64