CRAN Package Check Results for Package rrcov

Last updated on 2014-07-25 07:53:22.

Flavor Version Tinstall Tcheck Ttotal Status Flags
r-devel-linux-x86_64-debian-clang 1.3-4 5.14 85.40 90.54 NOTE
r-devel-linux-x86_64-debian-gcc 1.3-4 5.31 80.98 86.28 NOTE
r-devel-linux-x86_64-fedora-clang 1.3-4 189.91 NOTE
r-devel-linux-x86_64-fedora-gcc 1.3-4 181.56 NOTE
r-devel-osx-x86_64-clang 1.3-4 148.31 NOTE
r-devel-windows-ix86+x86_64 1.3-4 17.00 172.00 189.00 NOTE
r-patched-linux-x86_64 1.3-4 5.04 80.92 85.96 NOTE
r-patched-solaris-sparc 1.3-4 993.50 NOTE
r-patched-solaris-x86 1.3-4 222.60 NOTE
r-release-linux-ix86 1.3-4 6.81 105.10 111.91 NOTE
r-release-linux-x86_64 1.3-4 5.30 82.75 88.06 NOTE
r-release-osx-x86_64-mavericks 1.3-4 NOTE
r-release-windows-ix86+x86_64 1.3-4 18.00 177.00 195.00 NOTE
r-oldrel-windows-ix86+x86_64 1.3-4 19.00 178.00 197.00 NOTE

Check Details

Version: 1.3-4
Check: dependencies in R code
Result: NOTE
    Unexported objects imported by ':::' calls:
     ‘robustbase:::MCDcons’ ‘robustbase:::singularityMsg’
     See the note in ?`:::` about the use of this operator.
    See the information on DESCRIPTION files in the chapter ‘Creating R
    packages’ of the ‘Writing R Extensions’ manual.
Flavors: r-devel-linux-x86_64-debian-clang, r-devel-linux-x86_64-debian-gcc, r-devel-linux-x86_64-fedora-clang, r-devel-linux-x86_64-fedora-gcc, r-devel-osx-x86_64-clang, r-devel-windows-ix86+x86_64, r-patched-linux-x86_64, r-patched-solaris-sparc, r-patched-solaris-x86, r-release-linux-ix86, r-release-linux-x86_64, r-release-osx-x86_64-mavericks, r-release-windows-ix86+x86_64, r-oldrel-windows-ix86+x86_64