CRAN Package Check Results for Package rrcov

Last updated on 2017-08-17 03:49:18.

Flavor Version Tinstall Tcheck Ttotal Status Flags
r-devel-linux-x86_64-debian-clang 1.4-3 5.49 110.51 116.00 NOTE
r-devel-linux-x86_64-debian-gcc 1.4-3 5.00 105.37 110.38 NOTE
r-devel-linux-x86_64-fedora-clang 1.4-3 210.47 NOTE
r-devel-linux-x86_64-fedora-gcc 1.4-3 197.47 NOTE
r-devel-windows-ix86+x86_64 1.4-3 19.00 252.00 271.00 OK
r-patched-linux-x86_64 1.4-3 4.86 106.99 111.85 NOTE
r-patched-solaris-x86 1.4-3 231.50 OK
r-release-linux-x86_64 1.4-3 5.05 105.80 110.86 NOTE
r-release-windows-ix86+x86_64 1.4-3 21.00 265.00 286.00 OK
r-release-osx-x86_64 1.4-3 OK
r-oldrel-windows-ix86+x86_64 1.4-3 25.00 198.00 223.00 OK
r-oldrel-osx-x86_64 1.4-3 OK

Additional issues

valgrind

Check Details

Version: 1.4-3
Check: compiled code
Result: NOTE
    File ‘rrcov/libs/rrcov.so’:
     Found no calls to: ‘R_registerRoutines’, ‘R_useDynamicSymbols’
    
    It is good practice to register native routines and to disable symbol
    search.
    
    See ‘Writing portable packages’ in the ‘Writing R Extensions’ manual.
Flavors: r-devel-linux-x86_64-debian-clang, r-devel-linux-x86_64-debian-gcc, r-devel-linux-x86_64-fedora-clang, r-devel-linux-x86_64-fedora-gcc, r-patched-linux-x86_64, r-release-linux-x86_64