CRAN Package Check Results for Package rrcov

Last updated on 2015-04-27 11:48:51.

Flavor Version Tinstall Tcheck Ttotal Status Flags
r-devel-linux-x86_64-debian-clang 1.3-8 5.03 88.01 93.04 OK
r-devel-linux-x86_64-debian-gcc 1.3-8 4.73 89.03 93.76 OK
r-devel-linux-x86_64-fedora-clang 1.3-8 180.51 OK
r-devel-linux-x86_64-fedora-gcc 1.3-8 170.18 OK
r-devel-osx-x86_64-clang 1.3-8 154.11 OK
r-devel-windows-ix86+x86_64 1.3-8 19.00 211.00 230.00 OK
r-patched-linux-x86_64 1.3-8 4.81 87.12 91.93 OK
r-patched-solaris-sparc 1.3-8 1143.00 OK
r-patched-solaris-x86 1.3-8 212.50 OK
r-release-linux-x86_64 1.3-8 5.72 87.82 93.55 OK
r-release-osx-x86_64-mavericks 1.3-8 ERROR
r-release-osx-x86_64-snowleopard 1.3-8 OK
r-release-windows-ix86+x86_64 1.3-8 23.00 261.00 284.00 OK
r-oldrel-windows-ix86+x86_64 1.3-8 16.00 204.00 220.00 OK

Memtest notes: valgrind valgrind

Check Details

Version: 1.3-8
Check: package dependencies
Result: ERROR
    Package required but not available: ‘robustbase’
    
    See section ‘The DESCRIPTION file’ in the ‘Writing R Extensions’
    manual.
Flavor: r-release-osx-x86_64-mavericks