CRAN Package Check Results for Package rrcov

Last updated on 2014-10-24 11:47:25.

Flavor Version Tinstall Tcheck Ttotal Status Flags
r-devel-linux-x86_64-debian-clang 1.3-4 5.34 79.72 85.07 NOTE
r-devel-linux-x86_64-debian-gcc 1.3-4 5.78 79.02 84.80 NOTE
r-devel-linux-x86_64-fedora-clang 1.3-4 175.35 NOTE
r-devel-linux-x86_64-fedora-gcc 1.3-4 167.23 NOTE
r-devel-osx-x86_64-clang 1.3-4 144.46 NOTE
r-devel-windows-ix86+x86_64 1.3-4 18.00 150.00 168.00 NOTE
r-patched-linux-x86_64 1.3-4 5.10 84.03 89.13 NOTE
r-patched-solaris-sparc 1.3-4 1054.90 NOTE
r-patched-solaris-x86 1.3-4 206.60 NOTE
r-release-linux-ix86 1.3-4 7.02 107.63 114.66 NOTE
r-release-linux-x86_64 1.3-4 5.17 86.26 91.43 NOTE
r-release-osx-x86_64-mavericks 1.3-4 NOTE
r-release-windows-ix86+x86_64 1.3-4 20.00 170.00 190.00 NOTE
r-oldrel-windows-ix86+x86_64 1.3-4 18.00 178.00 196.00 NOTE

Check Details

Version: 1.3-4
Check: dependencies in R code
Result: NOTE
    Unexported objects imported by ':::' calls:
     ‘robustbase:::MCDcons’ ‘robustbase:::singularityMsg’
     See the note in ?`:::` about the use of this operator.
    See the information on DESCRIPTION files in the chapter ‘Creating R
    packages’ of the ‘Writing R Extensions’ manual.
Flavors: r-devel-linux-x86_64-debian-clang, r-devel-linux-x86_64-debian-gcc, r-devel-linux-x86_64-fedora-clang, r-devel-linux-x86_64-fedora-gcc, r-devel-osx-x86_64-clang, r-devel-windows-ix86+x86_64, r-patched-linux-x86_64, r-patched-solaris-sparc, r-patched-solaris-x86, r-release-linux-ix86, r-release-linux-x86_64, r-release-osx-x86_64-mavericks, r-release-windows-ix86+x86_64, r-oldrel-windows-ix86+x86_64

Version: 1.3-4
Check: R code for possible problems
Result: NOTE
    .rrpairs : panel.ellipse: no visible global function definition for
     ‘ellipsoidPoints’
    .xydistplot : myPanel: no visible global function definition for
     ‘panel.xyplot’
    .xydistplot : myPanel: no visible global function definition for
     ‘panel.abline’
    .xydistplot : myPanel: no visible global function definition for
     ‘ltext’
    .xydistplot: no visible global function definition for ‘xyplot’
    .xyqqchi2 : myPanel: no visible global function definition for
     ‘panel.xyplot’
    .xyqqchi2 : myPanel: no visible global function definition for
     ‘panel.abline’
    .xyqqchi2 : myPanel: no visible global function definition for ‘ltext’
    .xyqqchi2: no visible global function definition for ‘xyplot’
Flavors: r-devel-linux-x86_64-debian-clang, r-devel-linux-x86_64-debian-gcc, r-devel-linux-x86_64-fedora-clang, r-devel-linux-x86_64-fedora-gcc, r-devel-osx-x86_64-clang, r-devel-windows-ix86+x86_64, r-patched-linux-x86_64, r-patched-solaris-sparc, r-patched-solaris-x86