CRAN Package Check Results for Package rrcov

Last updated on 2015-08-31 08:47:05.

Flavor Version Tinstall Tcheck Ttotal Status Flags
r-devel-linux-x86_64-debian-clang 1.3-8 4.85 85.20 90.04 NOTE
r-devel-linux-x86_64-debian-gcc 1.3-8 4.72 84.26 88.98 NOTE
r-devel-linux-x86_64-fedora-clang 1.3-8 175.82 NOTE
r-devel-linux-x86_64-fedora-gcc 1.3-8 168.17 NOTE
r-devel-osx-x86_64-clang 1.3-8 135.32 OK
r-devel-windows-ix86+x86_64 1.3-8 29.00 211.00 240.00 NOTE
r-patched-linux-x86_64 1.3-8 5.82 85.01 90.82 OK
r-patched-solaris-sparc 1.3-8 1136.30 OK
r-patched-solaris-x86 1.3-8 218.10 OK
r-release-linux-x86_64 1.3-8 4.87 88.73 93.60 OK
r-release-osx-x86_64-mavericks 1.3-8 OK
r-release-windows-ix86+x86_64 1.3-8 30.00 213.00 243.00 OK
r-oldrel-windows-ix86+x86_64 1.3-8 36.00 233.00 269.00 OK

Memtest notes: valgrind valgrind

Check Details

Version: 1.3-8
Check: R code for possible problems
Result: NOTE
    ..covSBic: no visible binding for global variable ‘median’
    ..covSBic: no visible binding for global variable ‘mad’
    ..covSBic: no visible global function definition for ‘median’
    ..covSBic: no visible global function definition for ‘qchisq’
    ..covSRocke: no visible binding for global variable ‘median’
    ..covSRocke: no visible binding for global variable ‘mad’
    ..covSRocke: no visible global function definition for ‘median’
    ..covSRocke: no visible global function definition for ‘qchisq’
    ..covSURREAL : vcTukey: no visible global function definition for
     ‘qchisq’
    ..covSURREAL : vkpTukey: no visible global function definition for
     ‘pchisq’
    ..covSURREAL : scaleS: no visible global function definition for
     ‘median’
    ..covSURREAL : scaleS: no visible global function definition for
     ‘qnorm’
    ..covSURREAL: no visible global function definition for ‘var’
    ..covSURREAL: no visible global function definition for ‘runif’
    ..covSURREAL: no visible global function definition for ‘mahalanobis’
    ..detSloc : scaleS: no visible global function definition for ‘median’
    ..detSloc : re.s: no visible global function definition for ‘median’
    ..detSloc: no visible binding for global variable ‘median’
    ..detSloc: no visible global function definition for ‘cov’
    ..detSloc: no visible global function definition for ‘median’
    ..fastSloc : scaleS: no visible global function definition for ‘median’
    ..fastSloc : re.s: no visible global function definition for ‘median’
    ..fastSloc: no visible global function definition for ‘cov’
    ..fastSloc: no visible global function definition for ‘median’
    .CV: no visible global function definition for ‘is’
    .allcovClass: no visible global function definition for ‘cov.wt’
    .biplot: no visible global function definition for ‘par’
    .biplot: no visible global function definition for ‘palette’
    .biplot: no visible global function definition for ‘text’
    .biplot: no visible global function definition for ‘axis’
    .biplot: no visible global function definition for ‘box’
    .biplot: no visible global function definition for ‘arrows’
    .chiInt: no visible global function definition for ‘pchisq’
    .chiInt2: no visible global function definition for ‘pchisq’
    .chiInt2D: no visible global function definition for ‘dchisq’
    .chiIntD: no visible global function definition for ‘dchisq’
    .crit.od: no visible global function definition for ‘sd’
    .crit.od: no visible global function definition for ‘median’
    .crit.od: no visible global function definition for ‘mad’
    .crit.od: no visible global function definition for ‘qnorm’
    .csolve.bw.MM : chi.int: no visible global function definition for
     ‘pchisq’
    .csolve.bw.S : Tbsb : ksiint: no visible global function definition for
     ‘pgamma’
    .csolve.bw.S : Tbsb: no visible global function definition for ‘pchisq’
    .csolve.bw.S : Tbsc: no visible global function definition for ‘qchisq’
    .distances: no visible global function definition for ‘mahalanobis’
    .distances: no visible global function definition for ‘qchisq’
    .fastmve: no visible global function definition for ‘qchisq’
    .huberM: no visible global function definition for ‘median’
    .huberM: no visible global function definition for ‘mad’
    .iter.bic : scale.full: no visible global function definition for
     ‘median’
    .iter.bic: no visible global function definition for ‘mahalanobis’
    .iter.rocke : rho.rk2: no visible global function definition for
     ‘qchisq’
    .iter.rocke : w.rk2: no visible global function definition for ‘qchisq’
    .iter.rocke : escala: no visible global function definition for
     ‘median’
    .iter.rocke : escala: no visible global function definition for
     ‘uniroot’
    .iter.rocke : mahalanobisfl: no visible global function definition for
     ‘mahalanobis’
    .kappa.s: no visible global function definition for ‘qchisq’
    .kappa.s: no visible global function definition for ‘pgamma’
    .label: no visible global function definition for ‘par’
    .label: no visible global function definition for ‘text’
    .mrob.huber: no visible global function definition for ‘median’
    .mrob.huber: no visible global function definition for ‘pnorm’
    .mrob.huber: no visible global function definition for ‘dnorm’
    .mrob.mad: no visible global function definition for ‘median’
    .mrob.mad: no visible global function definition for ‘mad’
    .mrob.sd: no visible global function definition for ‘sd’
    .myddplot: no visible global function definition for ‘abline’
    .myddplot: no visible global function definition for ‘title’
    .mydistplot: no visible global function definition for ‘abline’
    .mydistplot: no visible global function definition for ‘title’
    .myellipse : ellips: no visible global function definition for ‘qchisq’
    .myellipse: no visible global function definition for ‘is’
    .myellipse: no visible global function definition for ‘cov.wt’
    .myellipse: no visible global function definition for ‘mahalanobis’
    .myellipse: no visible global function definition for ‘cov’
    .myellipse: no visible global function definition for ‘qchisq’
    .myellipse: no visible global function definition for ‘box’
    .myellipse: no visible global function definition for ‘par’
    .myellipse: no visible global function definition for ‘text’
    .myellipse: no visible global function definition for ‘points’
    .myellipse: no visible global function definition for ‘legend’
    .mypredictLda: no visible global function definition for ‘new’
    .mypredictQda: no visible global function definition for ‘new’
    .myscreeplot: no visible global function definition for ‘new’
    .myscreeplot: no visible global function definition for ‘legend’
    .myscreeplot: no visible global function definition for ‘lines’
    .myscreeplot: no visible global function definition for ‘title’
    .qqplot: no visible global function definition for ‘qchisq’
    .qqplot: no visible global function definition for ‘par’
    .qqplot: no visible global function definition for ‘text’
    .qqplot: no visible global function definition for ‘abline’
    .qqplot: no visible global function definition for ‘title’
    .rrpairs : panel.hist: no visible global function definition for ‘par’
    .rrpairs : panel.hist: no visible global function definition for ‘hist’
    .rrpairs : panel.hist: no visible global function definition for ‘rect’
    .rrpairs : panel.hist.density: no visible global function definition
     for ‘par’
    .rrpairs : panel.hist.density: no visible global function definition
     for ‘hist’
    .rrpairs : panel.hist.density: no visible global function definition
     for ‘rect’
    .rrpairs : panel.hist.density: no visible global function definition
     for ‘density’
    .rrpairs : panel.hist.density: no visible global function definition
     for ‘lines’
    .rrpairs : panel.cor: no visible global function definition for ‘par’
    .rrpairs : panel.cor: no visible global function definition for ‘cor’
    .rrpairs : panel.cor: no visible global function definition for
     ‘strwidth’
    .rrpairs : panel.cor: no visible global function definition for ‘text’
    .rrpairs : panel.ellipse: no visible global function definition for
     ‘par’
    .rrpairs : panel.ellipse: no visible global function definition for
     ‘cov’
    .rrpairs : panel.ellipse: no visible global function definition for
     ‘qchisq’
    .rrpairs : panel.ellipse: no visible global function definition for
     ‘points’
    .rrpairs : panel.ellipse: no visible global function definition for
     ‘lines’
    .rrpairs: no visible global function definition for ‘pairs’
    .tolellipse : ellips: no visible global function definition for
     ‘qchisq’
    .tolellipse: no visible global function definition for ‘new’
    .tolellipse: no visible global function definition for ‘qchisq’
    .tolellipse: no visible global function definition for ‘box’
    .tolellipse: no visible global function definition for ‘par’
    .tolellipse: no visible global function definition for ‘text’
    .tolellipse: no visible global function definition for ‘points’
    .tolellipse: no visible global function definition for ‘title’
    .tolellipse: no visible global function definition for ‘legend’
    .wcovClass: no visible global function definition for ‘cov.wt’
    .wcovMcd: no visible global function definition for ‘mahalanobis’
    .wcovMcd: no visible global function definition for ‘qchisq’
    .wcovMcd: no visible global function definition for ‘cov.wt’
    .wcovMwcd: no visible global function definition for ‘qchisq’
    .wcovMwcd: no visible global function definition for ‘pgamma’
    .wcovMwcd: no visible global function definition for ‘mahalanobis’
    .wilks: no visible global function definition for ‘cov.wt’
    .wilksx: no visible global function definition for ‘cov.wt’
    .xydistplot: no visible global function definition for ‘qchisq’
    .xydistplot: no visible global function definition for ‘cov.wt’
    .xydistplot: no visible global function definition for ‘mahalanobis’
    .xyqqchi2: no visible global function definition for ‘qchisq’
    .xyqqchi2: no visible global function definition for ‘cov.wt’
    .xyqqchi2: no visible global function definition for ‘mahalanobis’
    CovClassic: no visible global function definition for ‘cov.wt’
    CovClassic: no visible global function definition for ‘new’
    CovControlMMest: no visible global function definition for ‘new’
    CovControlMcd: no visible global function definition for ‘new’
    CovControlMest: no visible global function definition for ‘new’
    CovControlMve: no visible global function definition for ‘new’
    CovControlOgk: no visible global function definition for ‘new’
    CovControlSde: no visible global function definition for ‘new’
    CovControlSest: no visible global function definition for ‘new’
    CovMMest: no visible global function definition for ‘new’
    CovMcd: no visible global function definition for ‘new’
    CovMest: no visible global function definition for ‘new’
    CovMest: no visible global function definition for ‘mahalanobis’
    CovMve: no visible global function definition for ‘cov.wt’
    CovMve: no visible global function definition for ‘mahalanobis’
    CovMve: no visible global function definition for ‘quantile’
    CovMve: no visible global function definition for ‘qchisq’
    CovMve: no visible global function definition for ‘new’
    CovOgk: no visible global function definition for ‘median’
    CovOgk: no visible global function definition for ‘qchisq’
    CovOgk: no visible global function definition for ‘pgamma’
    CovOgk: no visible global function definition for ‘new’
    CovRobust: no visible binding for global variable ‘na.fail’
    CovSde: no visible global function definition for ‘qchisq’
    CovSde: no visible global function definition for ‘mahalanobis’
    CovSde: no visible global function definition for ‘median’
    CovSde: no visible global function definition for ‘new’
    CovSest: no visible global function definition for ‘new’
    LdaClassic.default: no visible global function definition for ‘new’
    LdaClassic.formula: no visible global function definition for
     ‘model.response’
    LdaClassic.formula: no visible global function definition for
     ‘model.matrix’
    LdaPP.default: no visible global function definition for ‘new’
    LdaPP.formula: no visible global function definition for
     ‘model.response’
    LdaPP.formula: no visible global function definition for ‘model.matrix’
    Linda.default: no visible global function definition for ‘new’
    Linda.formula: no visible global function definition for
     ‘model.response’
    Linda.formula: no visible global function definition for ‘model.matrix’
    PcaClassic.default: no visible global function definition for ‘new’
    PcaClassic.formula: no visible global function definition for ‘terms’
    PcaClassic.formula: no visible global function definition for
     ‘model.matrix’
    PcaCov.default: no visible binding for global variable ‘na.fail’
    PcaCov.default: no visible global function definition for ‘princomp’
    PcaCov.default: no visible global function definition for ‘new’
    PcaCov.formula: no visible global function definition for ‘terms’
    PcaCov.formula: no visible global function definition for
     ‘model.matrix’
    PcaGrid.default: no visible binding for global variable ‘na.fail’
    PcaGrid.default: no visible binding for global variable ‘sd’
    PcaGrid.default: no visible global function definition for ‘new’
    PcaGrid.formula: no visible global function definition for ‘terms’
    PcaGrid.formula: no visible global function definition for
     ‘model.matrix’
    PcaHubert.default: no visible global function definition for ‘new’
    PcaHubert.default: no visible global function definition for ‘qnorm’
    PcaHubert.default: no visible global function definition for
     ‘mahalanobis’
    PcaHubert.default: no visible global function definition for ‘median’
    PcaHubert.default: no visible global function definition for ‘qchisq’
    PcaHubert.default: no visible global function definition for ‘cov.wt’
    PcaHubert.formula: no visible global function definition for ‘terms’
    PcaHubert.formula: no visible global function definition for
     ‘model.matrix’
    PcaLocantore.default: no visible binding for global variable ‘na.fail’
    PcaLocantore.default: no visible global function definition for ‘new’
    PcaLocantore.formula: no visible global function definition for ‘terms’
    PcaLocantore.formula: no visible global function definition for
     ‘model.matrix’
    PcaProj.default: no visible binding for global variable ‘na.fail’
    PcaProj.default: no visible binding for global variable ‘sd’
    PcaProj.default: no visible global function definition for ‘new’
    PcaProj.formula: no visible global function definition for ‘terms’
    PcaProj.formula: no visible global function definition for
     ‘model.matrix’
    QdaClassic.default: no visible global function definition for ‘new’
    QdaClassic.formula: no visible global function definition for
     ‘model.response’
    QdaClassic.formula: no visible global function definition for
     ‘model.matrix’
    QdaCov.default: no visible global function definition for ‘new’
    QdaCov.formula: no visible global function definition for
     ‘model.response’
    QdaCov.formula: no visible global function definition for
     ‘model.matrix’
    T2.test.default: no visible global function definition for ‘var’
    T2.test.default: no visible global function definition for ‘pf’
    T2.test.default: no visible global function definition for ‘qf’
    T2.test.formula: no visible global function definition for ‘terms’
    Wilks.test.default: no visible global function definition for ‘pchisq’
    Wilks.test.default: no visible global function definition for ‘pf’
    Wilks.test.formula: no visible global function definition for
     ‘model.response’
    Wilks.test.formula: no visible global function definition for
     ‘model.matrix’
    Wilks.test.formula: no visible global function definition for
     ‘.getXlevels’
    covMest: no visible global function definition for ‘new’
    covMest: no visible global function definition for ‘mahalanobis’
    covMest: no visible global function definition for ‘cov2cor’
    donostah: no visible global function definition for ‘qchisq’
    donostah: no visible global function definition for ‘mahalanobis’
    donostah: no visible global function definition for ‘median’
    extradir: no visible global function definition for ‘combn’
    label: no visible global function definition for ‘par’
    label: no visible global function definition for ‘text’
    label.dd: no visible global function definition for ‘par’
    label.dd: no visible global function definition for ‘text’
    pca.ddplot: no visible global function definition for ‘abline’
    pca.distplot: no visible global function definition for ‘abline’
    pca.scoreplot: no visible global function definition for ‘cov.wt’
    pca.scoreplot: no visible global function definition for ‘abline’
    simulateChi2: no visible global function definition for ‘rnorm’
    simulateChi2: no visible global function definition for ‘var’
    simulateChi2: no visible global function definition for ‘ecdf’
    spatial.median: no visible binding for global variable ‘median’
    spatial.median: no visible global function definition for ‘median’
    unimcd: no visible global function definition for ‘var’
    unimcd: no visible global function definition for ‘qchisq’
    arpLim,PsiBwt: no visible global function definition for ‘pchisq’
    csolve,PsiBwt: no visible global function definition for ‘qchisq’
    getCorr,Cov: no visible global function definition for ‘cov2cor’
    getDistance,Cov: no visible global function definition for ‘is’
    getDistance,Cov: no visible global function definition for
     ‘mahalanobis’
    getFlag,Cov: no visible global function definition for ‘is’
    getFlag,Cov: no visible global function definition for ‘mahalanobis’
    getFlag,Cov: no visible global function definition for ‘qchisq’
    getRaw,CovRobust: no visible global function definition for ‘is’
    iterM,PsiFun: no visible global function definition for ‘mahalanobis’
    iterM,PsiFun: no visible global function definition for ‘qchisq’
    plot,CovClassic-missing: no visible global function definition for
     ‘dev.interactive’
    plot,CovClassic-missing: no visible global function definition for
     ‘qchisq’
    plot,CovClassic-missing: no visible global function definition for
     ‘par’
    plot,CovRobust-missing: no visible global function definition for
     ‘dev.interactive’
    plot,CovRobust-missing: no visible global function definition for
     ‘qchisq’
    plot,CovRobust-missing: no visible global function definition for ‘par’
    summary,Cov: no visible global function definition for ‘new’
    summary,CovRobust: no visible global function definition for ‘new’
    summary,Lda: no visible global function definition for ‘new’
    summary,Pca: no visible global function definition for ‘new’
    summary,Qda: no visible global function definition for ‘new’
    Undefined global functions or variables:
     .getXlevels abline arrows axis box combn cor cov cov.wt cov2cor
     dchisq density dev.interactive dnorm ecdf hist is legend lines mad
     mahalanobis median model.matrix model.response na.fail new pairs
     palette par pchisq pf pgamma pnorm points princomp qchisq qf qnorm
     quantile rect rnorm runif sd strwidth terms text title uniroot var
    Consider adding
     importFrom("grDevices", "dev.interactive", "palette")
     importFrom("graphics", "abline", "arrows", "axis", "box", "hist",
     "legend", "lines", "pairs", "par", "points", "rect",
     "strwidth", "text", "title")
     importFrom("methods", "is", "new")
     importFrom("stats", ".getXlevels", "cor", "cov", "cov.wt", "cov2cor",
     "dchisq", "density", "dnorm", "ecdf", "mad", "mahalanobis",
     "median", "model.matrix", "model.response", "na.fail",
     "pchisq", "pf", "pgamma", "pnorm", "princomp", "qchisq",
     "qf", "qnorm", "quantile", "rnorm", "runif", "sd", "terms",
     "uniroot", "var")
     importFrom("utils", "combn")
    to your NAMESPACE (and ensure that your DESCRIPTION Imports field
    contains 'methods').
Flavors: r-devel-linux-x86_64-debian-clang, r-devel-linux-x86_64-debian-gcc, r-devel-linux-x86_64-fedora-clang, r-devel-linux-x86_64-fedora-gcc, r-devel-windows-ix86+x86_64