CRAN Package Check Results for Package rrcov

Last updated on 2014-11-28 19:51:28.

Flavor Version Tinstall Tcheck Ttotal Status Flags
r-devel-linux-x86_64-debian-clang 1.3-4 4.92 80.49 85.41 NOTE
r-devel-linux-x86_64-debian-gcc 1.3-4 5.06 80.52 85.58 NOTE
r-devel-linux-x86_64-fedora-clang 1.3-4 172.89 NOTE
r-devel-linux-x86_64-fedora-gcc 1.3-4 163.73 NOTE
r-devel-osx-x86_64-clang 1.3-4 146.53 NOTE
r-devel-windows-ix86+x86_64 1.3-4 19.00 160.00 179.00 NOTE
r-patched-linux-x86_64 1.3-4 5.06 85.25 90.31 NOTE
r-patched-solaris-sparc 1.3-4 988.70 NOTE
r-patched-solaris-x86 1.3-4 206.00 NOTE
r-release-linux-ix86 1.3-4 6.56 99.79 106.34 NOTE
r-release-linux-x86_64 1.3-4 5.04 83.38 88.42 NOTE
r-release-osx-x86_64-mavericks 1.3-4 NOTE
r-release-windows-ix86+x86_64 1.3-4 19.00 177.00 196.00 NOTE
r-oldrel-windows-ix86+x86_64 1.3-4 18.00 187.00 205.00 NOTE

Check Details

Version: 1.3-4
Check: dependencies in R code
Result: NOTE
    Missing object imported by a ':::' call: ‘robustbase:::singularityMsg’
    Unexported object imported by a ':::' call: ‘robustbase:::MCDcons’
     See the note in ?`:::` about the use of this operator.
    See the information on DESCRIPTION files in the chapter ‘Creating R
    packages’ of the ‘Writing R Extensions’ manual.
Flavors: r-devel-linux-x86_64-debian-clang, r-devel-linux-x86_64-debian-gcc, r-devel-linux-x86_64-fedora-clang, r-devel-linux-x86_64-fedora-gcc, r-devel-osx-x86_64-clang, r-devel-windows-ix86+x86_64, r-patched-linux-x86_64, r-patched-solaris-sparc, r-patched-solaris-x86, r-release-linux-ix86, r-release-linux-x86_64, r-release-windows-ix86+x86_64, r-oldrel-windows-ix86+x86_64

Version: 1.3-4
Check: R code for possible problems
Result: NOTE
    .rrpairs : panel.ellipse: no visible global function definition for
     ‘ellipsoidPoints’
    .xydistplot : myPanel: no visible global function definition for
     ‘panel.xyplot’
    .xydistplot : myPanel: no visible global function definition for
     ‘panel.abline’
    .xydistplot : myPanel: no visible global function definition for
     ‘ltext’
    .xydistplot: no visible global function definition for ‘xyplot’
    .xyqqchi2 : myPanel: no visible global function definition for
     ‘panel.xyplot’
    .xyqqchi2 : myPanel: no visible global function definition for
     ‘panel.abline’
    .xyqqchi2 : myPanel: no visible global function definition for ‘ltext’
    .xyqqchi2: no visible global function definition for ‘xyplot’
Flavors: r-devel-linux-x86_64-debian-clang, r-devel-linux-x86_64-debian-gcc, r-devel-linux-x86_64-fedora-clang, r-devel-linux-x86_64-fedora-gcc, r-devel-osx-x86_64-clang, r-devel-windows-ix86+x86_64, r-patched-linux-x86_64, r-patched-solaris-sparc, r-patched-solaris-x86, r-release-linux-ix86, r-release-linux-x86_64, r-release-windows-ix86+x86_64

Version: 1.3-4
Check: dependencies in R code
Result: NOTE
    Unexported objects imported by ':::' calls:
     ‘robustbase:::MCDcons’ ‘robustbase:::singularityMsg’
     See the note in ?`:::` about the use of this operator.
    See the information on DESCRIPTION files in the chapter ‘Creating R
    packages’ of the ‘Writing R Extensions’ manual.
Flavor: r-release-osx-x86_64-mavericks