CRAN Package Check Results for Package rrcov

Last updated on 2014-04-24 09:49:09.

Flavor Version Tinstall Tcheck Ttotal Status Flags
r-devel-linux-x86_64-debian-clang 1.3-4 5.12 85.57 90.69 NOTE
r-devel-linux-x86_64-debian-gcc 1.3-4 5.27 87.40 92.67 NOTE
r-devel-linux-x86_64-fedora-clang 1.3-4 191.00 NOTE
r-devel-linux-x86_64-fedora-gcc 1.3-4 186.90 NOTE
r-devel-osx-x86_64-clang 1.3-4 152.05 NOTE
r-devel-osx-x86_64-gcc 1.3-4 ERROR
r-devel-windows-ix86+x86_64 1.3-4 17.00 169.00 186.00 NOTE
r-patched-linux-x86_64 1.3-4 5.20 86.63 91.83 NOTE
r-patched-solaris-sparc 1.3-4 1052.00 NOTE
r-patched-solaris-x86 1.3-4 215.40 NOTE
r-release-linux-ix86 1.3-4 8.00 136.00 144.00 NOTE
r-release-linux-x86_64 1.3-4 5.28 87.12 92.40 NOTE
r-release-osx-x86_64-mavericks 1.3-4 WARN
r-release-windows-ix86+x86_64 1.3-4 19.00 172.00 191.00 NOTE
r-oldrel-windows-ix86+x86_64 1.3-4 19.00 175.00 194.00 NOTE

Check Details

Version: 1.3-4
Check: dependencies in R code
Result: NOTE
    Unexported objects imported by ':::' calls:
     ‘robustbase:::MCDcons’ ‘robustbase:::singularityMsg’
     See the note in ?`:::` about the use of this operator.
    See the information on DESCRIPTION files in the chapter ‘Creating R
    packages’ of the ‘Writing R Extensions’ manual.
Flavors: r-devel-linux-x86_64-debian-clang, r-devel-linux-x86_64-debian-gcc, r-devel-linux-x86_64-fedora-clang, r-devel-linux-x86_64-fedora-gcc, r-devel-osx-x86_64-clang, r-devel-windows-ix86+x86_64, r-patched-linux-x86_64, r-patched-solaris-sparc, r-patched-solaris-x86, r-release-linux-ix86, r-release-linux-x86_64, r-release-osx-x86_64-mavericks, r-release-windows-ix86+x86_64, r-oldrel-windows-ix86+x86_64

Version: 1.3-4
Check: package dependencies
Result: ERROR
    Package required but not available: ‘robustbase’
    
    See the information on DESCRIPTION files in the chapter ‘Creating R
    packages’ of the ‘Writing R Extensions’ manual.
Flavor: r-devel-osx-x86_64-gcc

Version: 1.3-4
Check: PDF version of manual
Result: WARNING
    LaTeX errors when creating PDF version.
    This typically indicates Rd problems.
    LaTeX errors found:
    ! LaTeX Error: File `upquote.sty' not found.
    
    Type X to quit or <RETURN> to proceed,
    or enter new name. (Default extension: sty)
    
    41a3243d/Rd2.tex:8: ==> Fatal error occurred, no output PDF file produced!
Flavor: r-release-osx-x86_64-mavericks