CRAN Package Check Results for Package rrcovHD

Last updated on 2015-03-27 17:50:31.

Flavor Version Tinstall Tcheck Ttotal Status Flags
r-devel-linux-x86_64-debian-clang 0.2-3 1.54 23.19 24.72 NOTE
r-devel-linux-x86_64-debian-gcc 0.2-3 1.50 22.44 23.95 NOTE
r-devel-linux-x86_64-fedora-clang 0.2-3 48.57 NOTE
r-devel-linux-x86_64-fedora-gcc 0.2-3 47.81 NOTE
r-devel-osx-x86_64-clang 0.2-3 50.65 NOTE
r-prerel-windows-ix86+x86_64 0.2-3 5.00 38.00 43.00 NOTE
r-prerel-linux-x86_64 0.2-3 1.45 22.84 24.29 NOTE
r-prerel-solaris-sparc 0.2-3 303.50 NOTE
r-prerel-solaris-x86 0.2-3 65.10 NOTE
r-release-linux-x86_64 0.2-3 2.73 28.69 31.42 OK
r-release-osx-x86_64-mavericks 0.2-3 OK
r-release-osx-x86_64-snowleopard 0.2-3 OK
r-release-windows-ix86+x86_64 0.2-3 8.00 45.00 53.00 OK
r-oldrel-windows-ix86+x86_64 0.2-3 7.00 51.00 58.00 OK

Check Details

Version: 0.2-3
Check: DESCRIPTION meta-information
Result: NOTE
    Malformed Description field: should contain one or more complete sentences.
Flavors: r-devel-linux-x86_64-debian-clang, r-devel-linux-x86_64-debian-gcc, r-devel-linux-x86_64-fedora-clang, r-devel-linux-x86_64-fedora-gcc, r-devel-osx-x86_64-clang, r-prerel-windows-ix86+x86_64, r-prerel-linux-x86_64, r-prerel-solaris-sparc, r-prerel-solaris-x86

Version: 0.2-3
Check: S3 generic/method consistency
Result: NOTE
    Found the following apparent S3 methods exported but not registered:
     CSimca.default CSimca.formula OutlierMahdist.default
     OutlierMahdist.formula OutlierPCDist.default OutlierPCDist.formula
     OutlierPCOut.default OutlierPCOut.formula OutlierSign1.default
     OutlierSign1.formula OutlierSign2.default OutlierSign2.formula
     RSimca.default RSimca.formula SPcaGrid.default SPcaGrid.formula
    See section ‘Registering S3 methods’ in the ‘Writing R Extensions’
    manual.
Flavors: r-devel-linux-x86_64-debian-clang, r-devel-linux-x86_64-debian-gcc, r-devel-linux-x86_64-fedora-clang, r-devel-linux-x86_64-fedora-gcc, r-devel-osx-x86_64-clang, r-prerel-linux-x86_64