CRAN Package Check Results for Package rrcovHD

Last updated on 2014-04-23 17:47:53.

Flavor Version Tinstall Tcheck Ttotal Status Flags
r-devel-linux-x86_64-debian-clang 0.2-2 1.81 27.13 28.94 NOTE
r-devel-linux-x86_64-debian-gcc 0.2-2 1.82 27.07 28.88 NOTE
r-devel-linux-x86_64-fedora-clang 0.2-2 58.92 NOTE
r-devel-linux-x86_64-fedora-gcc 0.2-2 55.49 NOTE
r-devel-osx-x86_64-clang 0.2-2 57.51 NOTE
r-devel-osx-x86_64-gcc 0.2-2 ERROR
r-devel-windows-ix86+x86_64 0.2-2 5.00 40.00 45.00 NOTE
r-patched-linux-x86_64 0.2-2 1.82 26.85 28.67 NOTE
r-patched-solaris-sparc 0.2-2 323.10 NOTE
r-patched-solaris-x86 0.2-2 76.70 NOTE
r-release-linux-ix86 0.2-2 4.00 48.00 52.00 NOTE
r-release-linux-x86_64 0.2-2 1.83 27.32 29.15 NOTE
r-release-osx-x86_64-mavericks 0.2-2 WARN
r-release-osx-x86_64-snowleopard 0.2-2 NOTE
r-release-windows-ix86+x86_64 0.2-2 5.00 40.00 45.00 NOTE
r-oldrel-windows-ix86+x86_64 0.2-2 6.00 40.00 46.00 NOTE

Check Details

Version: 0.2-2
Check: dependencies in R code
Result: NOTE
    Missing or unexported object: ‘robustbase::singularityMsg’
    See the information on DESCRIPTION files in the chapter ‘Creating R
    packages’ of the ‘Writing R Extensions’ manual.
Flavors: r-devel-linux-x86_64-debian-clang, r-devel-linux-x86_64-debian-gcc, r-devel-linux-x86_64-fedora-clang, r-devel-linux-x86_64-fedora-gcc, r-devel-osx-x86_64-clang, r-devel-windows-ix86+x86_64, r-patched-linux-x86_64, r-patched-solaris-sparc, r-patched-solaris-x86, r-release-linux-ix86, r-release-linux-x86_64, r-release-osx-x86_64-mavericks, r-release-osx-x86_64-snowleopard, r-release-windows-ix86+x86_64, r-oldrel-windows-ix86+x86_64

Version: 0.2-2
Check: package dependencies
Result: ERROR
    Packages required but not available: ‘rrcov’ ‘robustbase’
    
    See the information on DESCRIPTION files in the chapter ‘Creating R
    packages’ of the ‘Writing R Extensions’ manual.
Flavor: r-devel-osx-x86_64-gcc

Version: 0.2-2
Check: PDF version of manual
Result: WARNING
    LaTeX errors when creating PDF version.
    This typically indicates Rd problems.
    LaTeX errors found:
    ! LaTeX Error: File `upquote.sty' not found.
    
    Type X to quit or <RETURN> to proceed,
    or enter new name. (Default extension: sty)
    
    826d146/Rd2.tex:8: ==> Fatal error occurred, no output PDF file produced!
Flavor: r-release-osx-x86_64-mavericks