CRAN Package Check Results for Package rrcovHD

Last updated on 2014-07-28 11:49:06.

Flavor Version Tinstall Tcheck Ttotal Status Flags
r-devel-linux-x86_64-debian-clang 0.2-2 1.73 25.38 27.12 NOTE
r-devel-linux-x86_64-debian-gcc 0.2-2 1.68 24.86 26.55 NOTE
r-devel-linux-x86_64-fedora-clang 0.2-2 56.73 NOTE
r-devel-linux-x86_64-fedora-gcc 0.2-2 53.27 NOTE
r-devel-osx-x86_64-clang 0.2-2 53.11 NOTE
r-devel-windows-ix86+x86_64 0.2-2 6.00 42.00 48.00 NOTE
r-patched-linux-x86_64 0.2-2 1.68 25.08 26.76 NOTE
r-patched-solaris-sparc 0.2-2 323.10 NOTE
r-patched-solaris-x86 0.2-2 74.20 NOTE
r-release-linux-ix86 0.2-2 2.36 34.36 36.72 NOTE
r-release-linux-x86_64 0.2-2 1.76 25.90 27.66 NOTE
r-release-osx-x86_64-mavericks 0.2-2 NOTE
r-release-osx-x86_64-snowleopard 0.2-2 NOTE
r-release-windows-ix86+x86_64 0.2-2 6.00 45.00 51.00 NOTE
r-oldrel-windows-ix86+x86_64 0.2-2 6.00 41.00 47.00 NOTE

Check Details

Version: 0.2-2
Check: dependencies in R code
Result: NOTE
    Missing or unexported object: robustbase::singularityMsg
    See the information on DESCRIPTION files in the chapter Creating R
    packages of the Writing R Extensions manual.
Flavors: r-devel-linux-x86_64-debian-clang, r-devel-linux-x86_64-debian-gcc, r-devel-linux-x86_64-fedora-clang, r-devel-linux-x86_64-fedora-gcc, r-devel-osx-x86_64-clang, r-devel-windows-ix86+x86_64, r-patched-linux-x86_64, r-patched-solaris-sparc, r-patched-solaris-x86, r-release-linux-ix86, r-release-linux-x86_64, r-release-osx-x86_64-mavericks, r-release-osx-x86_64-snowleopard, r-release-windows-ix86+x86_64, r-oldrel-windows-ix86+x86_64