CRAN Package Check Results for Package rrcovHD

Last updated on 2015-07-04 14:50:35.

Flavor Version Tinstall Tcheck Ttotal Status Flags
r-devel-linux-x86_64-debian-clang 0.2-3 1.55 23.95 25.50 NOTE
r-devel-linux-x86_64-debian-gcc 0.2-3 1.44 22.66 24.11 NOTE
r-devel-linux-x86_64-fedora-clang 0.2-3 46.74 NOTE
r-devel-linux-x86_64-fedora-gcc 0.2-3 44.81 NOTE
r-devel-osx-x86_64-clang 0.2-3 39.67 NOTE
r-devel-windows-ix86+x86_64 0.2-3 7.00 42.00 49.00 NOTE
r-patched-linux-x86_64 0.2-3 1.46 22.85 24.31 NOTE
r-patched-solaris-sparc 0.2-3 307.00 NOTE
r-patched-solaris-x86 0.2-3 65.50 NOTE
r-release-linux-x86_64 0.2-3 1.97 22.93 24.90 NOTE
r-release-osx-x86_64-mavericks 0.2-3 NOTE
r-release-windows-ix86+x86_64 0.2-3 7.00 44.00 51.00 NOTE
r-oldrel-windows-ix86+x86_64 0.2-3 7.00 57.00 64.00 OK

Check Details

Version: 0.2-3
Check: DESCRIPTION meta-information
Result: NOTE
    Malformed Description field: should contain one or more complete sentences.
Flavors: r-devel-linux-x86_64-debian-clang, r-devel-linux-x86_64-debian-gcc, r-devel-linux-x86_64-fedora-clang, r-devel-linux-x86_64-fedora-gcc, r-devel-osx-x86_64-clang, r-devel-windows-ix86+x86_64, r-patched-linux-x86_64, r-patched-solaris-sparc, r-patched-solaris-x86, r-release-linux-x86_64, r-release-osx-x86_64-mavericks, r-release-windows-ix86+x86_64

Version: 0.2-3
Check: S3 generic/method consistency
Result: NOTE
    Found the following apparent S3 methods exported but not registered:
     CSimca.default CSimca.formula OutlierMahdist.default
     OutlierMahdist.formula OutlierPCDist.default OutlierPCDist.formula
     OutlierPCOut.default OutlierPCOut.formula OutlierSign1.default
     OutlierSign1.formula OutlierSign2.default OutlierSign2.formula
     RSimca.default RSimca.formula SPcaGrid.default SPcaGrid.formula
    See section ‘Registering S3 methods’ in the ‘Writing R Extensions’
    manual.
Flavors: r-devel-linux-x86_64-debian-clang, r-devel-linux-x86_64-debian-gcc, r-devel-linux-x86_64-fedora-clang, r-devel-linux-x86_64-fedora-gcc, r-devel-osx-x86_64-clang, r-patched-linux-x86_64, r-patched-solaris-sparc, r-patched-solaris-x86, r-release-linux-x86_64

Version: 0.2-3
Check: R code for possible problems
Result: NOTE
    .dimsel : var.new: no visible global function definition for ‘var’
    .dimsel: no visible global function definition for ‘dnorm’
    .dimsel.test: no visible global function definition for ‘barplot’
    .pcout: no visible binding for global variable ‘mad’
    .pcout: no visible binding for global variable ‘median’
    .pcout: no visible global function definition for ‘qchisq’
    .pcout: no visible global function definition for ‘median’
    .pcout: no visible global function definition for ‘quantile’
    .pcout: no visible global function definition for ‘mad’
    .sign1: no visible binding for global variable ‘mad’
    .sign1: no visible binding for global variable ‘median’
    .sign1: no visible global function definition for ‘mahalanobis’
    .sign1: no visible global function definition for ‘qchisq’
    .sign2: no visible binding for global variable ‘mad’
    .sign2: no visible binding for global variable ‘median’
    .sign2: no visible global function definition for ‘median’
    .sign2: no visible global function definition for ‘qchisq’
    .testmodel: no visible global function definition for ‘model.matrix’
    CSimca.default: no visible global function definition for ‘new’
    CSimca.formula: no visible global function definition for
     ‘model.response’
    CSimca.formula: no visible global function definition for
     ‘model.matrix’
    OutlierMahdist.default: no visible global function definition for ‘new’
    OutlierMahdist.formula: no visible global function definition for
     ‘model.response’
    OutlierMahdist.formula: no visible global function definition for
     ‘model.matrix’
    OutlierPCDist.default: no visible global function definition for ‘new’
    OutlierPCDist.formula: no visible global function definition for
     ‘model.response’
    OutlierPCDist.formula: no visible global function definition for
     ‘model.matrix’
    OutlierPCOut.default: no visible global function definition for ‘new’
    OutlierPCOut.formula: no visible global function definition for
     ‘model.response’
    OutlierPCOut.formula: no visible global function definition for
     ‘model.matrix’
    OutlierSign1.default: no visible global function definition for ‘new’
    OutlierSign1.formula: no visible global function definition for
     ‘model.response’
    OutlierSign1.formula: no visible global function definition for
     ‘model.matrix’
    OutlierSign2.default: no visible global function definition for ‘new’
    OutlierSign2.formula: no visible global function definition for
     ‘model.response’
    OutlierSign2.formula: no visible global function definition for
     ‘model.matrix’
    RSimca.default: no visible global function definition for ‘new’
    RSimca.formula: no visible global function definition for
     ‘model.response’
    RSimca.formula: no visible global function definition for
     ‘model.matrix’
    SPcaGrid.default: no visible binding for global variable ‘na.fail’
    SPcaGrid.default: no visible binding for global variable ‘sd’
    SPcaGrid.default: no visible global function definition for ‘new’
    SPcaGrid.formula: no visible global function definition for ‘terms’
    SPcaGrid.formula: no visible global function definition for
     ‘model.matrix’
    getCutoff,OutlierMahdist: no visible global function definition for
     ‘qchisq’
    getCutoff,OutlierPCDist: no visible global function definition for
     ‘qchisq’
    summary,Simca: no visible global function definition for ‘new’
    Undefined global functions or variables:
     barplot dnorm mad mahalanobis median model.matrix model.response
     na.fail new qchisq quantile sd terms var
Flavors: r-devel-linux-x86_64-debian-clang, r-devel-linux-x86_64-debian-gcc

Version: 0.2-3
Check: R code for possible problems
Result: NOTE
    .dimsel : var.new: no visible global function definition for ‘var’
    .dimsel: no visible global function definition for ‘dnorm’
    .dimsel.test: no visible global function definition for ‘barplot’
    .pcout: no visible binding for global variable ‘mad’
    .pcout: no visible binding for global variable ‘median’
    .pcout: no visible global function definition for ‘qchisq’
    .pcout: no visible global function definition for ‘median’
    .pcout: no visible global function definition for ‘quantile’
    .pcout: no visible global function definition for ‘mad’
    .sign1: no visible binding for global variable ‘mad’
    .sign1: no visible binding for global variable ‘median’
    .sign1: no visible global function definition for ‘mahalanobis’
    .sign1: no visible global function definition for ‘qchisq’
    .sign2: no visible binding for global variable ‘mad’
    .sign2: no visible binding for global variable ‘median’
    .sign2: no visible global function definition for ‘median’
    .sign2: no visible global function definition for ‘qchisq’
    .testmodel: no visible global function definition for ‘model.matrix’
    CSimca.default: no visible global function definition for ‘new’
    CSimca.formula: no visible global function definition for
     ‘model.response’
    CSimca.formula: no visible global function definition for
     ‘model.matrix’
    OutlierMahdist.default: no visible global function definition for ‘new’
    OutlierMahdist.formula: no visible global function definition for
     ‘model.response’
    OutlierMahdist.formula: no visible global function definition for
     ‘model.matrix’
    OutlierPCDist.default: no visible global function definition for ‘new’
    OutlierPCDist.formula: no visible global function definition for
     ‘model.response’
    OutlierPCDist.formula: no visible global function definition for
     ‘model.matrix’
    OutlierPCOut.default: no visible global function definition for ‘new’
    OutlierPCOut.formula: no visible global function definition for
     ‘model.response’
    OutlierPCOut.formula: no visible global function definition for
     ‘model.matrix’
    OutlierSign1.default: no visible global function definition for ‘new’
    OutlierSign1.formula: no visible global function definition for
     ‘model.response’
    OutlierSign1.formula: no visible global function definition for
     ‘model.matrix’
    OutlierSign2.default: no visible global function definition for ‘new’
    OutlierSign2.formula: no visible global function definition for
     ‘model.response’
    OutlierSign2.formula: no visible global function definition for
     ‘model.matrix’
    RSimca.default: no visible global function definition for ‘new’
    RSimca.formula: no visible global function definition for
     ‘model.response’
    RSimca.formula: no visible global function definition for
     ‘model.matrix’
    SPcaGrid.default: no visible binding for global variable ‘na.fail’
    SPcaGrid.default: no visible binding for global variable ‘sd’
    SPcaGrid.default: no visible global function definition for ‘new’
    SPcaGrid.formula: no visible global function definition for ‘terms’
    SPcaGrid.formula: no visible global function definition for
     ‘model.matrix’
    getCutoff,OutlierMahdist: no visible global function definition for
     ‘qchisq’
    getCutoff,OutlierPCDist: no visible global function definition for
     ‘qchisq’
    plot,Outlier-missing: no visible global function definition for ‘par’
    plot,Outlier-missing: no visible global function definition for
     ‘abline’
    plot,OutlierPCOut-missing: no visible global function definition for
     ‘par’
    plot,OutlierPCOut-missing: no visible global function definition for
     ‘text’
    plot,OutlierPCOut-missing: no visible global function definition for
     ‘abline’
    predict,Simca: no visible global function definition for ‘new’
    summary,Simca: no visible global function definition for ‘new’
    Undefined global functions or variables:
     abline barplot dnorm mad mahalanobis median model.matrix
     model.response na.fail new par qchisq quantile sd terms text var
Flavors: r-devel-linux-x86_64-fedora-clang, r-devel-linux-x86_64-fedora-gcc, r-devel-windows-ix86+x86_64