CRAN Package Check Results for Package rrcovHD

Last updated on 2015-02-28 17:48:48.

Flavor Version Tinstall Tcheck Ttotal Status Flags
r-devel-linux-x86_64-debian-clang 0.2-3 1.48 23.19 24.67 NOTE
r-devel-linux-x86_64-debian-gcc 0.2-3 1.47 22.94 24.41 NOTE
r-devel-linux-x86_64-fedora-clang 0.2-3 48.97 NOTE
r-devel-linux-x86_64-fedora-gcc 0.2-3 46.03 NOTE
r-devel-osx-x86_64-clang 0.2-3 47.45 NOTE
r-devel-windows-ix86+x86_64 0.2-3 8.00 35.00 43.00 NOTE
r-patched-linux-x86_64 0.2-3 2.02 29.18 31.20 OK
r-patched-solaris-sparc 0.2-3 337.40 OK
r-patched-solaris-x86 0.2-3 83.40 OK
r-release-linux-ix86 0.2-3 2.46 36.09 38.56 OK
r-release-linux-x86_64 0.2-3 2.01 28.66 30.68 OK
r-release-osx-x86_64-mavericks 0.2-3 OK
r-release-osx-x86_64-snowleopard 0.2-3 OK
r-release-windows-ix86+x86_64 0.2-3 9.00 48.00 57.00 OK
r-oldrel-windows-ix86+x86_64 0.2-3 8.00 49.00 57.00 OK

Check Details

Version: 0.2-3
Check: DESCRIPTION meta-information
Result: NOTE
    Malformed Description field: should contain one or more complete sentences.
Flavors: r-devel-linux-x86_64-debian-clang, r-devel-linux-x86_64-debian-gcc, r-devel-linux-x86_64-fedora-clang, r-devel-linux-x86_64-fedora-gcc, r-devel-osx-x86_64-clang, r-devel-windows-ix86+x86_64

Version: 0.2-3
Check: S3 generic/method consistency
Result: NOTE
    Found the following apparent S3 methods exported but not registered:
     CSimca.default CSimca.formula OutlierMahdist.default
     OutlierMahdist.formula OutlierPCDist.default OutlierPCDist.formula
     OutlierPCOut.default OutlierPCOut.formula OutlierSign1.default
     OutlierSign1.formula OutlierSign2.default OutlierSign2.formula
     RSimca.default RSimca.formula SPcaGrid.default SPcaGrid.formula
    See section ‘Registering S3 methods’ in the ‘Writing R Extensions’
    manual.
Flavors: r-devel-linux-x86_64-debian-clang, r-devel-linux-x86_64-debian-gcc, r-devel-linux-x86_64-fedora-clang, r-devel-linux-x86_64-fedora-gcc, r-devel-osx-x86_64-clang