CRAN Package Check Results for Package rrcovHD

Last updated on 2014-11-27 14:47:28.

Flavor Version Tinstall Tcheck Ttotal Status Flags
r-devel-linux-x86_64-debian-clang 0.2-2 1.64 24.83 26.47 WARN
r-devel-linux-x86_64-debian-gcc 0.2-2 1.61 24.30 25.92 WARN
r-devel-linux-x86_64-fedora-clang 0.2-2 57.28 WARN
r-devel-linux-x86_64-fedora-gcc 0.2-2 54.26 WARN
r-devel-osx-x86_64-clang 0.2-2 52.17 WARN
r-devel-windows-ix86+x86_64 0.2-2 6.00 38.00 44.00 WARN
r-patched-linux-x86_64 0.2-2 1.67 25.54 27.20 WARN
r-patched-solaris-sparc 0.2-2 299.70 WARN
r-patched-solaris-x86 0.2-2 74.20 WARN
r-release-linux-ix86 0.2-2 2.08 32.03 34.11 WARN
r-release-linux-x86_64 0.2-2 1.68 25.42 27.10 WARN
r-release-osx-x86_64-mavericks 0.2-2 NOTE
r-release-osx-x86_64-snowleopard 0.2-2 NOTE
r-release-windows-ix86+x86_64 0.2-2 6.00 40.00 46.00 WARN
r-oldrel-windows-ix86+x86_64 0.2-2 7.00 42.00 49.00 NOTE

Check Details

Version: 0.2-2
Check: whether package can be installed
Result: WARN
    Found the following significant warnings:
     Warning: replacing previous import by ‘rrcov::rankMM’ when loading ‘rrcovHD’
Flavors: r-devel-linux-x86_64-debian-clang, r-devel-linux-x86_64-debian-gcc, r-devel-linux-x86_64-fedora-clang, r-devel-linux-x86_64-fedora-gcc, r-devel-osx-x86_64-clang, r-devel-windows-ix86+x86_64, r-patched-linux-x86_64, r-patched-solaris-sparc, r-patched-solaris-x86, r-release-linux-ix86, r-release-linux-x86_64, r-release-windows-ix86+x86_64

Version: 0.2-2
Check: dependencies in R code
Result: NOTE
    Missing or unexported object: ‘robustbase::singularityMsg’
    See the information on DESCRIPTION files in the chapter ‘Creating R
    packages’ of the ‘Writing R Extensions’ manual.
Flavors: r-devel-linux-x86_64-debian-clang, r-devel-linux-x86_64-debian-gcc, r-devel-linux-x86_64-fedora-clang, r-devel-linux-x86_64-fedora-gcc, r-devel-osx-x86_64-clang, r-devel-windows-ix86+x86_64, r-patched-linux-x86_64, r-patched-solaris-sparc, r-patched-solaris-x86, r-release-linux-ix86, r-release-linux-x86_64, r-release-osx-x86_64-mavericks, r-release-osx-x86_64-snowleopard, r-release-windows-ix86+x86_64, r-oldrel-windows-ix86+x86_64