CRAN Package Check Results for Package rrcovHD

Last updated on 2014-09-21 07:47:16.

Flavor Version Tinstall Tcheck Ttotal Status Flags
r-devel-linux-x86_64-debian-clang 0.2-2 1.61 24.95 26.56 NOTE
r-devel-linux-x86_64-debian-gcc 0.2-2 1.63 24.22 25.85 NOTE
r-devel-linux-x86_64-fedora-clang 0.2-2 55.36 NOTE
r-devel-linux-x86_64-fedora-gcc 0.2-2 51.45 NOTE
r-devel-osx-x86_64-clang 0.2-2 54.14 NOTE
r-devel-windows-ix86+x86_64 0.2-2 6.00 43.00 49.00 NOTE
r-patched-linux-x86_64 0.2-2 1.71 26.22 27.93 NOTE
r-patched-solaris-sparc 0.2-2 315.30 NOTE
r-patched-solaris-x86 0.2-2 74.60 NOTE
r-release-linux-ix86 0.2-2 2.31 34.54 36.85 NOTE
r-release-linux-x86_64 0.2-2 1.71 26.55 28.26 NOTE
r-release-osx-x86_64-mavericks 0.2-2 NOTE
r-release-osx-x86_64-snowleopard 0.2-2 NOTE
r-release-windows-ix86+x86_64 0.2-2 6.00 41.00 47.00 NOTE
r-oldrel-windows-ix86+x86_64 0.2-2 7.00 46.00 53.00 NOTE

Check Details

Version: 0.2-2
Check: dependencies in R code
Result: NOTE
    Missing or unexported object: ‘robustbase::singularityMsg’
    See the information on DESCRIPTION files in the chapter ‘Creating R
    packages’ of the ‘Writing R Extensions’ manual.
Flavors: r-devel-linux-x86_64-debian-clang, r-devel-linux-x86_64-debian-gcc, r-devel-linux-x86_64-fedora-clang, r-devel-linux-x86_64-fedora-gcc, r-devel-osx-x86_64-clang, r-devel-windows-ix86+x86_64, r-patched-linux-x86_64, r-patched-solaris-sparc, r-patched-solaris-x86, r-release-linux-ix86, r-release-linux-x86_64, r-release-osx-x86_64-mavericks, r-release-osx-x86_64-snowleopard, r-release-windows-ix86+x86_64, r-oldrel-windows-ix86+x86_64