CRAN Package Check Results for Package rrcovHD

Last updated on 2015-01-26 22:47:42.

Flavor Version Tinstall Tcheck Ttotal Status Flags
r-devel-linux-x86_64-debian-clang 0.2-3 1.55 23.69 25.24 OK
r-devel-linux-x86_64-debian-gcc 0.2-3 1.54 23.36 24.90 OK
r-devel-linux-x86_64-fedora-clang 0.2-3 62.48 NOTE
r-devel-linux-x86_64-fedora-gcc 0.2-3 59.45 NOTE
r-devel-osx-x86_64-clang 0.2-3 56.70 NOTE
r-devel-windows-ix86+x86_64 0.2-3 9.00 53.00 62.00 OK
r-patched-linux-x86_64 0.2-3 1.85 28.26 30.11 OK
r-patched-solaris-sparc 0.2-3 337.40 OK
r-patched-solaris-x86 0.2-3 81.10 OK
r-release-linux-ix86 0.2-3 2.32 35.11 37.43 OK
r-release-linux-x86_64 0.2-3 1.89 29.10 30.99 OK
r-release-osx-x86_64-mavericks 0.2-3 OK
r-release-osx-x86_64-snowleopard 0.2-3 OK
r-release-windows-ix86+x86_64 0.2-3 7.00 46.00 53.00 OK
r-oldrel-windows-ix86+x86_64 0.2-3 13.00 61.00 74.00 OK

Check Details

Version: 0.2-3
Check: S3 generic/method consistency
Result: NOTE
    Found the following apparent S3 methods exported but not registered:
     CSimca.default CSimca.formula OutlierMahdist.default
     OutlierMahdist.formula OutlierPCDist.default OutlierPCDist.formula
     OutlierPCOut.default OutlierPCOut.formula OutlierSign1.default
     OutlierSign1.formula OutlierSign2.default OutlierSign2.formula
     RSimca.default RSimca.formula SPcaGrid.default SPcaGrid.formula
    See section ‘Registering S3 methods’ in the ‘Writing R Extensions’
    manual.
Flavors: r-devel-linux-x86_64-fedora-clang, r-devel-linux-x86_64-fedora-gcc, r-devel-osx-x86_64-clang