CRAN Package Check Results for Package rrcovHD

Last updated on 2015-05-27 06:46:58.

Flavor Version Tinstall Tcheck Ttotal Status Flags
r-devel-linux-x86_64-debian-clang 0.2-3 1.45 23.29 24.74 NOTE
r-devel-linux-x86_64-debian-gcc 0.2-3 1.46 22.60 24.06 NOTE
r-devel-linux-x86_64-fedora-clang 0.2-3 48.36 NOTE
r-devel-linux-x86_64-fedora-gcc 0.2-3 47.19 NOTE
r-devel-osx-x86_64-clang 0.2-3 47.47 NOTE
r-devel-windows-ix86+x86_64 0.2-3 5.00 34.00 39.00 NOTE
r-patched-linux-x86_64 0.2-3 1.48 22.88 24.36 NOTE
r-patched-solaris-sparc 0.2-3 307.00 NOTE
r-patched-solaris-x86 0.2-3 66.90 NOTE
r-release-linux-x86_64 0.2-3 1.47 23.49 24.96 NOTE
r-release-osx-x86_64-mavericks 0.2-3 NOTE
r-release-osx-x86_64-snowleopard 0.2-3 NOTE
r-release-windows-ix86+x86_64 0.2-3 5.00 38.00 43.00 NOTE
r-oldrel-windows-ix86+x86_64 0.2-3 7.00 46.00 53.00 OK

Check Details

Version: 0.2-3
Check: DESCRIPTION meta-information
Result: NOTE
    Malformed Description field: should contain one or more complete sentences.
Flavors: r-devel-linux-x86_64-debian-clang, r-devel-linux-x86_64-debian-gcc, r-devel-linux-x86_64-fedora-clang, r-devel-linux-x86_64-fedora-gcc, r-devel-osx-x86_64-clang, r-devel-windows-ix86+x86_64, r-patched-linux-x86_64, r-patched-solaris-sparc, r-patched-solaris-x86, r-release-linux-x86_64, r-release-osx-x86_64-mavericks, r-release-osx-x86_64-snowleopard, r-release-windows-ix86+x86_64

Version: 0.2-3
Check: S3 generic/method consistency
Result: NOTE
    Found the following apparent S3 methods exported but not registered:
     CSimca.default CSimca.formula OutlierMahdist.default
     OutlierMahdist.formula OutlierPCDist.default OutlierPCDist.formula
     OutlierPCOut.default OutlierPCOut.formula OutlierSign1.default
     OutlierSign1.formula OutlierSign2.default OutlierSign2.formula
     RSimca.default RSimca.formula SPcaGrid.default SPcaGrid.formula
    See section ‘Registering S3 methods’ in the ‘Writing R Extensions’
    manual.
Flavors: r-devel-linux-x86_64-debian-clang, r-devel-linux-x86_64-debian-gcc, r-devel-linux-x86_64-fedora-clang, r-devel-linux-x86_64-fedora-gcc, r-devel-osx-x86_64-clang, r-patched-linux-x86_64, r-patched-solaris-sparc, r-patched-solaris-x86, r-release-linux-x86_64