CRAN Package Check Results for Package rrcovHD

Last updated on 2015-04-19 03:49:50.

Flavor Version Tinstall Tcheck Ttotal Status Flags
r-devel-linux-x86_64-debian-clang 0.2-3 1.59 23.36 24.95 NOTE
r-devel-linux-x86_64-debian-gcc 0.2-3 2.18 22.93 25.11 NOTE
r-devel-linux-x86_64-fedora-clang 0.2-3 55.89 NOTE
r-devel-linux-x86_64-fedora-gcc 0.2-3 44.89 NOTE
r-devel-osx-x86_64-clang 0.2-3 46.73 NOTE
r-patched-linux-x86_64 0.2-3 2.03 23.12 25.15 NOTE
r-patched-solaris-sparc 0.2-3 303.50 NOTE
r-patched-solaris-x86 0.2-3 64.00 NOTE
r-release-linux-x86_64 0.2-3 1.58 21.58 23.16 NOTE
r-release-osx-x86_64-mavericks 0.2-3 NOTE
r-release-osx-x86_64-snowleopard 0.2-3 NOTE
r-release-windows-ix86+x86_64 0.2-3 5.00 44.00 49.00 NOTE
r-oldrel-windows-ix86+x86_64 0.2-3 8.00 47.00 55.00 OK

Check Details

Version: 0.2-3
Check: DESCRIPTION meta-information
Result: NOTE
    Malformed Description field: should contain one or more complete sentences.
Flavors: r-devel-linux-x86_64-debian-clang, r-devel-linux-x86_64-debian-gcc, r-devel-linux-x86_64-fedora-clang, r-devel-linux-x86_64-fedora-gcc, r-devel-osx-x86_64-clang, r-patched-linux-x86_64, r-patched-solaris-sparc, r-patched-solaris-x86, r-release-linux-x86_64, r-release-osx-x86_64-mavericks, r-release-osx-x86_64-snowleopard, r-release-windows-ix86+x86_64

Version: 0.2-3
Check: S3 generic/method consistency
Result: NOTE
    Found the following apparent S3 methods exported but not registered:
     CSimca.default CSimca.formula OutlierMahdist.default
     OutlierMahdist.formula OutlierPCDist.default OutlierPCDist.formula
     OutlierPCOut.default OutlierPCOut.formula OutlierSign1.default
     OutlierSign1.formula OutlierSign2.default OutlierSign2.formula
     RSimca.default RSimca.formula SPcaGrid.default SPcaGrid.formula
    See section ‘Registering S3 methods’ in the ‘Writing R Extensions’
    manual.
Flavors: r-devel-linux-x86_64-debian-clang, r-devel-linux-x86_64-debian-gcc, r-devel-linux-x86_64-fedora-clang, r-devel-linux-x86_64-fedora-gcc, r-devel-osx-x86_64-clang, r-patched-linux-x86_64, r-release-linux-x86_64