CRAN Package Check Results for Package rrcovHD

Last updated on 2014-08-21 17:46:56.

Flavor Version Tinstall Tcheck Ttotal Status Flags
r-devel-linux-x86_64-debian-clang 0.2-2 1.69 24.74 26.43 NOTE
r-devel-linux-x86_64-debian-gcc 0.2-2 1.64 24.48 26.11 NOTE
r-devel-linux-x86_64-fedora-clang 0.2-2 55.39 NOTE
r-devel-linux-x86_64-fedora-gcc 0.2-2 53.78 NOTE
r-devel-osx-x86_64-clang 0.2-2 51.86 NOTE
r-devel-windows-ix86+x86_64 0.2-2 6.00 40.00 46.00 NOTE
r-patched-linux-x86_64 0.2-2 1.81 25.04 26.84 NOTE
r-patched-solaris-sparc 0.2-2 315.30 NOTE
r-patched-solaris-x86 0.2-2 75.30 NOTE
r-release-linux-ix86 0.2-2 2.28 34.29 36.56 NOTE
r-release-linux-x86_64 0.2-2 1.75 25.70 27.45 NOTE
r-release-osx-x86_64-mavericks 0.2-2 NOTE
r-release-osx-x86_64-snowleopard 0.2-2 NOTE
r-release-windows-ix86+x86_64 0.2-2 5.00 42.00 47.00 NOTE
r-oldrel-windows-ix86+x86_64 0.2-2 7.00 41.00 48.00 NOTE

Check Details

Version: 0.2-2
Check: dependencies in R code
Result: NOTE
    Missing or unexported object: ‘robustbase::singularityMsg’
    See the information on DESCRIPTION files in the chapter ‘Creating R
    packages’ of the ‘Writing R Extensions’ manual.
Flavors: r-devel-linux-x86_64-debian-clang, r-devel-linux-x86_64-debian-gcc, r-devel-linux-x86_64-fedora-clang, r-devel-linux-x86_64-fedora-gcc, r-devel-osx-x86_64-clang, r-devel-windows-ix86+x86_64, r-patched-linux-x86_64, r-patched-solaris-sparc, r-patched-solaris-x86, r-release-linux-ix86, r-release-linux-x86_64, r-release-osx-x86_64-mavericks, r-release-osx-x86_64-snowleopard, r-release-windows-ix86+x86_64, r-oldrel-windows-ix86+x86_64