CRAN Package Check Results for Package rrcovNA

Last updated on 2015-04-21 06:47:38.

Flavor Version Tinstall Tcheck Ttotal Status Flags
r-devel-linux-x86_64-debian-clang 0.4-7 3.21 26.79 30.00 NOTE
r-devel-linux-x86_64-debian-gcc 0.4-7 3.14 27.09 30.23 NOTE
r-devel-linux-x86_64-fedora-clang 0.4-7 67.23 NOTE
r-devel-linux-x86_64-fedora-gcc 0.4-7 54.71 NOTE
r-devel-osx-x86_64-clang 0.4-7 56.40 NOTE
r-devel-windows-ix86+x86_64 0.4-7 17.00 57.00 74.00 NOTE
r-patched-linux-x86_64 0.4-7 3.20 26.69 29.89 NOTE
r-patched-solaris-sparc 0.4-7 354.40 NOTE
r-patched-solaris-x86 0.4-7 78.90 NOTE
r-release-linux-x86_64 0.4-7 3.59 26.29 29.88 NOTE
r-release-osx-x86_64-mavericks 0.4-7 NOTE
r-release-osx-x86_64-snowleopard 0.4-7 NOTE
r-release-windows-ix86+x86_64 0.4-7 9.00 51.00 60.00 NOTE
r-oldrel-windows-ix86+x86_64 0.4-7 12.00 66.00 78.00 OK

Check Details

Version: 0.4-7
Check: DESCRIPTION meta-information
Result: NOTE
    Malformed Description field: should contain one or more complete sentences.
Flavors: r-devel-linux-x86_64-debian-clang, r-devel-linux-x86_64-debian-gcc, r-devel-linux-x86_64-fedora-clang, r-devel-linux-x86_64-fedora-gcc, r-devel-osx-x86_64-clang, r-devel-windows-ix86+x86_64, r-patched-linux-x86_64, r-patched-solaris-sparc, r-patched-solaris-x86, r-release-linux-x86_64, r-release-osx-x86_64-mavericks, r-release-osx-x86_64-snowleopard, r-release-windows-ix86+x86_64

Version: 0.4-7
Check: S3 generic/method consistency
Result: NOTE
    Found the following apparent S3 methods exported but not registered:
     PcaNA.default PcaNA.formula
    See section ‘Registering S3 methods’ in the ‘Writing R Extensions’
    manual.
Flavors: r-devel-linux-x86_64-debian-clang, r-devel-linux-x86_64-debian-gcc, r-devel-linux-x86_64-fedora-clang, r-devel-linux-x86_64-fedora-gcc, r-devel-osx-x86_64-clang, r-patched-linux-x86_64, r-release-linux-x86_64