CRAN Package Check Results for Package rrcovNA

Last updated on 2014-09-19 11:49:18.

Flavor Version Tinstall Tcheck Ttotal Status Flags
r-devel-linux-x86_64-debian-clang 0.4-4 3.49 28.32 31.81 NOTE
r-devel-linux-x86_64-debian-gcc 0.4-4 3.44 27.82 31.26 NOTE
r-devel-linux-x86_64-fedora-clang 0.4-4 63.89 NOTE
r-devel-linux-x86_64-fedora-gcc 0.4-4 60.15 NOTE
r-devel-osx-x86_64-clang 0.4-4 59.40 NOTE
r-devel-windows-ix86+x86_64 0.4-4 10.00 54.00 64.00 NOTE
r-patched-linux-x86_64 0.4-4 3.42 30.09 33.51 NOTE
r-patched-solaris-sparc 0.4-4 372.10 NOTE
r-patched-solaris-x86 0.4-4 87.20 NOTE
r-release-linux-ix86 0.4-4 4.66 38.65 43.32 NOTE
r-release-linux-x86_64 0.4-4 3.39 30.26 33.65 NOTE
r-release-osx-x86_64-mavericks 0.4-4 NOTE
r-release-osx-x86_64-snowleopard 0.4-4 NOTE
r-release-windows-ix86+x86_64 0.4-4 12.00 60.00 72.00 NOTE
r-oldrel-windows-ix86+x86_64 0.4-4 13.00 63.00 76.00 NOTE

Check Details

Version: 0.4-4
Check: dependencies in R code
Result: NOTE
    Unexported objects imported by ':::' calls:
     ‘robustbase:::MCDcnp2’ ‘robustbase:::MCDcnp2.rew’
     ‘robustbase:::MCDcons’
     See the note in ?`:::` about the use of this operator.
    See the information on DESCRIPTION files in the chapter ‘Creating R
    packages’ of the ‘Writing R Extensions’ manual.
Flavors: r-devel-linux-x86_64-debian-clang, r-devel-linux-x86_64-debian-gcc, r-devel-linux-x86_64-fedora-clang, r-devel-linux-x86_64-fedora-gcc, r-devel-osx-x86_64-clang, r-devel-windows-ix86+x86_64, r-patched-linux-x86_64, r-patched-solaris-sparc, r-patched-solaris-x86, r-release-linux-ix86, r-release-linux-x86_64, r-release-osx-x86_64-mavericks, r-release-osx-x86_64-snowleopard, r-release-windows-ix86+x86_64, r-oldrel-windows-ix86+x86_64

Version: 0.4-4
Check: R code for possible problems
Result: NOTE
    .rrpairsNA : panel.ellipse: no visible global function definition for
     ‘ellipsoidPoints’
    .tolellipseNA: no visible global function definition for
     ‘ellipsoidPoints’
    .xydistplotNA : myPanel: no visible global function definition for
     ‘panel.xyplot’
    .xydistplotNA : myPanel: no visible global function definition for
     ‘panel.abline’
    .xydistplotNA : myPanel: no visible global function definition for
     ‘ltext’
    .xydistplotNA: no visible global function definition for ‘xyplot’
    .xyqqchi2NA : myPanel: no visible global function definition for
     ‘panel.xyplot’
    .xyqqchi2NA : myPanel: no visible global function definition for
     ‘panel.abline’
    .xyqqchi2NA : myPanel: no visible global function definition for
     ‘ltext’
    .xyqqchi2NA: no visible global function definition for ‘xyplot’
Flavors: r-devel-linux-x86_64-debian-clang, r-devel-linux-x86_64-debian-gcc, r-devel-linux-x86_64-fedora-clang, r-devel-linux-x86_64-fedora-gcc, r-devel-osx-x86_64-clang, r-devel-windows-ix86+x86_64