CRAN Package Check Results for Package rrcovNA

Last updated on 2014-04-24 23:48:12.

Flavor Version Tinstall Tcheck Ttotal Status Flags
r-devel-linux-x86_64-debian-clang 0.4-4 3.66 30.92 34.58 NOTE
r-devel-linux-x86_64-debian-gcc 0.4-4 3.51 31.00 34.51 NOTE
r-devel-linux-x86_64-fedora-clang 0.4-4 67.43 NOTE
r-devel-linux-x86_64-fedora-gcc 0.4-4 32.59 NOTE
r-devel-osx-x86_64-clang 0.4-4 58.84 NOTE
r-devel-osx-x86_64-gcc 0.4-4 ERROR
r-devel-windows-ix86+x86_64 0.4-4 11.00 58.00 69.00 NOTE
r-patched-linux-x86_64 0.4-4 3.52 30.72 34.24 NOTE
r-patched-solaris-sparc 0.4-4 379.90 NOTE
r-patched-solaris-x86 0.4-4 89.10 NOTE
r-release-linux-ix86 0.4-4 6.00 52.00 58.00 NOTE
r-release-linux-x86_64 0.4-4 3.55 31.05 34.60 NOTE
r-release-osx-x86_64-mavericks 0.4-4 WARN
r-release-osx-x86_64-snowleopard 0.4-4 NOTE
r-release-windows-ix86+x86_64 0.4-4 12.00 62.00 74.00 NOTE
r-oldrel-windows-ix86+x86_64 0.4-4 13.00 62.00 75.00 NOTE

Check Details

Version: 0.4-4
Check: dependencies in R code
Result: NOTE
    Unexported objects imported by ':::' calls:
     ‘robustbase:::MCDcnp2’ ‘robustbase:::MCDcnp2.rew’
     ‘robustbase:::MCDcons’
     See the note in ?`:::` about the use of this operator.
    See the information on DESCRIPTION files in the chapter ‘Creating R
    packages’ of the ‘Writing R Extensions’ manual.
Flavors: r-devel-linux-x86_64-debian-clang, r-devel-linux-x86_64-debian-gcc, r-devel-linux-x86_64-fedora-clang, r-devel-linux-x86_64-fedora-gcc, r-devel-osx-x86_64-clang, r-devel-windows-ix86+x86_64, r-patched-linux-x86_64, r-patched-solaris-sparc, r-patched-solaris-x86, r-release-linux-ix86, r-release-linux-x86_64, r-release-osx-x86_64-mavericks, r-release-osx-x86_64-snowleopard, r-release-windows-ix86+x86_64, r-oldrel-windows-ix86+x86_64

Version: 0.4-4
Check: package dependencies
Result: ERROR
    Packages required but not available: ‘rrcov’ ‘robustbase’
    
    See the information on DESCRIPTION files in the chapter ‘Creating R
    packages’ of the ‘Writing R Extensions’ manual.
Flavor: r-devel-osx-x86_64-gcc

Version: 0.4-4
Check: PDF version of manual
Result: WARNING
    LaTeX errors when creating PDF version.
    This typically indicates Rd problems.
    LaTeX errors found:
    ! LaTeX Error: File `upquote.sty' not found.
    
    Type X to quit or <RETURN> to proceed,
    or enter new name. (Default extension: sty)
    
    ad42dc4/Rd2.tex:8: ==> Fatal error occurred, no output PDF file produced!
Flavor: r-release-osx-x86_64-mavericks