CRAN Package Check Results for Package rrcovNA

Last updated on 2017-03-28 23:50:47.

Flavor Version Tinstall Tcheck Ttotal Status Flags
r-devel-linux-x86_64-debian-clang 0.4-9 3.69 36.11 39.80 NOTE
r-devel-linux-x86_64-debian-gcc 0.4-9 3.57 34.64 38.21 NOTE
r-devel-linux-x86_64-fedora-clang 0.4-9 67.47 NOTE --no-stop-on-test-error
r-devel-linux-x86_64-fedora-gcc 0.4-9 65.31 NOTE --no-stop-on-test-error
r-devel-macos-x86_64-clang 0.4-9 53.79 NOTE --no-stop-on-test-error
r-devel-windows-ix86+x86_64 0.4-9 13.00 128.00 141.00 OK
r-patched-linux-x86_64 0.4-9 3.43 34.57 38.00 NOTE
r-patched-solaris-sparc 0.4-9 393.30 OK
r-patched-solaris-x86 0.4-9 89.50 OK
r-release-linux-x86_64 0.4-9 3.44 27.25 30.69 OK
r-release-osx-x86_64-mavericks 0.4-9 OK
r-release-windows-ix86+x86_64 0.4-9 16.00 92.00 108.00 OK
r-oldrel-windows-ix86+x86_64 0.4-9 12.00 70.00 82.00 OK

Check Details

Version: 0.4-9
Check: compiled code
Result: NOTE
    File ‘rrcovNA/libs/rrcovNA.so’:
     Found no calls to: ‘R_registerRoutines’, ‘R_useDynamicSymbols’
    
    It is good practice to register native routines and to disable symbol
    search.
    
    See ‘Writing portable packages’ in the ‘Writing R Extensions’ manual.
Flavors: r-devel-linux-x86_64-debian-clang, r-devel-linux-x86_64-debian-gcc, r-patched-linux-x86_64

Version: 0.4-9
Flags: --no-stop-on-test-error
Check: compiled code
Result: NOTE
    File ‘rrcovNA/libs/rrcovNA.so’:
     Found no calls to: ‘R_registerRoutines’, ‘R_useDynamicSymbols’
    
    It is good practice to register native routines and to disable symbol
    search.
    
    See ‘Writing portable packages’ in the ‘Writing R Extensions’ manual.
Flavors: r-devel-linux-x86_64-fedora-clang, r-devel-linux-x86_64-fedora-gcc, r-devel-macos-x86_64-clang