CRAN Package Check Results for Package rrcovNA

Last updated on 2015-01-31 04:48:04.

Flavor Version Tinstall Tcheck Ttotal Status Flags
r-devel-linux-x86_64-debian-clang 0.4-7 3.26 26.22 29.47 NOTE
r-devel-linux-x86_64-debian-gcc 0.4-7 3.30 26.22 29.53 NOTE
r-devel-linux-x86_64-fedora-clang 0.4-7 64.19 NOTE
r-devel-linux-x86_64-fedora-gcc 0.4-7 61.55 NOTE
r-devel-osx-x86_64-clang 0.4-7 66.35 NOTE
r-devel-windows-ix86+x86_64 0.4-7 14.00 52.00 66.00 OK
r-patched-linux-x86_64 0.4-7 3.54 32.57 36.11 OK
r-patched-solaris-sparc 0.4-7 396.00 OK
r-patched-solaris-x86 0.4-7 95.60 OK
r-release-linux-ix86 0.4-7 4.51 39.19 43.70 OK
r-release-linux-x86_64 0.4-7 3.70 31.68 35.38 OK
r-release-osx-x86_64-mavericks 0.4-7 OK
r-release-osx-x86_64-snowleopard 0.4-7 OK
r-release-windows-ix86+x86_64 0.4-7 13.00 68.00 81.00 OK
r-oldrel-windows-ix86+x86_64 0.4-7 14.00 70.00 84.00 OK

Check Details

Version: 0.4-7
Check: S3 generic/method consistency
Result: NOTE
    Found the following apparent S3 methods exported but not registered:
     PcaNA.default PcaNA.formula
    See section ‘Registering S3 methods’ in the ‘Writing R Extensions’
    manual.
Flavors: r-devel-linux-x86_64-debian-clang, r-devel-linux-x86_64-debian-gcc, r-devel-linux-x86_64-fedora-clang, r-devel-linux-x86_64-fedora-gcc, r-devel-osx-x86_64-clang