CRAN Package Check Results for Package rrcovNA

Last updated on 2018-06-21 23:50:36 CEST.

Flavor Version Tinstall Tcheck Ttotal Status Flags
r-devel-linux-x86_64-debian-clang 0.4-9 7.72 46.01 53.73 NOTE
r-devel-linux-x86_64-debian-gcc 0.4-9 6.89 39.08 45.97 NOTE
r-devel-linux-x86_64-fedora-clang 0.4-9 67.39 NOTE
r-devel-linux-x86_64-fedora-gcc 0.4-9 64.83 NOTE
r-devel-windows-ix86+x86_64 0.4-9 28.00 127.00 155.00 OK
r-patched-linux-x86_64 0.4-9 6.45 47.15 53.60 NOTE
r-patched-solaris-x86 0.4-9 91.40 OK
r-release-linux-x86_64 0.4-9 8.45 46.41 54.86 NOTE
r-release-windows-ix86+x86_64 0.4-9 14.00 78.00 92.00 OK
r-release-osx-x86_64 0.4-9 OK
r-oldrel-windows-ix86+x86_64 0.4-9 19.00 88.00 107.00 OK
r-oldrel-osx-x86_64 0.4-9 OK

Check Details

Version: 0.4-9
Check: compiled code
Result: NOTE
    File ‘rrcovNA/libs/rrcovNA.so’:
     Found no calls to: ‘R_registerRoutines’, ‘R_useDynamicSymbols’
    
    It is good practice to register native routines and to disable symbol
    search.
    
    See ‘Writing portable packages’ in the ‘Writing R Extensions’ manual.
Flavors: r-devel-linux-x86_64-debian-clang, r-devel-linux-x86_64-debian-gcc, r-devel-linux-x86_64-fedora-clang, r-devel-linux-x86_64-fedora-gcc, r-patched-linux-x86_64, r-release-linux-x86_64