CRAN Package Check Results for Package rrcovNA

Last updated on 2015-05-25 11:48:34.

Flavor Version Tinstall Tcheck Ttotal Status Flags
r-devel-linux-x86_64-debian-clang 0.4-7 3.18 26.77 29.95 NOTE
r-devel-linux-x86_64-debian-gcc 0.4-7 3.15 26.43 29.58 NOTE
r-devel-linux-x86_64-fedora-clang 0.4-7 57.75 NOTE
r-devel-linux-x86_64-fedora-gcc 0.4-7 56.56 NOTE
r-devel-osx-x86_64-clang 0.4-7 56.77 NOTE
r-devel-windows-ix86+x86_64 0.4-7 12.00 60.00 72.00 NOTE
r-patched-linux-x86_64 0.4-7 3.14 26.14 29.27 NOTE
r-patched-solaris-sparc 0.4-7 363.10 NOTE
r-patched-solaris-x86 0.4-7 79.10 NOTE
r-release-linux-x86_64 0.4-7 3.12 26.35 29.46 NOTE
r-release-osx-x86_64-mavericks 0.4-7 NOTE
r-release-osx-x86_64-snowleopard 0.4-7 NOTE
r-release-windows-ix86+x86_64 0.4-7 12.00 53.00 65.00 NOTE
r-oldrel-windows-ix86+x86_64 0.4-7 14.00 70.00 84.00 OK

Check Details

Version: 0.4-7
Check: DESCRIPTION meta-information
Result: NOTE
    Malformed Description field: should contain one or more complete sentences.
Flavors: r-devel-linux-x86_64-debian-clang, r-devel-linux-x86_64-debian-gcc, r-devel-linux-x86_64-fedora-clang, r-devel-linux-x86_64-fedora-gcc, r-devel-osx-x86_64-clang, r-devel-windows-ix86+x86_64, r-patched-linux-x86_64, r-patched-solaris-sparc, r-patched-solaris-x86, r-release-linux-x86_64, r-release-osx-x86_64-mavericks, r-release-osx-x86_64-snowleopard, r-release-windows-ix86+x86_64

Version: 0.4-7
Check: S3 generic/method consistency
Result: NOTE
    Found the following apparent S3 methods exported but not registered:
     PcaNA.default PcaNA.formula
    See section ‘Registering S3 methods’ in the ‘Writing R Extensions’
    manual.
Flavors: r-devel-linux-x86_64-debian-clang, r-devel-linux-x86_64-debian-gcc, r-devel-linux-x86_64-fedora-clang, r-devel-linux-x86_64-fedora-gcc, r-devel-osx-x86_64-clang, r-patched-linux-x86_64, r-patched-solaris-sparc, r-patched-solaris-x86, r-release-linux-x86_64