CRAN Package Check Results for Package rrcovNA

Last updated on 2017-10-18 08:48:29.

Flavor Version Tinstall Tcheck Ttotal Status Flags
r-devel-linux-x86_64-debian-clang 0.4-9 2.98 37.18 40.16 NOTE
r-devel-linux-x86_64-debian-gcc 0.4-9 3.42 40.03 43.45 NOTE
r-devel-linux-x86_64-fedora-clang 0.4-9 69.33 NOTE
r-devel-linux-x86_64-fedora-gcc 0.4-9 70.31 NOTE
r-devel-windows-ix86+x86_64 0.4-9 14.00 119.00 133.00 OK
r-patched-linux-x86_64 0.4-9 2.99 35.55 38.54 NOTE
r-patched-solaris-x86 0.4-9 89.30 OK
r-release-linux-x86_64 0.4-9 2.98 36.45 39.42 NOTE
r-release-windows-ix86+x86_64 0.4-9 19.00 119.00 138.00 OK
r-release-osx-x86_64 0.4-9 OK
r-oldrel-windows-ix86+x86_64 0.4-9 19.00 95.00 114.00 OK
r-oldrel-osx-x86_64 0.4-9 OK

Check Details

Version: 0.4-9
Check: compiled code
Result: NOTE
    File ‘rrcovNA/libs/rrcovNA.so’:
     Found no calls to: ‘R_registerRoutines’, ‘R_useDynamicSymbols’
    
    It is good practice to register native routines and to disable symbol
    search.
    
    See ‘Writing portable packages’ in the ‘Writing R Extensions’ manual.
Flavors: r-devel-linux-x86_64-debian-clang, r-devel-linux-x86_64-debian-gcc, r-devel-linux-x86_64-fedora-clang, r-devel-linux-x86_64-fedora-gcc, r-patched-linux-x86_64, r-release-linux-x86_64