CRAN Package Check Results for Package rrcovNA

Last updated on 2014-11-27 05:47:50.

Flavor Version Tinstall Tcheck Ttotal Status Flags
r-devel-linux-x86_64-debian-clang 0.4-4 3.42 29.01 32.43 WARN
r-devel-linux-x86_64-debian-gcc 0.4-4 3.24 28.27 31.50 WARN
r-devel-linux-x86_64-fedora-clang 0.4-4 67.71 WARN
r-devel-linux-x86_64-fedora-gcc 0.4-4 64.68 WARN
r-devel-osx-x86_64-clang 0.4-4 62.36 WARN
r-devel-windows-ix86+x86_64 0.4-4 11.00 58.00 69.00 WARN
r-patched-linux-x86_64 0.4-4 3.47 30.69 34.16 WARN
r-patched-solaris-sparc 0.4-4 363.20 WARN
r-patched-solaris-x86 0.4-4 88.30 WARN
r-release-linux-ix86 0.4-4 4.34 37.39 41.73 WARN
r-release-linux-x86_64 0.4-4 3.37 30.24 33.60 WARN
r-release-osx-x86_64-mavericks 0.4-4 NOTE
r-release-osx-x86_64-snowleopard 0.4-4 NOTE
r-release-windows-ix86+x86_64 0.4-4 12.00 62.00 74.00 WARN
r-oldrel-windows-ix86+x86_64 0.4-4 14.00 59.00 73.00 NOTE

Check Details

Version: 0.4-4
Check: whether package can be installed
Result: WARN
    Found the following significant warnings:
     Warning: replacing previous import by ‘rrcov::rankMM’ when loading ‘rrcovNA’
Flavors: r-devel-linux-x86_64-debian-clang, r-devel-linux-x86_64-debian-gcc, r-devel-linux-x86_64-fedora-clang, r-devel-linux-x86_64-fedora-gcc, r-devel-osx-x86_64-clang, r-devel-windows-ix86+x86_64, r-patched-linux-x86_64, r-patched-solaris-sparc, r-patched-solaris-x86, r-release-linux-ix86, r-release-linux-x86_64, r-release-windows-ix86+x86_64

Version: 0.4-4
Check: dependencies in R code
Result: NOTE
    Unexported objects imported by ':::' calls:
     ‘robustbase:::MCDcnp2’ ‘robustbase:::MCDcnp2.rew’
     ‘robustbase:::MCDcons’
     See the note in ?`:::` about the use of this operator.
    See the information on DESCRIPTION files in the chapter ‘Creating R
    packages’ of the ‘Writing R Extensions’ manual.
Flavors: r-devel-linux-x86_64-debian-clang, r-devel-linux-x86_64-debian-gcc, r-devel-linux-x86_64-fedora-clang, r-devel-linux-x86_64-fedora-gcc, r-devel-osx-x86_64-clang, r-devel-windows-ix86+x86_64, r-patched-linux-x86_64, r-patched-solaris-sparc, r-patched-solaris-x86, r-release-linux-ix86, r-release-linux-x86_64, r-release-osx-x86_64-mavericks, r-release-osx-x86_64-snowleopard, r-release-windows-ix86+x86_64, r-oldrel-windows-ix86+x86_64

Version: 0.4-4
Check: R code for possible problems
Result: NOTE
    .rrpairsNA : panel.ellipse: no visible global function definition for
     ‘ellipsoidPoints’
    .tolellipseNA: no visible global function definition for
     ‘ellipsoidPoints’
    .xydistplotNA : myPanel: no visible global function definition for
     ‘panel.xyplot’
    .xydistplotNA : myPanel: no visible global function definition for
     ‘panel.abline’
    .xydistplotNA : myPanel: no visible global function definition for
     ‘ltext’
    .xydistplotNA: no visible global function definition for ‘xyplot’
    .xyqqchi2NA : myPanel: no visible global function definition for
     ‘panel.xyplot’
    .xyqqchi2NA : myPanel: no visible global function definition for
     ‘panel.abline’
    .xyqqchi2NA : myPanel: no visible global function definition for
     ‘ltext’
    .xyqqchi2NA: no visible global function definition for ‘xyplot’
Flavors: r-devel-linux-x86_64-debian-clang, r-devel-linux-x86_64-debian-gcc, r-devel-linux-x86_64-fedora-clang, r-devel-linux-x86_64-fedora-gcc, r-devel-osx-x86_64-clang, r-devel-windows-ix86+x86_64, r-patched-linux-x86_64, r-patched-solaris-sparc, r-patched-solaris-x86, r-release-linux-ix86, r-release-linux-x86_64, r-release-windows-ix86+x86_64