CRAN Package Check Results for Package rrcovNA

Last updated on 2017-05-22 18:52:09.

Flavor Version Tinstall Tcheck Ttotal Status Flags
r-devel-linux-x86_64-debian-clang 0.4-9 3.66 35.84 39.50 NOTE
r-devel-linux-x86_64-debian-gcc 0.4-9 3.61 35.37 38.98 NOTE
r-devel-linux-x86_64-fedora-clang 0.4-9 67.89 NOTE --no-stop-on-test-error
r-devel-linux-x86_64-fedora-gcc 0.4-9 63.84 NOTE --no-stop-on-test-error
r-devel-windows-ix86+x86_64 0.4-9 19.00 86.00 105.00 OK
r-patched-linux-x86_64 0.4-9 3.48 35.80 39.28 NOTE
r-patched-solaris-sparc 0.4-9 393.30 OK
r-patched-solaris-x86 0.4-9 84.30 OK
r-release-linux-x86_64 0.4-9 3.57 35.30 38.87 NOTE
r-release-windows-ix86+x86_64 0.4-9 11.00 84.00 95.00 OK
r-release-osx-x86_64 0.4-9 OK
r-oldrel-windows-ix86+x86_64 0.4-9 16.00 92.00 108.00 OK
r-oldrel-osx-x86_64 0.4-9 OK

Check Details

Version: 0.4-9
Check: compiled code
Result: NOTE
    File ‘rrcovNA/libs/rrcovNA.so’:
     Found no calls to: ‘R_registerRoutines’, ‘R_useDynamicSymbols’
    
    It is good practice to register native routines and to disable symbol
    search.
    
    See ‘Writing portable packages’ in the ‘Writing R Extensions’ manual.
Flavors: r-devel-linux-x86_64-debian-clang, r-devel-linux-x86_64-debian-gcc, r-patched-linux-x86_64, r-release-linux-x86_64

Version: 0.4-9
Flags: --no-stop-on-test-error
Check: compiled code
Result: NOTE
    File ‘rrcovNA/libs/rrcovNA.so’:
     Found no calls to: ‘R_registerRoutines’, ‘R_useDynamicSymbols’
    
    It is good practice to register native routines and to disable symbol
    search.
    
    See ‘Writing portable packages’ in the ‘Writing R Extensions’ manual.
Flavors: r-devel-linux-x86_64-fedora-clang, r-devel-linux-x86_64-fedora-gcc