CRAN Package Check Results for Package rrcovNA

Last updated on 2017-08-18 00:50:22.

Flavor Version Tinstall Tcheck Ttotal Status Flags
r-devel-linux-x86_64-debian-clang 0.4-9 3.06 37.37 40.43 NOTE
r-devel-linux-x86_64-debian-gcc 0.4-9 3.02 35.47 38.49 NOTE
r-devel-linux-x86_64-fedora-clang 0.4-9 70.70 NOTE
r-devel-linux-x86_64-fedora-gcc 0.4-9 65.09 NOTE
r-devel-windows-ix86+x86_64 0.4-9 16.00 82.00 98.00 OK
r-patched-linux-x86_64 0.4-9 3.16 37.30 40.46 NOTE
r-patched-solaris-x86 0.4-9 85.20 OK
r-release-linux-x86_64 0.4-9 3.17 35.81 38.97 NOTE
r-release-windows-ix86+x86_64 0.4-9 13.00 90.00 103.00 OK
r-release-osx-x86_64 0.4-9 OK
r-oldrel-windows-ix86+x86_64 0.4-9 13.00 102.00 115.00 OK
r-oldrel-osx-x86_64 0.4-9 OK

Check Details

Version: 0.4-9
Check: compiled code
Result: NOTE
    File ‘rrcovNA/libs/rrcovNA.so’:
     Found no calls to: ‘R_registerRoutines’, ‘R_useDynamicSymbols’
    
    It is good practice to register native routines and to disable symbol
    search.
    
    See ‘Writing portable packages’ in the ‘Writing R Extensions’ manual.
Flavors: r-devel-linux-x86_64-debian-clang, r-devel-linux-x86_64-debian-gcc, r-devel-linux-x86_64-fedora-clang, r-devel-linux-x86_64-fedora-gcc, r-patched-linux-x86_64, r-release-linux-x86_64