CRAN Package Check Results for Package rrcovNA

Last updated on 2015-03-30 05:48:48.

Flavor Version Tinstall Tcheck Ttotal Status Flags
r-devel-linux-x86_64-debian-clang 0.4-7 3.15 27.53 30.68 NOTE
r-devel-linux-x86_64-debian-gcc 0.4-7 3.22 26.82 30.04 NOTE
r-devel-linux-x86_64-fedora-clang 0.4-7 58.74 NOTE
r-devel-linux-x86_64-fedora-gcc 0.4-7 57.84 NOTE
r-devel-osx-x86_64-clang 0.4-7 60.31 NOTE
r-prerel-windows-ix86+x86_64 0.4-7 11.00 54.00 65.00 NOTE
r-prerel-linux-x86_64 0.4-7 3.34 26.05 29.38 NOTE
r-prerel-solaris-sparc 0.4-7 354.40 NOTE
r-prerel-solaris-x86 0.4-7 80.00 NOTE
r-release-linux-x86_64 0.4-7 3.88 32.43 36.31 OK
r-release-osx-x86_64-mavericks 0.4-7 OK
r-release-osx-x86_64-snowleopard 0.4-7 OK
r-release-windows-ix86+x86_64 0.4-7 14.00 65.00 79.00 OK
r-oldrel-windows-ix86+x86_64 0.4-7 15.00 80.00 95.00 OK

Check Details

Version: 0.4-7
Check: DESCRIPTION meta-information
Result: NOTE
    Malformed Description field: should contain one or more complete sentences.
Flavors: r-devel-linux-x86_64-debian-clang, r-devel-linux-x86_64-debian-gcc, r-devel-linux-x86_64-fedora-clang, r-devel-linux-x86_64-fedora-gcc, r-devel-osx-x86_64-clang, r-prerel-windows-ix86+x86_64, r-prerel-linux-x86_64, r-prerel-solaris-sparc, r-prerel-solaris-x86

Version: 0.4-7
Check: S3 generic/method consistency
Result: NOTE
    Found the following apparent S3 methods exported but not registered:
     PcaNA.default PcaNA.formula
    See section ‘Registering S3 methods’ in the ‘Writing R Extensions’
    manual.
Flavors: r-devel-linux-x86_64-debian-clang, r-devel-linux-x86_64-debian-gcc, r-devel-linux-x86_64-fedora-clang, r-devel-linux-x86_64-fedora-gcc, r-devel-osx-x86_64-clang, r-prerel-linux-x86_64