CRAN Package Check Results for Package rrcovNA

Last updated on 2018-02-25 19:49:17 CET.

Flavor Version Tinstall Tcheck Ttotal Status Flags
r-devel-linux-x86_64-debian-clang 0.4-9 6.85 46.49 53.34 NOTE
r-devel-linux-x86_64-debian-gcc 0.4-9 6.50 36.42 42.92 NOTE
r-devel-linux-x86_64-fedora-clang 0.4-9 65.69 NOTE
r-devel-linux-x86_64-fedora-gcc 0.4-9 63.53 NOTE
r-devel-windows-ix86+x86_64 0.4-9 26.00 112.00 138.00 OK
r-patched-linux-x86_64 0.4-9 4.72 57.10 61.82 NOTE
r-patched-solaris-x86 0.4-9 85.10 OK
r-release-linux-x86_64 0.4-9 4.42 56.17 60.59 NOTE
r-release-windows-ix86+x86_64 0.4-9 15.00 123.00 138.00 OK
r-release-osx-x86_64 0.4-9 OK
r-oldrel-windows-ix86+x86_64 0.4-9 12.00 89.00 101.00 OK
r-oldrel-osx-x86_64 0.4-9 OK

Check Details

Version: 0.4-9
Check: compiled code
Result: NOTE
    File ‘rrcovNA/libs/rrcovNA.so’:
     Found no calls to: ‘R_registerRoutines’, ‘R_useDynamicSymbols’
    
    It is good practice to register native routines and to disable symbol
    search.
    
    See ‘Writing portable packages’ in the ‘Writing R Extensions’ manual.
Flavors: r-devel-linux-x86_64-debian-clang, r-devel-linux-x86_64-debian-gcc, r-devel-linux-x86_64-fedora-clang, r-devel-linux-x86_64-fedora-gcc, r-patched-linux-x86_64, r-release-linux-x86_64