CRAN Package Check Results for Package rrcovNA

Last updated on 2014-07-26 19:50:29.

Flavor Version Tinstall Tcheck Ttotal Status Flags
r-devel-linux-x86_64-debian-clang 0.4-4 3.57 30.33 33.90 NOTE
r-devel-linux-x86_64-debian-gcc 0.4-4 3.44 28.50 31.94 NOTE
r-devel-linux-x86_64-fedora-clang 0.4-4 67.94 NOTE
r-devel-linux-x86_64-fedora-gcc 0.4-4 63.18 NOTE
r-devel-osx-x86_64-clang 0.4-4 58.61 NOTE
r-devel-windows-ix86+x86_64 0.4-4 12.00 60.00 72.00 NOTE
r-patched-linux-x86_64 0.4-4 3.36 28.71 32.08 NOTE
r-patched-solaris-sparc 0.4-4 379.90 NOTE
r-patched-solaris-x86 0.4-4 86.70 NOTE
r-release-linux-ix86 0.4-4 4.79 38.14 42.93 NOTE
r-release-linux-x86_64 0.4-4 3.44 29.37 32.81 NOTE
r-release-osx-x86_64-mavericks 0.4-4 NOTE
r-release-osx-x86_64-snowleopard 0.4-4 NOTE
r-release-windows-ix86+x86_64 0.4-4 12.00 60.00 72.00 NOTE
r-oldrel-windows-ix86+x86_64 0.4-4 13.00 61.00 74.00 NOTE

Check Details

Version: 0.4-4
Check: dependencies in R code
Result: NOTE
    Unexported objects imported by ':::' calls:
     ‘robustbase:::MCDcnp2’ ‘robustbase:::MCDcnp2.rew’
     ‘robustbase:::MCDcons’
     See the note in ?`:::` about the use of this operator.
    See the information on DESCRIPTION files in the chapter ‘Creating R
    packages’ of the ‘Writing R Extensions’ manual.
Flavors: r-devel-linux-x86_64-debian-clang, r-devel-linux-x86_64-debian-gcc, r-devel-linux-x86_64-fedora-clang, r-devel-linux-x86_64-fedora-gcc, r-devel-osx-x86_64-clang, r-devel-windows-ix86+x86_64, r-patched-linux-x86_64, r-patched-solaris-sparc, r-patched-solaris-x86, r-release-linux-ix86, r-release-linux-x86_64, r-release-osx-x86_64-mavericks, r-release-osx-x86_64-snowleopard, r-release-windows-ix86+x86_64, r-oldrel-windows-ix86+x86_64